000
CDUS43 KICT 140718
CLICNU

CLIMATE REPORT
NATIONAL WEATHER SERVICE WICHITA KS
117 AM CST SAT FEB 14 2015

...................................

...THE CHANUTE KS CLIMATE SUMMARY FOR FEBRUARY 13 2015...

CLIMATE NORMAL PERIOD 1981 TO 2010
CLIMATE RECORD PERIOD 1894 TO 2015


WEATHER ITEM   OBSERVED TIME   RECORD YEAR NORMAL DEPARTURE LAST
                VALUE   (LST)  VALUE       VALUE  FROM      YEAR
                                                  NORMAL
..................................................................
TEMPERATURE (F)
 YESTERDAY
  MAXIMUM         50    531 PM  77    1921  47      3       49
  MINIMUM         22    431 AM   3    1899  26     -4       24
  AVERAGE         36                        37     -1       37

PRECIPITATION (IN)
  YESTERDAY        0.00          1.25 1978   0.06  -0.06     0.00
  MONTH TO DATE    0.23                      0.76  -0.53     0.71
  SINCE DEC 1      3.23                      3.77  -0.54     0.98
  SINCE JAN 1      0.86                      2.02  -1.16     0.82

DEGREE DAYS
 HEATING
  YESTERDAY       29                        28      1       28
  MONTH TO DATE  380                       388     -8      590
  SINCE DEC 1   2172                      2335   -163     2709
  SINCE JUL 1   3114                      3187    -73     3629

 COOLING
  YESTERDAY        0                         0      0        0
  MONTH TO DATE    0                         0      0        0
  SINCE DEC 1      0                         0      0        0
  SINCE JAN 1      0                         0      0        0
..................................................................


WIND (MPH)
  HIGHEST WIND SPEED    14   HIGHEST WIND DIRECTION     S (200)
  HIGHEST GUST SPEED    16   HIGHEST GUST DIRECTION    SW (210)
  AVERAGE WIND SPEED     5.7


SKY COVER
  POSSIBLE SUNSHINE  MM
  AVERAGE SKY COVER 0.0


WEATHER CONDITIONS
 THE FOLLOWING WEATHER WAS RECORDED YESTERDAY.
  NO SIGNIFICANT WEATHER WAS OBSERVED.


RELATIVE HUMIDITY (PERCENT)
 HIGHEST    72          1100 PM
 LOWEST     36           400 PM
 AVERAGE    54

..........................................................


THE CHANUTE KS CLIMATE NORMALS FOR TODAY
                         NORMAL    RECORD    YEAR
 MAXIMUM TEMPERATURE (F)   48        76      1954
 MINIMUM TEMPERATURE (F)   27        -2      1936


SUNRISE AND SUNSET
FEBRUARY 14 2015......SUNRISE   713 AM CST   SUNSET   600 PM CST
FEBRUARY 15 2015......SUNRISE   712 AM CST   SUNSET   601 PM CST


-  INDICATES NEGATIVE NUMBERS.
R  INDICATES RECORD WAS SET OR TIED.
MM INDICATES DATA IS MISSING.
T  INDICATES TRACE AMOUNT.

$$
