000
CDUS43 KICT 010631
CLICNU


CLIMATE REPORT
NATIONAL WEATHER SERVICE WICHITA KS
130 AM CDT FRI APR 1 2016


...................................

...THE CHANUTE KS CLIMATE SUMMARY FOR MARCH 31 2016...

CLIMATE NORMAL PERIOD 1981 TO 2010
CLIMATE RECORD PERIOD 1894 TO 2016


WEATHER ITEM   OBSERVED TIME   RECORD YEAR NORMAL DEPARTURE LAST
                VALUE   (LST)  VALUE       VALUE  FROM      YEAR
                                                  NORMAL
..................................................................
TEMPERATURE (F)
 YESTERDAY
  MAXIMUM         64    448 PM  90    1940  63      1       80
  MINIMUM         43   1159 PM  20    1923  41      2       43
  AVERAGE         54                        52      2       62

PRECIPITATION (IN)
  YESTERDAY        0.00          2.10 1927   0.11  -0.11     0.00
  MONTH TO DATE    1.41                      3.04  -1.63     0.55
  SINCE MAR 1      1.41                      3.04  -1.63     0.55
  SINCE JAN 1      2.49                      6.20  -3.71     1.86

DEGREE DAYS
 HEATING
  YESTERDAY       11                        13     -2        3
  MONTH TO DATE  388                       559   -171      495
  SINCE MAR 1    388                       559   -171      495
  SINCE JUL 1   3353                      4131   -778     4185

 COOLING
  YESTERDAY        0                         0      0        0
  MONTH TO DATE    0                         4     -4        0
  SINCE MAR 1      0                         4     -4        0
  SINCE JAN 1      0                         4     -4        0
..................................................................


WIND (MPH)
  HIGHEST WIND SPEED    24   HIGHEST WIND DIRECTION     W (290)
  HIGHEST GUST SPEED    29   HIGHEST GUST DIRECTION    NW (310)
  AVERAGE WIND SPEED    13.7


SKY COVER
  POSSIBLE SUNSHINE  MM
  AVERAGE SKY COVER 0.6


WEATHER CONDITIONS
 THE FOLLOWING WEATHER WAS RECORDED YESTERDAY.
  NO SIGNIFICANT WEATHER WAS OBSERVED.


RELATIVE HUMIDITY (PERCENT)
 HIGHEST    93          1200 AM
 LOWEST     34           500 PM
 AVERAGE    64

..........................................................


THE CHANUTE KS CLIMATE NORMALS FOR TODAY
                         NORMAL    RECORD    YEAR
 MAXIMUM TEMPERATURE (F)   64        91      1946
 MINIMUM TEMPERATURE (F)   41        20      1926


SUNRISE AND SUNSET
APRIL  1 2016.........SUNRISE   707 AM CDT   SUNSET   745 PM CDT
APRIL  2 2016.........SUNRISE   705 AM CDT   SUNSET   746 PM CDT


-  INDICATES NEGATIVE NUMBERS.
R  INDICATES RECORD WAS SET OR TIED.
MM INDICATES DATA IS MISSING.
T  INDICATES TRACE AMOUNT.




$$
