000
CDUS43 KICT 200631
CLICNU


CLIMATE REPORT
NATIONAL WEATHER SERVICE WICHITA KS
130 AM CDT WED JUL 20 2016


...................................

...THE CHANUTE KS CLIMATE SUMMARY FOR JULY 19 2016...

CLIMATE NORMAL PERIOD 1981 TO 2010
CLIMATE RECORD PERIOD 1894 TO 2016


WEATHER ITEM   OBSERVED TIME   RECORD YEAR NORMAL DEPARTURE LAST
                VALUE   (LST)  VALUE       VALUE  FROM      YEAR
                                                  NORMAL
..................................................................
TEMPERATURE (F)
 YESTERDAY
  MAXIMUM         92    456 PM 110    1936  90      2       93
  MINIMUM         74    529 AM  53    2009  70      4       75
  AVERAGE         83                        80      3       84

PRECIPITATION (IN)
  YESTERDAY        0.00          1.62 1896   0.14  -0.14     0.00
  MONTH TO DATE    1.56                      2.88  -1.32     4.19
  SINCE JUN 1      4.76                      8.91  -4.15     6.56
  SINCE JAN 1     16.55                     25.31  -8.76    24.53

DEGREE DAYS
 HEATING
  YESTERDAY        0                         0      0        0
  MONTH TO DATE    0                         0      0        0
  SINCE JUN 1      0                         6     -6        0
  SINCE JUL 1      0                         0      0        0

 COOLING
  YESTERDAY       18                        15      3       19
  MONTH TO DATE  289                       272     17      277
  SINCE JUN 1    723                       564    159      668
  SINCE JAN 1    830                       697    133      777
..................................................................


WIND (MPH)
  HIGHEST WIND SPEED    13   HIGHEST WIND DIRECTION    SW (210)
  HIGHEST GUST SPEED    18   HIGHEST GUST DIRECTION     S (190)
  AVERAGE WIND SPEED     6.9


SKY COVER
  POSSIBLE SUNSHINE  MM
  AVERAGE SKY COVER 0.1


WEATHER CONDITIONS
 THE FOLLOWING WEATHER WAS RECORDED YESTERDAY.
  NO SIGNIFICANT WEATHER WAS OBSERVED.


RELATIVE HUMIDITY (PERCENT)
 HIGHEST    94           200 AM
 LOWEST     56           300 PM
 AVERAGE    75

..........................................................


THE CHANUTE KS CLIMATE NORMALS FOR TODAY
                         NORMAL    RECORD    YEAR
 MAXIMUM TEMPERATURE (F)   90       108      1934
 MINIMUM TEMPERATURE (F)   70        52      1971


SUNRISE AND SUNSET
JULY 20 2016..........SUNRISE   616 AM CDT   SUNSET   840 PM CDT
JULY 21 2016..........SUNRISE   617 AM CDT   SUNSET   839 PM CDT


-  INDICATES NEGATIVE NUMBERS.
R  INDICATES RECORD WAS SET OR TIED.
MM INDICATES DATA IS MISSING.
T  INDICATES TRACE AMOUNT.




$$
