000
CDUS43 KICT 250621
CLICNU

CLIMATE REPORT
NATIONAL WEATHER SERVICE WICHITA KS
120 AM CDT MON APR 25 2016


...................................

...THE CHANUTE KS CLIMATE SUMMARY FOR APRIL 24 2016...

CLIMATE NORMAL PERIOD 1981 TO 2010
CLIMATE RECORD PERIOD 1894 TO 2016


WEATHER ITEM   OBSERVED TIME   RECORD YEAR NORMAL DEPARTURE LAST
                VALUE   (LST)  VALUE       VALUE  FROM      YEAR
                                                  NORMAL
..................................................................
TEMPERATURE (F)
 YESTERDAY
  MAXIMUM         78    456 PM  88    1917  70      8       73
  MINIMUM         57    531 AM  29    1956  49      8       54
  AVERAGE         68                        60      8       64

PRECIPITATION (IN)
  YESTERDAY        0.00          1.51 1975   0.17  -0.17      T
  MONTH TO DATE    2.91                      3.38  -0.47     4.53
  SINCE MAR 1      4.32                      6.42  -2.10     5.08
  SINCE JAN 1      5.40                      9.58  -4.18     6.39

DEGREE DAYS
 HEATING
  YESTERDAY        0                         7     -7        1
  MONTH TO DATE  152                       237    -85      151
  SINCE MAR 1    540                       796   -256      646
  SINCE JUL 1   3505                      4368   -863     4336

 COOLING
  YESTERDAY        3                         1      2        0
  MONTH TO DATE   15                        20     -5       22
  SINCE MAR 1     15                        24     -9       22
  SINCE JAN 1     15                        24     -9       22
..................................................................


WIND (MPH)
  HIGHEST WIND SPEED    30   HIGHEST WIND DIRECTION     S (160)
  HIGHEST GUST SPEED    39   HIGHEST GUST DIRECTION     S (170)
  AVERAGE WIND SPEED    17.2


SKY COVER
  POSSIBLE SUNSHINE  MM
  AVERAGE SKY COVER 0.1


WEATHER CONDITIONS
 THE FOLLOWING WEATHER WAS RECORDED YESTERDAY.
  NO SIGNIFICANT WEATHER WAS OBSERVED.


RELATIVE HUMIDITY (PERCENT)
 HIGHEST    86           300 AM
 LOWEST     45           300 PM
 AVERAGE    66

..........................................................


THE CHANUTE KS CLIMATE NORMALS FOR TODAY
                         NORMAL    RECORD    YEAR
 MAXIMUM TEMPERATURE (F)   71        91      1901
 MINIMUM TEMPERATURE (F)   49        33      2013


SUNRISE AND SUNSET
APRIL 25 2016.........SUNRISE   633 AM CDT   SUNSET   807 PM CDT
APRIL 26 2016.........SUNRISE   632 AM CDT   SUNSET   808 PM CDT


-  INDICATES NEGATIVE NUMBERS.
R  INDICATES RECORD WAS SET OR TIED.
MM INDICATES DATA IS MISSING.
T  INDICATES TRACE AMOUNT.




$$
