000
CDUS43 KICT 240630
CLICNU


CLIMATE REPORT
NATIONAL WEATHER SERVICE WICHITA KS
130 AM CDT THU AUG 24 2017


...................................

...THE CHANUTE KS CLIMATE SUMMARY FOR AUGUST 23 2017...

CLIMATE NORMAL PERIOD 1981 TO 2010
CLIMATE RECORD PERIOD 1894 TO 2017


WEATHER ITEM   OBSERVED TIME   RECORD YEAR NORMAL DEPARTURE LAST
                VALUE   (LST)  VALUE       VALUE  FROM      YEAR
                                                  NORMAL
..................................................................
TEMPERATURE (F)
 YESTERDAY
  MAXIMUM         81    433 PM 108    1936  89     -8       87
  MINIMUM         59    550 AM  50    1923  67     -8       68
  AVERAGE         70                        78     -8       78

PRECIPITATION (IN)
  YESTERDAY        0.00          1.41 1933   0.12  -0.12     0.00
  MONTH TO DATE   11.33                      2.77   8.56     4.65
  SINCE JUN 1     15.56                     13.17   2.39    12.34
  SINCE JAN 1     36.64                     29.57   7.07    24.13

DEGREE DAYS
 HEATING
  YESTERDAY        0                         0      0        0
  MONTH TO DATE    0                         0      0        0
  SINCE JUN 1      0                         6     -6        0
  SINCE JUL 1      0                         0      0        0

 COOLING
  YESTERDAY        5                        13     -8       13
  MONTH TO DATE  257                       333    -76      321
  SINCE JUN 1   1078                      1074      4     1256
  SINCE JAN 1   1245                      1207     38     1363
..................................................................


WIND (MPH)
  HIGHEST WIND SPEED    13   HIGHEST WIND DIRECTION     E (70)
  HIGHEST GUST SPEED    19   HIGHEST GUST DIRECTION     E (110)
  AVERAGE WIND SPEED     6.8


SKY COVER
  POSSIBLE SUNSHINE  MM
  AVERAGE SKY COVER 0.0


WEATHER CONDITIONS
 THE FOLLOWING WEATHER WAS RECORDED YESTERDAY.
  NO SIGNIFICANT WEATHER WAS OBSERVED.


RELATIVE HUMIDITY (PERCENT)
 HIGHEST    84           200 AM
 LOWEST     39           500 PM
 AVERAGE    62

..........................................................


THE CHANUTE KS CLIMATE NORMALS FOR TODAY
                         NORMAL    RECORD    YEAR
 MAXIMUM TEMPERATURE (F)   89       108      1936
 MINIMUM TEMPERATURE (F)   67        54      2015
                                             1945


SUNRISE AND SUNSET
AUGUST 24 2017........SUNRISE   646 AM CDT   SUNSET   802 PM CDT
AUGUST 25 2017........SUNRISE   646 AM CDT   SUNSET   801 PM CDT


-  INDICATES NEGATIVE NUMBERS.
R  INDICATES RECORD WAS SET OR TIED.
MM INDICATES DATA IS MISSING.
T  INDICATES TRACE AMOUNT.




$$
