544
CDUS43 KICT 080622
CLICNU

CLIMATE REPORT
NATIONAL WEATHER SERVICE WICHITA KS
121 AM CDT FRI JUL 8 2016


...................................

...THE CHANUTE KS CLIMATE SUMMARY FOR JULY 7 2016...

CLIMATE NORMAL PERIOD 1981 TO 2010
CLIMATE RECORD PERIOD 1894 TO 2016


WEATHER ITEM   OBSERVED TIME   RECORD YEAR NORMAL DEPARTURE LAST
                VALUE   (LST)  VALUE       VALUE  FROM      YEAR
                                                  NORMAL
..................................................................
TEMPERATURE (F)
 YESTERDAY
  MAXIMUM         90    225 PM 105    1918  89      1       73
  MINIMUM         68   1047 PM  52    1915  69     -1       62
  AVERAGE         79                        79      0       68

PRECIPITATION (IN)
  YESTERDAY        0.02          3.55 1899   0.16  -0.14     0.25
  MONTH TO DATE    0.02                      1.11  -1.09     3.02
  SINCE JUN 1      3.22                      7.14  -3.92     5.39
  SINCE JAN 1     15.01                     23.54  -8.53    23.36

DEGREE DAYS
 HEATING
  YESTERDAY        0                         0      0        0
  MONTH TO DATE    0                         0      0        0
  SINCE JUN 1      0                         6     -6        0
  SINCE JUL 1      0                         0      0        0

 COOLING
  YESTERDAY       14                        14      0        3
  MONTH TO DATE  102                        96      6       87
  SINCE JUN 1    536                       388    148      478
  SINCE JAN 1    643                       521    122      587
..................................................................


WIND (MPH)
  HIGHEST WIND SPEED    33   HIGHEST WIND DIRECTION     W (260)
  HIGHEST GUST SPEED    43   HIGHEST GUST DIRECTION     W (250)
  AVERAGE WIND SPEED    11.7


SKY COVER
  POSSIBLE SUNSHINE  MM
  AVERAGE SKY COVER 0.5


WEATHER CONDITIONS
 THE FOLLOWING WEATHER WAS RECORDED YESTERDAY.
  THUNDERSTORM
  HEAVY RAIN
  LIGHT RAIN
  FOG


RELATIVE HUMIDITY (PERCENT)
 HIGHEST    88           600 AM
 LOWEST     68           200 PM
 AVERAGE    78

..........................................................


THE CHANUTE KS CLIMATE NORMALS FOR TODAY
                         NORMAL    RECORD    YEAR
 MAXIMUM TEMPERATURE (F)   89       105      1917
 MINIMUM TEMPERATURE (F)   69        56      1952


SUNRISE AND SUNSET
JULY  8 2016..........SUNRISE   608 AM CDT   SUNSET   846 PM CDT
JULY  9 2016..........SUNRISE   609 AM CDT   SUNSET   846 PM CDT


-  INDICATES NEGATIVE NUMBERS.
R  INDICATES RECORD WAS SET OR TIED.
MM INDICATES DATA IS MISSING.
T  INDICATES TRACE AMOUNT.




$$
