000
CDUS43 KICT 090620
CLICNU

CLIMATE REPORT
NATIONAL WEATHER SERVICE WICHITA KS
1219 AM CST THU MAR 9 2017


...................................

...THE CHANUTE KS CLIMATE SUMMARY FOR MARCH 8 2017...

CLIMATE NORMAL PERIOD 1981 TO 2010
CLIMATE RECORD PERIOD 1894 TO 2017


WEATHER ITEM   OBSERVED TIME   RECORD YEAR NORMAL DEPARTURE LAST
                VALUE   (LST)  VALUE       VALUE  FROM      YEAR
                                                  NORMAL
..................................................................
TEMPERATURE (F)
 YESTERDAY
  MAXIMUM         72    402 PM  82    1925  55     17       66
  MINIMUM         31    218 AM   3    1996  34     -3       54
  AVERAGE         52                        44      8       60

PRECIPITATION (IN)
  YESTERDAY        0.00          1.67 1958   0.09  -0.09     0.47
  MONTH TO DATE    0.23                      0.74  -0.51     0.49
  SINCE MAR 1      0.23                      0.74  -0.51     0.49
  SINCE JAN 1      2.38                      3.90  -1.52     1.57

DEGREE DAYS
 HEATING
  YESTERDAY       13                        21     -8        5
  MONTH TO DATE  106                       175    -69       94
  SINCE MAR 1    106                       175    -69       94
  SINCE JUL 1   2874                      3747   -873     3059

 COOLING
  YESTERDAY        0                         0      0        0
  MONTH TO DATE    0                         0      0        0
  SINCE MAR 1      0                         0      0        0
  SINCE JAN 1      3                         0      3        0
..................................................................


WIND (MPH)
  HIGHEST WIND SPEED    26   HIGHEST WIND DIRECTION     S (190)
  HIGHEST GUST SPEED    35   HIGHEST GUST DIRECTION     S (170)
  AVERAGE WIND SPEED     9.9


SKY COVER
  POSSIBLE SUNSHINE  MM
  AVERAGE SKY COVER 0.0


WEATHER CONDITIONS
 THE FOLLOWING WEATHER WAS RECORDED YESTERDAY.
  NO SIGNIFICANT WEATHER WAS OBSERVED.


RELATIVE HUMIDITY (PERCENT)
 HIGHEST    70           600 AM
 LOWEST     14           400 PM
 AVERAGE    42

..........................................................


THE CHANUTE KS CLIMATE NORMALS FOR TODAY
                         NORMAL    RECORD    YEAR
 MAXIMUM TEMPERATURE (F)   56        79      1899
 MINIMUM TEMPERATURE (F)   34         8      1996


SUNRISE AND SUNSET
MARCH  9 2017.........SUNRISE   641 AM CST   SUNSET   624 PM CST
MARCH 10 2017.........SUNRISE   640 AM CST   SUNSET   625 PM CST


-  INDICATES NEGATIVE NUMBERS.
R  INDICATES RECORD WAS SET OR TIED.
MM INDICATES DATA IS MISSING.
T  INDICATES TRACE AMOUNT.




$$
