000
CDUS43 KICT 170633
CLICNU


CLIMATE REPORT
NATIONAL WEATHER SERVICE WICHITA KS
131 AM CDT TUE OCT 17 2017


...................................

...THE CHANUTE KS CLIMATE SUMMARY FOR OCTOBER 16 2017...

CLIMATE NORMAL PERIOD 1981 TO 2010
CLIMATE RECORD PERIOD 1894 TO 2017


WEATHER ITEM   OBSERVED TIME   RECORD YEAR NORMAL DEPARTURE LAST
                VALUE   (LST)  VALUE       VALUE  FROM      YEAR
                                                  NORMAL
..................................................................
TEMPERATURE (F)
 YESTERDAY
  MAXIMUM         68    338 PM  88    1995  69     -1       86
  MINIMUM         38    542 AM  28    1943  47     -9       67
  AVERAGE         53                        58     -5       77

PRECIPITATION (IN)
  YESTERDAY        0.00          2.42 2000   0.12  -0.12     0.00
  MONTH TO DATE    3.71                      2.13   1.58     3.10
  SINCE SEP 1      7.30                      5.80   1.50    10.01
  SINCE JAN 1     43.94                     36.29   7.65    35.24

DEGREE DAYS
 HEATING
  YESTERDAY       12                         8      4        0
  MONTH TO DATE   45                        94    -49       48
  SINCE SEP 1     52                       140    -88       59
  SINCE JUL 1     52                       141    -89       59

 COOLING
  YESTERDAY        0                         1     -1       12
  MONTH TO DATE   78                        24     54       39
  SINCE SEP 1    308                       217     91      300
  SINCE JAN 1   1615                      1521     94     1781
..................................................................


WIND (MPH)
  HIGHEST WIND SPEED    13   HIGHEST WIND DIRECTION     S (190)
  HIGHEST GUST SPEED    16   HIGHEST GUST DIRECTION     S (170)
  AVERAGE WIND SPEED     5.1


SKY COVER
  POSSIBLE SUNSHINE  MM
  AVERAGE SKY COVER 0.0


WEATHER CONDITIONS
 THE FOLLOWING WEATHER WAS RECORDED YESTERDAY.
  NO SIGNIFICANT WEATHER WAS OBSERVED.


RELATIVE HUMIDITY (PERCENT)
 HIGHEST    93           400 AM
 LOWEST     34           200 PM
 AVERAGE    64

..........................................................


THE CHANUTE KS CLIMATE NORMALS FOR TODAY
                         NORMAL    RECORD    YEAR
 MAXIMUM TEMPERATURE (F)   69        88      2016
 MINIMUM TEMPERATURE (F)   47        29      1976
                                             2002


SUNRISE AND SUNSET
OCTOBER 17 2017.......SUNRISE   732 AM CDT   SUNSET   641 PM CDT
OCTOBER 18 2017.......SUNRISE   733 AM CDT   SUNSET   640 PM CDT


-  INDICATES NEGATIVE NUMBERS.
R  INDICATES RECORD WAS SET OR TIED.
MM INDICATES DATA IS MISSING.
T  INDICATES TRACE AMOUNT.




$$
