116
CDUS43 KICT 070636
CLICNU


CLIMATE REPORT
NATIONAL WEATHER SERVICE WICHITA KS
135 AM CDT SUN MAY 7 2017


...................................

...THE CHANUTE KS CLIMATE SUMMARY FOR MAY 6 2017...

CLIMATE NORMAL PERIOD 1981 TO 2010
CLIMATE RECORD PERIOD 1894 TO 2017


WEATHER ITEM   OBSERVED TIME   RECORD YEAR NORMAL DEPARTURE LAST
                VALUE   (LST)  VALUE       VALUE  FROM      YEAR
                                                  NORMAL
..................................................................
TEMPERATURE (F)
 YESTERDAY
  MAXIMUM         85    405 PM  91    1909  74     11       80
  MINIMUM         46    453 AM  30    1944  53     -7       46
  AVERAGE         66                        63      3       63

PRECIPITATION (IN)
  YESTERDAY        0.00          1.59 1929   0.16  -0.16     0.00
  MONTH TO DATE    1.39                      0.95   0.44      T
  SINCE MAR 1     14.43                      8.39   6.04     6.88
  SINCE JAN 1     16.58                     11.55   5.03     7.96

DEGREE DAYS
 HEATING
  YESTERDAY        0                         4     -4        2
  MONTH TO DATE   41                        26     15       48
  SINCE MAR 1    660                       856   -196      611
  SINCE JUL 1   3428                      4428  -1000     3576

 COOLING
  YESTERDAY        1                         2     -1        0
  MONTH TO DATE    1                        10     -9        0
  SINCE MAR 1     56                        41     15       24
  SINCE JAN 1     59                        41     18       24
..................................................................


WIND (MPH)
  HIGHEST WIND SPEED    18   HIGHEST WIND DIRECTION     W (260)
  HIGHEST GUST SPEED    28   HIGHEST GUST DIRECTION    SW (240)
  AVERAGE WIND SPEED     7.0


SKY COVER
  POSSIBLE SUNSHINE  MM
  AVERAGE SKY COVER 0.0


WEATHER CONDITIONS
 THE FOLLOWING WEATHER WAS RECORDED YESTERDAY.
  NO SIGNIFICANT WEATHER WAS OBSERVED.


RELATIVE HUMIDITY (PERCENT)
 HIGHEST    86           500 AM
 LOWEST     29           400 PM
 AVERAGE    58

..........................................................


THE CHANUTE KS CLIMATE NORMALS FOR TODAY
                         NORMAL    RECORD    YEAR
 MAXIMUM TEMPERATURE (F)   74        91      1934
 MINIMUM TEMPERATURE (F)   53        36      1989


SUNRISE AND SUNSET
MAY  7 2017...........SUNRISE   620 AM CDT   SUNSET   818 PM CDT
MAY  8 2017...........SUNRISE   619 AM CDT   SUNSET   819 PM CDT


-  INDICATES NEGATIVE NUMBERS.
R  INDICATES RECORD WAS SET OR TIED.
MM INDICATES DATA IS MISSING.
T  INDICATES TRACE AMOUNT.




$$
