000
CDUS43 KICT 180644
CLICNU

CLIMATE REPORT
NATIONAL WEATHER SERVICE WICHITA KS
142 AM CDT SAT JUN 18 2016

...................................

...THE CHANUTE KS CLIMATE SUMMARY FOR JUNE 17 2016...

CLIMATE NORMAL PERIOD 1981 TO 2010
CLIMATE RECORD PERIOD 1894 TO 2016


WEATHER ITEM   OBSERVED TIME   RECORD YEAR NORMAL DEPARTURE LAST
                VALUE   (LST)  VALUE       VALUE  FROM      YEAR
                                                  NORMAL
..................................................................
TEMPERATURE (F)
 YESTERDAY
  MAXIMUM         96    457 PM 103    1918  85     11       80
  MINIMUM         77    554 AM  50    1999  65     12       72
  AVERAGE         87                        75     12       76

PRECIPITATION (IN)
  YESTERDAY        0.00          3.01 1912   0.19  -0.19      T
  MONTH TO DATE    0.96                      3.76  -2.80     2.12
  SINCE JUN 1      0.96                      3.76  -2.80     2.12
  SINCE JAN 1     12.75                     20.16  -7.41    20.09

DEGREE DAYS
 HEATING
  YESTERDAY        0                         0      0        0
  MONTH TO DATE    0                         4     -4        0
  SINCE JUN 1      0                         4     -4        0
  SINCE JUL 1   3647                      4481   -834     4455

 COOLING
  YESTERDAY       22                        10     12       11
  MONTH TO DATE  210                       138     72      205
  SINCE JUN 1    210                       138     72      205
  SINCE JAN 1    317                       271     46      314
..................................................................


WIND (MPH)
  HIGHEST WIND SPEED    12   HIGHEST WIND DIRECTION    SE (150)
  HIGHEST GUST SPEED    17   HIGHEST GUST DIRECTION    SE (150)
  AVERAGE WIND SPEED     6.3


SKY COVER
  POSSIBLE SUNSHINE  MM
  AVERAGE SKY COVER 0.0


WEATHER CONDITIONS
 THE FOLLOWING WEATHER WAS RECORDED YESTERDAY.
  FOG


RELATIVE HUMIDITY (PERCENT)
 HIGHEST    94           500 AM
 LOWEST     49           500 PM
 AVERAGE    72

..........................................................


THE CHANUTE KS CLIMATE NORMALS FOR TODAY
                         NORMAL    RECORD    YEAR
 MAXIMUM TEMPERATURE (F)   85       104      1918
 MINIMUM TEMPERATURE (F)   66        52      2000


SUNRISE AND SUNSET
JUNE 18 2016..........SUNRISE   600 AM CDT   SUNSET   846 PM CDT
JUNE 19 2016..........SUNRISE   600 AM CDT   SUNSET   847 PM CDT


-  INDICATES NEGATIVE NUMBERS.
R  INDICATES RECORD WAS SET OR TIED.
MM INDICATES DATA IS MISSING.
T  INDICATES TRACE AMOUNT.

$$
