000
CDUS43 KICT 130628
CLICNU


CLIMATE REPORT
NATIONAL WEATHER SERVICE WICHITA KS
1228 AM CST TUE DEC 13 2016


...................................

...THE CHANUTE KS CLIMATE SUMMARY FOR DECEMBER 12 2016...

CLIMATE NORMAL PERIOD 1981 TO 2010
CLIMATE RECORD PERIOD 1894 TO 2016


WEATHER ITEM   OBSERVED TIME   RECORD YEAR NORMAL DEPARTURE LAST
                VALUE   (LST)  VALUE       VALUE  FROM      YEAR
                                                  NORMAL
..................................................................
TEMPERATURE (F)
 YESTERDAY
  MAXIMUM         36    406 PM  71    2015  44     -8       71
  MINIMUM         19    747 AM  -6    1932  26     -7       53
  AVERAGE         28                        35     -7       62

PRECIPITATION (IN)
  YESTERDAY        0.00          1.16 1923   0.05  -0.05     0.04
  MONTH TO DATE    0.37                      0.75  -0.38     0.04
  SINCE DEC 1      0.37                      0.75  -0.38     0.04
  SINCE JAN 1     36.49                     41.07  -4.58    39.73

DEGREE DAYS
 HEATING
  YESTERDAY       37                        30      7        3
  MONTH TO DATE  360                       338     22      226
  SINCE DEC 1    360                       338     22      226
  SINCE JUL 1    838                      1190   -352      869

 COOLING
  YESTERDAY        0                         0      0        0
  MONTH TO DATE    0                         0      0        0
  SINCE DEC 1      0                         0      0        0
  SINCE JAN 1   1846                      1532    314     1612
..................................................................


WIND (MPH)
  HIGHEST WIND SPEED    14   HIGHEST WIND DIRECTION     N (350)
  HIGHEST GUST SPEED    18   HIGHEST GUST DIRECTION     N (350)
  AVERAGE WIND SPEED     5.3


SKY COVER
  POSSIBLE SUNSHINE  MM
  AVERAGE SKY COVER 0.1


WEATHER CONDITIONS
 THE FOLLOWING WEATHER WAS RECORDED YESTERDAY.
  NO SIGNIFICANT WEATHER WAS OBSERVED.


RELATIVE HUMIDITY (PERCENT)
 HIGHEST    88           300 AM
 LOWEST     64           300 PM
 AVERAGE    76

..........................................................


THE CHANUTE KS CLIMATE NORMALS FOR TODAY
                         NORMAL    RECORD    YEAR
 MAXIMUM TEMPERATURE (F)   44        73      1921
 MINIMUM TEMPERATURE (F)   25        -3      1917


SUNRISE AND SUNSET
DECEMBER 13 2016......SUNRISE   729 AM CST   SUNSET   504 PM CST
DECEMBER 14 2016......SUNRISE   729 AM CST   SUNSET   504 PM CST


-  INDICATES NEGATIVE NUMBERS.
R  INDICATES RECORD WAS SET OR TIED.
MM INDICATES DATA IS MISSING.
T  INDICATES TRACE AMOUNT.




$$
