000
CDUS43 KICT 200637
CLICNU


CLIMATE REPORT
NATIONAL WEATHER SERVICE WICHITA KS
1237 AM CST SAT JAN 20 2018


...................................

...THE CHANUTE KS CLIMATE SUMMARY FOR JANUARY 19 2018...

CLIMATE NORMAL PERIOD 1981 TO 2010
CLIMATE RECORD PERIOD 1894 TO 2018


WEATHER ITEM   OBSERVED TIME   RECORD YEAR NORMAL DEPARTURE LAST
                VALUE   (LST)  VALUE       VALUE  FROM      YEAR
                                                  NORMAL
..................................................................
TEMPERATURE (F)
 YESTERDAY
  MAXIMUM         53    332 PM  70    1951  42     11       51
  MINIMUM         28    745 AM -16    1943  23      5       44
  AVERAGE         41                        32      9       48

PRECIPITATION (IN)
  YESTERDAY        0.00          1.27 1990   0.04  -0.04     0.00
  MONTH TO DATE    0.10                      0.74  -0.64     1.39
  SINCE DEC 1      0.34                      2.49  -2.15     2.17
  SINCE JAN 1      0.10                      0.74  -0.64     1.39

DEGREE DAYS
 HEATING
  YESTERDAY       24                        33     -9       17
  MONTH TO DATE  607                       627    -20      572
  SINCE DEC 1   1469                      1568    -99     1514
  SINCE JUL 1   2170                      2420   -250     1992

 COOLING
  YESTERDAY        0                         0      0        0
  MONTH TO DATE    0                         0      0        0
  SINCE DEC 1      0                         0      0        0
  SINCE JAN 1      0                         0      0        0
..................................................................


WIND (MPH)
  HIGHEST WIND SPEED    23   HIGHEST WIND DIRECTION     S (190)
  HIGHEST GUST SPEED    27   HIGHEST GUST DIRECTION     S (180)
  AVERAGE WIND SPEED    15.2


SKY COVER
  POSSIBLE SUNSHINE  MM
  AVERAGE SKY COVER 0.0


WEATHER CONDITIONS
 THE FOLLOWING WEATHER WAS RECORDED YESTERDAY.
  NO SIGNIFICANT WEATHER WAS OBSERVED.


RELATIVE HUMIDITY (PERCENT)
 HIGHEST    70          1100 PM
 LOWEST     35           300 PM
 AVERAGE    53

..........................................................


THE CHANUTE KS CLIMATE NORMALS FOR TODAY
                         NORMAL    RECORD    YEAR
 MAXIMUM TEMPERATURE (F)   42        71      1986
 MINIMUM TEMPERATURE (F)   23       -10      1985


SUNRISE AND SUNSET
JANUARY 20 2018.......SUNRISE   734 AM CST   SUNSET   533 PM CST
JANUARY 21 2018.......SUNRISE   733 AM CST   SUNSET   534 PM CST


-  INDICATES NEGATIVE NUMBERS.
R  INDICATES RECORD WAS SET OR TIED.
MM INDICATES DATA IS MISSING.
T  INDICATES TRACE AMOUNT.




$$
