000
CDUS43 KICT 170637
CLICNU

CLIMATE REPORT
NATIONAL WEATHER SERVICE WICHITA KS
135 AM CDT FRI JUN 17 2016

...................................

...THE CHANUTE KS CLIMATE SUMMARY FOR JUNE 16 2016...

CLIMATE NORMAL PERIOD 1981 TO 2010
CLIMATE RECORD PERIOD 1894 TO 2016


WEATHER ITEM   OBSERVED TIME   RECORD YEAR NORMAL DEPARTURE LAST
                VALUE   (LST)  VALUE       VALUE  FROM      YEAR
                                                  NORMAL
..................................................................
TEMPERATURE (F)
 YESTERDAY
  MAXIMUM         95    339 PM 102    1918  85     10       83
  MINIMUM         70    529 AM  47    1917  65      5       68
  AVERAGE         83                        75      8       76

PRECIPITATION (IN)
  YESTERDAY        0.05          2.55 1928   0.20  -0.15     0.11
  MONTH TO DATE    0.96                      3.57  -2.61     2.12
  SINCE JUN 1      0.96                      3.57  -2.61     2.12
  SINCE JAN 1     12.75                     19.97  -7.22    20.09

DEGREE DAYS
 HEATING
  YESTERDAY        0                         0      0        0
  MONTH TO DATE    0                         4     -4        0
  SINCE JUN 1      0                         4     -4        0
  SINCE JUL 1   3647                      4481   -834     4455

 COOLING
  YESTERDAY       18                        10      8       11
  MONTH TO DATE  188                       128     60      194
  SINCE JUN 1    188                       128     60      194
  SINCE JAN 1    295                       261     34      303
..................................................................


WIND (MPH)
  HIGHEST WIND SPEED    18   HIGHEST WIND DIRECTION     S (190)
  HIGHEST GUST SPEED    23   HIGHEST GUST DIRECTION     N (360)
  AVERAGE WIND SPEED     8.3


SKY COVER
  POSSIBLE SUNSHINE  MM
  AVERAGE SKY COVER 0.0


WEATHER CONDITIONS
 THE FOLLOWING WEATHER WAS RECORDED YESTERDAY.
  THUNDERSTORM
  HEAVY RAIN
  LIGHT RAIN
  FOG


RELATIVE HUMIDITY (PERCENT)
 HIGHEST    91          1100 PM
 LOWEST     52           400 PM
 AVERAGE    72

..........................................................


THE CHANUTE KS CLIMATE NORMALS FOR TODAY
                         NORMAL    RECORD    YEAR
 MAXIMUM TEMPERATURE (F)   85       103      1918
 MINIMUM TEMPERATURE (F)   65        50      1999


SUNRISE AND SUNSET
JUNE 17 2016..........SUNRISE   600 AM CDT   SUNSET   846 PM CDT
JUNE 18 2016..........SUNRISE   600 AM CDT   SUNSET   846 PM CDT


-  INDICATES NEGATIVE NUMBERS.
R  INDICATES RECORD WAS SET OR TIED.
MM INDICATES DATA IS MISSING.
T  INDICATES TRACE AMOUNT.

$$
