000
CDUS43 KICT 210620
CLICNU


CLIMATE REPORT
NATIONAL WEATHER SERVICE WICHITA KS
120 AM CDT SAT JUN 21 2014


...................................

...THE CHANUTE KS CLIMATE SUMMARY FOR JUNE 20 2014...

CLIMATE NORMAL PERIOD 1981 TO 2010
CLIMATE RECORD PERIOD 1894 TO 2014


WEATHER ITEM   OBSERVED TIME   RECORD YEAR NORMAL DEPARTURE LAST
                VALUE   (LST)  VALUE       VALUE  FROM      YEAR
                                                  NORMAL
..................................................................
TEMPERATURE (F)
 YESTERDAY
  MAXIMUM         90    225 PM 108    1918  86      4       89
  MINIMUM         70    528 AM  50    1976  66      4       69
  AVERAGE         80                        76      4       79

PRECIPITATION (IN)
  YESTERDAY        0.00          1.79 1978   0.18  -0.18     0.00
  MONTH TO DATE    6.21                      4.30   1.91     4.12
  SINCE JUN 1      6.21                      4.30   1.91     4.12
  SINCE JAN 1     15.67                     20.70  -5.03    22.68

DEGREE DAYS
 HEATING
  YESTERDAY        0                         0      0        0
  MONTH TO DATE    0                         4     -4       10
  SINCE JUN 1      0                         4     -4       10
  SINCE JUL 1   5090                      4481    609     4322

 COOLING
  YESTERDAY       15                        11      4       14
  MONTH TO DATE  177                       171      6      159
  SINCE JUN 1    177                       171      6      159
  SINCE JAN 1    369                       304     65      282
..................................................................


WIND (MPH)
  HIGHEST WIND SPEED    17   HIGHEST WIND DIRECTION    SW (220)
  HIGHEST GUST SPEED    22   HIGHEST GUST DIRECTION    SW (220)
  AVERAGE WIND SPEED     7.3


SKY COVER
  POSSIBLE SUNSHINE  MM
  AVERAGE SKY COVER 0.0


WEATHER CONDITIONS
 THE FOLLOWING WEATHER WAS RECORDED YESTERDAY.
  THUNDERSTORM
  HAZE


RELATIVE HUMIDITY (PERCENT)
 HIGHEST    93          1200 AM
 LOWEST     50           500 PM
 AVERAGE    72

..........................................................


THE CHANUTE KS CLIMATE NORMALS FOR TODAY
                         NORMAL    RECORD    YEAR
 MAXIMUM TEMPERATURE (F)   86       105      1936
 MINIMUM TEMPERATURE (F)   66        52      1961


SUNRISE AND SUNSET
JUNE 21 2014..........SUNRISE   601 AM CDT   SUNSET   847 PM CDT
JUNE 22 2014..........SUNRISE   601 AM CDT   SUNSET   847 PM CDT


-  INDICATES NEGATIVE NUMBERS.
R  INDICATES RECORD WAS SET OR TIED.
MM INDICATES DATA IS MISSING.
T  INDICATES TRACE AMOUNT.




$$
