000
CDUS43 KICT 150639
CLICNU


CLIMATE REPORT
NATIONAL WEATHER SERVICE WICHITA KS
1239 AM CST MON JAN 15 2018


...................................

...THE CHANUTE KS CLIMATE SUMMARY FOR JANUARY 14 2018...

CLIMATE NORMAL PERIOD 1981 TO 2010
CLIMATE RECORD PERIOD 1894 TO 2018


WEATHER ITEM   OBSERVED TIME   RECORD YEAR NORMAL DEPARTURE LAST
                VALUE   (LST)  VALUE       VALUE  FROM      YEAR
                                                  NORMAL
..................................................................
TEMPERATURE (F)
 YESTERDAY
  MAXIMUM         42    449 PM  71    1928  42      0       33
  MINIMUM         23    833 AM  -6    1979  23      0       27
  AVERAGE         33                        32      1       30

PRECIPITATION (IN)
  YESTERDAY        0.01          0.54 1960   0.04  -0.03     0.35
  MONTH TO DATE    0.01                      0.54  -0.53     0.48
  SINCE DEC 1      0.25                      2.29  -2.04     1.26
  SINCE JAN 1      0.01                      0.54  -0.53     0.48

DEGREE DAYS
 HEATING
  YESTERDAY       32                        33     -1       35
  MONTH TO DATE  403                       462    -59      455
  SINCE DEC 1   1265                      1403   -138     1397
  SINCE JUL 1   1966                      2255   -289     1875

 COOLING
  YESTERDAY        0                         0      0        0
  MONTH TO DATE    0                         0      0        0
  SINCE DEC 1      0                         0      0        0
  SINCE JAN 1      0                         0      0        0
..................................................................


WIND (MPH)
  HIGHEST WIND SPEED    17   HIGHEST WIND DIRECTION     S (200)
  HIGHEST GUST SPEED    22   HIGHEST GUST DIRECTION     S (190)
  AVERAGE WIND SPEED     9.6


SKY COVER
  POSSIBLE SUNSHINE  MM
  AVERAGE SKY COVER 0.8


WEATHER CONDITIONS
 THE FOLLOWING WEATHER WAS RECORDED YESTERDAY.
  SNOW
  LIGHT SNOW
  FOG


RELATIVE HUMIDITY (PERCENT)
 HIGHEST    88           700 AM
 LOWEST     36           400 PM
 AVERAGE    62

..........................................................


THE CHANUTE KS CLIMATE NORMALS FOR TODAY
                         NORMAL    RECORD    YEAR
 MAXIMUM TEMPERATURE (F)   42        67      2006
 MINIMUM TEMPERATURE (F)   23        -6      1927


SUNRISE AND SUNSET
JANUARY 15 2018.......SUNRISE   736 AM CST   SUNSET   527 PM CST
JANUARY 16 2018.......SUNRISE   735 AM CST   SUNSET   528 PM CST


-  INDICATES NEGATIVE NUMBERS.
R  INDICATES RECORD WAS SET OR TIED.
MM INDICATES DATA IS MISSING.
T  INDICATES TRACE AMOUNT.




$$
