000
CDUS43 KICT 130630
CLICNU

CLIMATE REPORT
NATIONAL WEATHER SERVICE WICHITA KS
1229 AM CST WED DEC 13 2017


...................................

...THE CHANUTE KS CLIMATE SUMMARY FOR DECEMBER 12 2017...

CLIMATE NORMAL PERIOD 1981 TO 2010
CLIMATE RECORD PERIOD 1894 TO 2017


WEATHER ITEM   OBSERVED TIME   RECORD YEAR NORMAL DEPARTURE LAST
                VALUE   (LST)  VALUE       VALUE  FROM      YEAR
                                                  NORMAL
..................................................................
TEMPERATURE (F)
 YESTERDAY
  MAXIMUM         47    347 PM  71    2015  44      3       36
  MINIMUM         25    713 AM  -6    1932  26     -1       19
  AVERAGE         36                        35      1       28

PRECIPITATION (IN)
  YESTERDAY        0.00          1.16 1923   0.05  -0.05     0.00
  MONTH TO DATE    0.00                      0.75  -0.75     0.37
  SINCE DEC 1      0.00                      0.75  -0.75     0.37
  SINCE JAN 1     46.05                     41.07   4.98    36.49

DEGREE DAYS
 HEATING
  YESTERDAY       29                        30     -1       37
  MONTH TO DATE  279                       338    -59      360
  SINCE DEC 1    279                       338    -59      360
  SINCE JUL 1    980                      1190   -210      838

 COOLING
  YESTERDAY        0                         0      0        0
  MONTH TO DATE    0                         0      0        0
  SINCE DEC 1      0                         0      0        0
  SINCE JAN 1   1619                      1532     87     1846
..................................................................


WIND (MPH)
  HIGHEST WIND SPEED    21   HIGHEST WIND DIRECTION     N (340)
  HIGHEST GUST SPEED    27   HIGHEST GUST DIRECTION     N (340)
  AVERAGE WIND SPEED     9.2


SKY COVER
  POSSIBLE SUNSHINE  MM
  AVERAGE SKY COVER 0.0


WEATHER CONDITIONS
 THE FOLLOWING WEATHER WAS RECORDED YESTERDAY.
  NO SIGNIFICANT WEATHER WAS OBSERVED.


RELATIVE HUMIDITY (PERCENT)
 HIGHEST    75           600 AM
 LOWEST     34          1200 PM
 AVERAGE    55

..........................................................


THE CHANUTE KS CLIMATE NORMALS FOR TODAY
                         NORMAL    RECORD    YEAR
 MAXIMUM TEMPERATURE (F)   44        73      1921
 MINIMUM TEMPERATURE (F)   25        -3      1917


SUNRISE AND SUNSET
DECEMBER 13 2017......SUNRISE   729 AM CST   SUNSET   504 PM CST
DECEMBER 14 2017......SUNRISE   729 AM CST   SUNSET   504 PM CST


-  INDICATES NEGATIVE NUMBERS.
R  INDICATES RECORD WAS SET OR TIED.
MM INDICATES DATA IS MISSING.
T  INDICATES TRACE AMOUNT.




$$
