000
CDUS43 KICT 090622
CLICNU


CLIMATE REPORT
NATIONAL WEATHER SERVICE WICHITA KS
121 AM CDT SAT AUG 9 2014


...................................

...THE CHANUTE KS CLIMATE SUMMARY FOR AUGUST 8 2014...

CLIMATE NORMAL PERIOD 1981 TO 2010
CLIMATE RECORD PERIOD 1894 TO 2014


WEATHER ITEM   OBSERVED TIME   RECORD YEAR NORMAL DEPARTURE LAST
                VALUE   (LST)  VALUE       VALUE  FROM      YEAR
                                                  NORMAL
..................................................................
TEMPERATURE (F)
 YESTERDAY
  MAXIMUM         89    232 PM 108    1970  91     -2       81
  MINIMUM         71    640 AM  52    1989  69      2       69
  AVERAGE         80                        80      0       75

PRECIPITATION (IN)
  YESTERDAY        T             2.60 1927   0.11  -0.11     0.46
  MONTH TO DATE    1.00                      0.92   0.08     3.67
  SINCE JUN 1     10.66                     11.32  -0.66    16.82
  SINCE JAN 1     20.12                     27.72  -7.60    35.38

DEGREE DAYS
 HEATING
  YESTERDAY        0                         0      0        0
  MONTH TO DATE    0                         0      0        0
  SINCE JUN 1      1                         6     -5       10
  SINCE JUL 1      1                         0      1        0

 COOLING
  YESTERDAY       15                        15      0       10
  MONTH TO DATE  106                       120    -14      113
  SINCE JUN 1    714                       861   -147      854
  SINCE JAN 1    906                       994    -88      977
..................................................................


WIND (MPH)
  HIGHEST WIND SPEED    12   HIGHEST WIND DIRECTION     N (20)
  HIGHEST GUST SPEED    28   HIGHEST GUST DIRECTION    NE (60)
  AVERAGE WIND SPEED     4.6


SKY COVER
  POSSIBLE SUNSHINE  MM
  AVERAGE SKY COVER 0.1


WEATHER CONDITIONS
 THE FOLLOWING WEATHER WAS RECORDED YESTERDAY.
  FOG


RELATIVE HUMIDITY (PERCENT)
 HIGHEST    93           100 AM
 LOWEST     55           200 PM
 AVERAGE    74

..........................................................


THE CHANUTE KS CLIMATE NORMALS FOR TODAY
                         NORMAL    RECORD    YEAR
 MAXIMUM TEMPERATURE (F)   91       113      1936
 MINIMUM TEMPERATURE (F)   69        53      1989


SUNRISE AND SUNSET
AUGUST  9 2014........SUNRISE   633 AM CDT   SUNSET   822 PM CDT
AUGUST 10 2014........SUNRISE   633 AM CDT   SUNSET   821 PM CDT


-  INDICATES NEGATIVE NUMBERS.
R  INDICATES RECORD WAS SET OR TIED.
MM INDICATES DATA IS MISSING.
T  INDICATES TRACE AMOUNT.




$$
