000
CDUS43 KICT 070633
CLICNU


CLIMATE REPORT
NATIONAL WEATHER SERVICE WICHITA KS
133 AM CDT THU MAY 7 2015


...................................

...THE CHANUTE KS CLIMATE SUMMARY FOR MAY 6 2015...

CLIMATE NORMAL PERIOD 1981 TO 2010
CLIMATE RECORD PERIOD 1894 TO 2015


WEATHER ITEM   OBSERVED TIME   RECORD YEAR NORMAL DEPARTURE LAST
                VALUE   (LST)  VALUE       VALUE  FROM      YEAR
                                                  NORMAL
..................................................................
TEMPERATURE (F)
 YESTERDAY
  MAXIMUM         77    449 PM  91    1909  74      3       85
  MINIMUM         61    801 AM  30    1944  53      8       63
  AVERAGE         69                        63      6       74

PRECIPITATION (IN)
  YESTERDAY        0.13          1.59 1929   0.16  -0.03     0.00
  MONTH TO DATE    0.25                      0.95  -0.70     0.00
  SINCE MAR 1      5.33                      8.39  -3.06     2.97
  SINCE JAN 1      6.64                     11.55  -4.91     3.94

DEGREE DAYS
 HEATING
  YESTERDAY        0                         4     -4        0
  MONTH TO DATE    7                        26    -19       29
  SINCE MAR 1    689                       856   -167     1002
  SINCE JUL 1   4379                      4428    -49     5022

 COOLING
  YESTERDAY        4                         2      2        9
  MONTH TO DATE   21                        10     11       34
  SINCE MAR 1     43                        41      2       50
  SINCE JAN 1     43                        41      2       50
..................................................................


WIND (MPH)
  HIGHEST WIND SPEED    28   HIGHEST WIND DIRECTION     S (160)
  HIGHEST GUST SPEED    36   HIGHEST GUST DIRECTION    SE (150)
  AVERAGE WIND SPEED    17.4


SKY COVER
  POSSIBLE SUNSHINE  MM
  AVERAGE SKY COVER 0.8


WEATHER CONDITIONS
 THE FOLLOWING WEATHER WAS RECORDED YESTERDAY.
  LIGHT RAIN
  FOG


RELATIVE HUMIDITY (PERCENT)
 HIGHEST    87           400 AM
 LOWEST     61           800 PM
 AVERAGE    74

..........................................................


THE CHANUTE KS CLIMATE NORMALS FOR TODAY
                         NORMAL    RECORD    YEAR
 MAXIMUM TEMPERATURE (F)   74        91      1934
 MINIMUM TEMPERATURE (F)   53        36      1989


SUNRISE AND SUNSET
MAY  7 2015...........SUNRISE   620 AM CDT   SUNSET   817 PM CDT
MAY  8 2015...........SUNRISE   619 AM CDT   SUNSET   818 PM CDT


-  INDICATES NEGATIVE NUMBERS.
R  INDICATES RECORD WAS SET OR TIED.
MM INDICATES DATA IS MISSING.
T  INDICATES TRACE AMOUNT.




$$

JMBW
