810
CDUS43 KICT 080622
CLICNU


CLIMATE REPORT
NATIONAL WEATHER SERVICE WICHITA KS
122 AM CDT THU JUN 8 2017


...................................

...THE CHANUTE KS CLIMATE SUMMARY FOR JUNE 7 2017...

CLIMATE NORMAL PERIOD 1981 TO 2010
CLIMATE RECORD PERIOD 1894 TO 2017


WEATHER ITEM   OBSERVED TIME   RECORD YEAR NORMAL DEPARTURE LAST
                VALUE   (LST)  VALUE       VALUE  FROM      YEAR
                                                  NORMAL
..................................................................
TEMPERATURE (F)
 YESTERDAY
  MAXIMUM         83    246 PM  96    1963  82      1       84
  MINIMUM         55   1143 PM  47    1935  62     -7       63
  AVERAGE         69                        72     -3       74

PRECIPITATION (IN)
  YESTERDAY        0.00          2.04 1938   0.24  -0.24     0.00
  MONTH TO DATE    0.09                      1.66  -1.57     0.51
  SINCE JUN 1      0.09                      1.66  -1.57     0.51
  SINCE JAN 1     21.17                     18.06   3.11    12.30

DEGREE DAYS
 HEATING
  YESTERDAY        0                         0      0        0
  MONTH TO DATE    0                         4     -4        0
  SINCE JUN 1      0                         4     -4        0
  SINCE JUL 1   3452                      4481  -1029     3647

 COOLING
  YESTERDAY        4                         8     -4        9
  MONTH TO DATE   57                        48      9       52
  SINCE JUN 1     57                        48      9       52
  SINCE JAN 1    224                       181     43      159
..................................................................


WIND (MPH)
  HIGHEST WIND SPEED    13   HIGHEST WIND DIRECTION     E (100)
  HIGHEST GUST SPEED    20   HIGHEST GUST DIRECTION     N (20)
  AVERAGE WIND SPEED     4.7


SKY COVER
  POSSIBLE SUNSHINE  MM
  AVERAGE SKY COVER 0.0


WEATHER CONDITIONS
 THE FOLLOWING WEATHER WAS RECORDED YESTERDAY.
  NO SIGNIFICANT WEATHER WAS OBSERVED.


RELATIVE HUMIDITY (PERCENT)
 HIGHEST    80          1100 PM
 LOWEST     30          1200 PM
 AVERAGE    55

..........................................................


THE CHANUTE KS CLIMATE NORMALS FOR TODAY
                         NORMAL    RECORD    YEAR
 MAXIMUM TEMPERATURE (F)   82       102      1911
 MINIMUM TEMPERATURE (F)   63        45      1930


SUNRISE AND SUNSET
JUNE  8 2017..........SUNRISE   600 AM CDT   SUNSET   842 PM CDT
JUNE  9 2017..........SUNRISE   600 AM CDT   SUNSET   843 PM CDT


-  INDICATES NEGATIVE NUMBERS.
R  INDICATES RECORD WAS SET OR TIED.
MM INDICATES DATA IS MISSING.
T  INDICATES TRACE AMOUNT.




$$
