000
CDUS43 KICT 010636
CLICNU


CLIMATE REPORT
NATIONAL WEATHER SERVICE WICHITA KS
1236 AM CST MON JAN 1 2018


...................................

...THE CHANUTE KS CLIMATE SUMMARY FOR DECEMBER 31 2017...

CLIMATE NORMAL PERIOD 1981 TO 2010
CLIMATE RECORD PERIOD 1894 TO 2017


WEATHER ITEM   OBSERVED TIME   RECORD YEAR NORMAL DEPARTURE LAST
                VALUE   (LST)  VALUE       VALUE  FROM      YEAR
                                                  NORMAL
..................................................................
TEMPERATURE (F)
 YESTERDAY
  MAXIMUM         16    326 PM  72    1951  42    -26       51
  MINIMUM          2   1159 PM  -6    1968  23    -21       26
  AVERAGE          9                        32    -23       39

PRECIPITATION (IN)
  YESTERDAY        0.00          1.00 1984   0.04  -0.04     0.00
  MONTH TO DATE    0.24                      1.75  -1.51     0.78
  SINCE DEC 1      0.24                      1.75  -1.51     0.78
  SINCE JAN 1     46.29                     42.07   4.22    36.90

DEGREE DAYS
 HEATING
  YESTERDAY       56                        33     23       26
  MONTH TO DATE  862                       940    -78      942
  SINCE DEC 1    862                       941    -79      942
  SINCE JUL 1   1563                      1793   -230     1420

 COOLING
  YESTERDAY        0                         0      0        0
  MONTH TO DATE    0                         0      0        0
  SINCE DEC 1      0                         0      0        0
  SINCE JAN 1   1619                      1532     87     1846
..................................................................


WIND (MPH)
  HIGHEST WIND SPEED    21   HIGHEST WIND DIRECTION     N (360)
  HIGHEST GUST SPEED    27   HIGHEST GUST DIRECTION     N (340)
  AVERAGE WIND SPEED    13.3


SKY COVER
  POSSIBLE SUNSHINE  MM
  AVERAGE SKY COVER 0.3


WEATHER CONDITIONS
 THE FOLLOWING WEATHER WAS RECORDED YESTERDAY.
  NO SIGNIFICANT WEATHER WAS OBSERVED.


RELATIVE HUMIDITY (PERCENT)
 HIGHEST    69           800 AM
 LOWEST     42           400 PM
 AVERAGE    56

..........................................................


THE CHANUTE KS CLIMATE NORMALS FOR TODAY
                         NORMAL    RECORD    YEAR
 MAXIMUM TEMPERATURE (F)   42        73      2006
 MINIMUM TEMPERATURE (F)   23        -8      1974


SUNRISE AND SUNSET
JANUARY  1 2018.......SUNRISE   737 AM CST   SUNSET   514 PM CST
JANUARY  2 2018.......SUNRISE   737 AM CST   SUNSET   515 PM CST


-  INDICATES NEGATIVE NUMBERS.
R  INDICATES RECORD WAS SET OR TIED.
MM INDICATES DATA IS MISSING.
T  INDICATES TRACE AMOUNT.




$$
