000
CDUS43 KICT 110640
CLICNU


CLIMATE REPORT
NATIONAL WEATHER SERVICE WICHITA KS
1240 AM CST SUN JAN 11 2015


...................................

...THE CHANUTE KS CLIMATE SUMMARY FOR JANUARY 10 2015...

CLIMATE NORMAL PERIOD 1981 TO 2010
CLIMATE RECORD PERIOD 1894 TO 2015


WEATHER ITEM   OBSERVED TIME   RECORD YEAR NORMAL DEPARTURE LAST
                VALUE   (LST)  VALUE       VALUE  FROM      YEAR
                                                  NORMAL
..................................................................
TEMPERATURE (F)
 YESTERDAY
  MAXIMUM         40    246 PM  71    1911  42     -2       51
  MINIMUM          6    224 AM -11    1982  23    -17       29
  AVERAGE         23                        32     -9       40

PRECIPITATION (IN)
  YESTERDAY        0.00          1.73 1949   0.04  -0.04      T
  MONTH TO DATE    0.20                      0.40  -0.20     0.11
  SINCE DEC 1      2.57                      2.15   0.42     0.27
  SINCE JAN 1      0.20                      0.40  -0.20     0.11

DEGREE DAYS
 HEATING
  YESTERDAY       42                        33      9       25
  MONTH TO DATE  421                       330     91      414
  SINCE DEC 1   1256                      1271    -15     1447
  SINCE JUL 1   2198                      2123     75     2367

 COOLING
  YESTERDAY        0                         0      0        0
  MONTH TO DATE    0                         0      0        0
  SINCE DEC 1      0                         0      0        0
  SINCE JAN 1      0                         0      0        0
..................................................................


WIND (MPH)
  HIGHEST WIND SPEED    24   HIGHEST WIND DIRECTION     S (190)
  HIGHEST GUST SPEED    29   HIGHEST GUST DIRECTION     S (190)
  AVERAGE WIND SPEED    12.4


SKY COVER
  POSSIBLE SUNSHINE  MM
  AVERAGE SKY COVER 0.1


WEATHER CONDITIONS
 THE FOLLOWING WEATHER WAS RECORDED YESTERDAY.
  NO SIGNIFICANT WEATHER WAS OBSERVED.


RELATIVE HUMIDITY (PERCENT)
 HIGHEST    80           600 AM
 LOWEST     24           200 PM
 AVERAGE    52

..........................................................


THE CHANUTE KS CLIMATE NORMALS FOR TODAY
                         NORMAL    RECORD    YEAR
 MAXIMUM TEMPERATURE (F)   42        69      1898
 MINIMUM TEMPERATURE (F)   23       -12      1918


SUNRISE AND SUNSET
JANUARY 11 2015.......SUNRISE   737 AM CST   SUNSET   523 PM CST
JANUARY 12 2015.......SUNRISE   737 AM CST   SUNSET   524 PM CST


-  INDICATES NEGATIVE NUMBERS.
R  INDICATES RECORD WAS SET OR TIED.
MM INDICATES DATA IS MISSING.
T  INDICATES TRACE AMOUNT.




$$
