000
CDUS43 KICT 150633
CLICNU


CLIMATE REPORT
NATIONAL WEATHER SERVICE WICHITA KS
133 AM CDT SAT MAR 15 2014


...................................

...THE CHANUTE KS CLIMATE SUMMARY FOR MARCH 14 2014...

CLIMATE NORMAL PERIOD 1981 TO 2010
CLIMATE RECORD PERIOD 1894 TO 2014


WEATHER ITEM   OBSERVED TIME   RECORD YEAR NORMAL DEPARTURE LAST
                VALUE   (LST)  VALUE       VALUE  FROM      YEAR
                                                  NORMAL
..................................................................
TEMPERATURE (F)
 YESTERDAY
  MAXIMUM         69    347 PM  84    1914  58     11       76
  MINIMUM         33   1155 PM  10    1975  36     -3       33
  AVERAGE         51                        46      5       55

PRECIPITATION (IN)
  YESTERDAY        0.00          2.12 1982   0.10  -0.10     0.00
  MONTH TO DATE    0.09                      1.28  -1.19     0.42
  SINCE MAR 1      0.09                      1.28  -1.19     0.42
  SINCE JAN 1      1.06                      4.44  -3.38     6.18

DEGREE DAYS
 HEATING
  YESTERDAY       14                        19     -5       10
  MONTH TO DATE  376                       291     85      332
  SINCE MAR 1    376                       291     85      332
  SINCE JUL 1   4396                      3863    533     3424

 COOLING
  YESTERDAY        0                         0      0        0
  MONTH TO DATE    0                         0      0        0
  SINCE MAR 1      0                         0      0        0
  SINCE JAN 1      0                         0      0        1
..................................................................


WIND (MPH)
  HIGHEST WIND SPEED    23   HIGHEST WIND DIRECTION     S (200)
  HIGHEST GUST SPEED    29   HIGHEST GUST DIRECTION     N (10)
  AVERAGE WIND SPEED     9.2


SKY COVER
  POSSIBLE SUNSHINE  MM
  AVERAGE SKY COVER 0.0


WEATHER CONDITIONS
 THE FOLLOWING WEATHER WAS RECORDED YESTERDAY.
  HAZE


RELATIVE HUMIDITY (PERCENT)
 HIGHEST    64          1000 PM
 LOWEST     18           300 PM
 AVERAGE    41

..........................................................


THE CHANUTE KS CLIMATE NORMALS FOR TODAY
                         NORMAL    RECORD    YEAR
 MAXIMUM TEMPERATURE (F)   58        84      1914
 MINIMUM TEMPERATURE (F)   36        11      1900


SUNRISE AND SUNSET
MARCH 15 2014.........SUNRISE   733 AM CDT   SUNSET   729 PM CDT
MARCH 16 2014.........SUNRISE   731 AM CDT   SUNSET   730 PM CDT


-  INDICATES NEGATIVE NUMBERS.
R  INDICATES RECORD WAS SET OR TIED.
MM INDICATES DATA IS MISSING.
T  INDICATES TRACE AMOUNT.




$$
