000
CDUS43 KICT 130638
CLICNU


CLIMATE REPORT
NATIONAL WEATHER SERVICE WICHITA KS
1231 AM CST FRI JAN 13 2017


...................................

...THE CHANUTE KS CLIMATE SUMMARY FOR JANUARY 12 2017...

CLIMATE NORMAL PERIOD 1981 TO 2010
CLIMATE RECORD PERIOD 1894 TO 2017


WEATHER ITEM   OBSERVED TIME   RECORD YEAR NORMAL DEPARTURE LAST
                VALUE   (LST)  VALUE       VALUE  FROM      YEAR
                                                  NORMAL
..................................................................
TEMPERATURE (F)
 YESTERDAY
  MAXIMUM         36    248 PM  70    1960  42     -6       38
  MINIMUM         21    856 AM -19    1918  23     -2       21
  AVERAGE         29                        32     -3       30

PRECIPITATION (IN)
  YESTERDAY        0.00          0.74 1927   0.04  -0.04     0.00
  MONTH TO DATE    0.01                      0.47  -0.46     0.68
  SINCE DEC 1      0.79                      2.22  -1.43     4.23
  SINCE JAN 1      0.01                      0.47  -0.46     0.68

DEGREE DAYS
 HEATING
  YESTERDAY       36                        33      3       35
  MONTH TO DATE  383                       396    -13      398
  SINCE DEC 1   1325                      1337    -12     1110
  SINCE JUL 1   1803                      2189   -386     1753

 COOLING
  YESTERDAY        0                         0      0        0
  MONTH TO DATE    0                         0      0        0
  SINCE DEC 1      0                         0      0        0
  SINCE JAN 1      0                         0      0        0
..................................................................


WIND (MPH)
  HIGHEST WIND SPEED    20   HIGHEST WIND DIRECTION     N (340)
  HIGHEST GUST SPEED    25   HIGHEST GUST DIRECTION     N (340)
  AVERAGE WIND SPEED    12.0


SKY COVER
  POSSIBLE SUNSHINE  MM
  AVERAGE SKY COVER 0.4


WEATHER CONDITIONS
 THE FOLLOWING WEATHER WAS RECORDED YESTERDAY.
  NO SIGNIFICANT WEATHER WAS OBSERVED.


RELATIVE HUMIDITY (PERCENT)
 HIGHEST    84           600 AM
 LOWEST     40           400 PM
 AVERAGE    62

..........................................................


THE CHANUTE KS CLIMATE NORMALS FOR TODAY
                         NORMAL    RECORD    YEAR
 MAXIMUM TEMPERATURE (F)   42        69      1996
 MINIMUM TEMPERATURE (F)   23       -11      1916


SUNRISE AND SUNSET
JANUARY 13 2017.......SUNRISE   736 AM CST   SUNSET   525 PM CST
JANUARY 14 2017.......SUNRISE   736 AM CST   SUNSET   527 PM CST


-  INDICATES NEGATIVE NUMBERS.
R  INDICATES RECORD WAS SET OR TIED.
MM INDICATES DATA IS MISSING.
T  INDICATES TRACE AMOUNT.




$$
