000
CDUS43 KICT 130619
CLICNU


CLIMATE REPORT
NATIONAL WEATHER SERVICE WICHITA KS
119 AM CDT WED MAY 13 2015


...................................

...THE CHANUTE KS CLIMATE SUMMARY FOR MAY 12 2015...

CLIMATE NORMAL PERIOD 1981 TO 2010
CLIMATE RECORD PERIOD 1894 TO 2015


WEATHER ITEM   OBSERVED TIME   RECORD YEAR NORMAL DEPARTURE LAST
                VALUE   (LST)  VALUE       VALUE  FROM      YEAR
                                                  NORMAL
..................................................................
TEMPERATURE (F)
 YESTERDAY
  MAXIMUM         70    305 PM  89    1956  75     -5       78
  MINIMUM         39    531 AM  36    1946  55    -16       50
  AVERAGE         55                        65    -10       64

PRECIPITATION (IN)
  YESTERDAY        0.00          1.18 1929   0.18  -0.18     0.83
  MONTH TO DATE    3.11                      1.98   1.13     1.18
  SINCE MAR 1      8.19                      9.42  -1.23     4.15
  SINCE JAN 1      9.50                     12.58  -3.08     5.12

DEGREE DAYS
 HEATING
  YESTERDAY       10                         3      7        1
  MONTH TO DATE   26                        45    -19       32
  SINCE MAR 1    708                       875   -167     1005
  SINCE JUL 1   4398                      4447    -49     5025

 COOLING
  YESTERDAY        0                         3     -3        0
  MONTH TO DATE   39                        23     16       65
  SINCE MAR 1     61                        54      7       81
  SINCE JAN 1     61                        54      7       81
..................................................................


WIND (MPH)
  HIGHEST WIND SPEED    10   HIGHEST WIND DIRECTION    SE (130)
  HIGHEST GUST SPEED    22   HIGHEST GUST DIRECTION     E (110)
  AVERAGE WIND SPEED     4.5


SKY COVER
  POSSIBLE SUNSHINE  MM
  AVERAGE SKY COVER 0.0


WEATHER CONDITIONS
 THE FOLLOWING WEATHER WAS RECORDED YESTERDAY.
  NO SIGNIFICANT WEATHER WAS OBSERVED.


RELATIVE HUMIDITY (PERCENT)
 HIGHEST    93           600 AM
 LOWEST     34          1100 AM
 AVERAGE    64

..........................................................


THE CHANUTE KS CLIMATE NORMALS FOR TODAY
                         NORMAL    RECORD    YEAR
 MAXIMUM TEMPERATURE (F)   75        91      1956
 MINIMUM TEMPERATURE (F)   55        39      1910


SUNRISE AND SUNSET
MAY 13 2015...........SUNRISE   614 AM CDT   SUNSET   823 PM CDT
MAY 14 2015...........SUNRISE   613 AM CDT   SUNSET   824 PM CDT


-  INDICATES NEGATIVE NUMBERS.
R  INDICATES RECORD WAS SET OR TIED.
MM INDICATES DATA IS MISSING.
T  INDICATES TRACE AMOUNT.




$$
