000
CDUS43 KICT 070725
CLICNU

CLIMATE REPORT
NATIONAL WEATHER SERVICE WICHITA KS
224 AM CDT MON JUL 7 2014


...................................

...THE CHANUTE KS CLIMATE SUMMARY FOR JULY 6 2014...

CLIMATE NORMAL PERIOD 1981 TO 2010
CLIMATE RECORD PERIOD 1894 TO 2014


WEATHER ITEM   OBSERVED TIME   RECORD YEAR NORMAL DEPARTURE LAST
                VALUE   (LST)  VALUE       VALUE  FROM      YEAR
                                                  NORMAL
..................................................................
TEMPERATURE (F)
 YESTERDAY
  MAXIMUM         91    508 PM 103    1980  89      2       85
  MINIMUM         73    642 AM  49    1972  69      4       67
  AVERAGE         82                        79      3       76

PRECIPITATION (IN)
  YESTERDAY        0.02          3.29 2010   0.16  -0.14      T
  MONTH TO DATE    0.60                      0.95  -0.35      T
  SINCE JUN 1      8.65                      6.98   1.67     4.12
  SINCE JAN 1     18.11                     23.38  -5.27    22.68

DEGREE DAYS
 HEATING
  YESTERDAY        0                         0      0        0
  MONTH TO DATE    0                         0      0        0
  SINCE JUN 1      0                         6     -6       10
  SINCE JUL 1      0                         0      0        0

 COOLING
  YESTERDAY       17                        14      3       11
  MONTH TO DATE   51                        82    -31       46
  SINCE JUN 1    349                       374    -25      360
  SINCE JAN 1    541                       507     34      483
..................................................................


WIND (MPH)
  HIGHEST WIND SPEED    21   HIGHEST WIND DIRECTION     S (180)
  HIGHEST GUST SPEED    27   HIGHEST GUST DIRECTION    SE (150)
  AVERAGE WIND SPEED    11.9


SKY COVER
  POSSIBLE SUNSHINE  MM
  AVERAGE SKY COVER 0.4


WEATHER CONDITIONS
 THE FOLLOWING WEATHER WAS RECORDED YESTERDAY.
  THUNDERSTORM
  LIGHT RAIN
  HAZE


RELATIVE HUMIDITY (PERCENT)
 HIGHEST    85          1000 PM
 LOWEST     56           500 PM
 AVERAGE    71

..........................................................


THE CHANUTE KS CLIMATE NORMALS FOR TODAY
                         NORMAL    RECORD    YEAR
 MAXIMUM TEMPERATURE (F)   89       105      1918
 MINIMUM TEMPERATURE (F)   69        52      1915


SUNRISE AND SUNSET
JULY  7 2014..........SUNRISE   607 AM CDT   SUNSET   846 PM CDT
JULY  8 2014..........SUNRISE   608 AM CDT   SUNSET   846 PM CDT


-  INDICATES NEGATIVE NUMBERS.
R  INDICATES RECORD WAS SET OR TIED.
MM INDICATES DATA IS MISSING.
T  INDICATES TRACE AMOUNT.




$$
