000
CDUS43 KICT 110632
CLICNU

CLIMATE REPORT
NATIONAL WEATHER SERVICE WICHITA KS
129 AM CDT MON AUG 11 2014

...................................

...THE CHANUTE KS CLIMATE SUMMARY FOR AUGUST 10 2014...

CLIMATE NORMAL PERIOD 1981 TO 2010
CLIMATE RECORD PERIOD 1894 TO 2014


WEATHER ITEM   OBSERVED TIME   RECORD YEAR NORMAL DEPARTURE LAST
                VALUE   (LST)  VALUE       VALUE  FROM      YEAR
                                                  NORMAL
..................................................................
TEMPERATURE (F)
 YESTERDAY
  MAXIMUM         86    429 PM 111    1936  91     -5       86
  MINIMUM         69    610 AM  54    1917  69      0       64
  AVERAGE         78                        80     -2       75

PRECIPITATION (IN)
  YESTERDAY        0.01          1.55 1977   0.11  -0.10     0.00
  MONTH TO DATE    1.06                      1.15  -0.09     3.71
  SINCE JUN 1     10.72                     11.55  -0.83    16.86
  SINCE JAN 1     20.18                     27.95  -7.77    35.42

DEGREE DAYS
 HEATING
  YESTERDAY        0                         0      0        0
  MONTH TO DATE    0                         0      0        0
  SINCE JUN 1      1                         6     -5       10
  SINCE JUL 1      1                         0      1        0

 COOLING
  YESTERDAY       13                        15     -2       10
  MONTH TO DATE  133                       150    -17      130
  SINCE JUN 1    741                       891   -150      871
  SINCE JAN 1    933                      1024    -91      994
..................................................................


WIND (MPH)
  HIGHEST WIND SPEED    25   HIGHEST WIND DIRECTION    NW (330)
  HIGHEST GUST SPEED    36   HIGHEST GUST DIRECTION     N (340)
  AVERAGE WIND SPEED     6.9


SKY COVER
  POSSIBLE SUNSHINE  MM
  AVERAGE SKY COVER 0.2


WEATHER CONDITIONS
 THE FOLLOWING WEATHER WAS RECORDED YESTERDAY.
  THUNDERSTORM
  LIGHT RAIN


RELATIVE HUMIDITY (PERCENT)
 HIGHEST    93          1200 AM
 LOWEST     51           400 PM
 AVERAGE    72

..........................................................


THE CHANUTE KS CLIMATE NORMALS FOR TODAY
                         NORMAL    RECORD    YEAR
 MAXIMUM TEMPERATURE (F)   91       107      1936
 MINIMUM TEMPERATURE (F)   69        53      2012


SUNRISE AND SUNSET
AUGUST 11 2014........SUNRISE   634 AM CDT   SUNSET   819 PM CDT
AUGUST 12 2014........SUNRISE   635 AM CDT   SUNSET   818 PM CDT


-  INDICATES NEGATIVE NUMBERS.
R  INDICATES RECORD WAS SET OR TIED.
MM INDICATES DATA IS MISSING.
T  INDICATES TRACE AMOUNT.

$$
