000
CDUS43 KICT 310633
CLICNU


CLIMATE REPORT
NATIONAL WEATHER SERVICE WICHITA KS
133 AM CDT THU JUL 31 2014


...................................

...THE CHANUTE KS CLIMATE SUMMARY FOR JULY 30 2014...

CLIMATE NORMAL PERIOD 1981 TO 2010
CLIMATE RECORD PERIOD 1894 TO 2014


WEATHER ITEM   OBSERVED TIME   RECORD YEAR NORMAL DEPARTURE LAST
                VALUE   (LST)  VALUE       VALUE  FROM      YEAR
                                                  NORMAL
..................................................................
TEMPERATURE (F)
 YESTERDAY
  MAXIMUM         72   1017 AM 108    1986  91    -19       85
  MINIMUM         60   1132 PM  54    1971  69     -9       71
  AVERAGE         66                        80    -14       78

PRECIPITATION (IN)
  YESTERDAY        0.09          2.48 1979   0.12  -0.03      T
  MONTH TO DATE    1.61                      4.25  -2.64     9.03
  SINCE JUN 1      9.66                     10.28  -0.62    13.15
  SINCE JAN 1     19.12                     26.68  -7.56    31.71

DEGREE DAYS
 HEATING
  YESTERDAY        0                         0      0        0
  MONTH TO DATE    1                         0      1        0
  SINCE JUN 1      1                         6     -5       10
  SINCE JUL 1      1                         0      1        0

 COOLING
  YESTERDAY        1                        15    -14       13
  MONTH TO DATE  304                       437   -133      413
  SINCE JUN 1    602                       729   -127      727
  SINCE JAN 1    794                       862    -68      850
..................................................................


WIND (MPH)
  HIGHEST WIND SPEED    10   HIGHEST WIND DIRECTION    NE (30)
  HIGHEST GUST SPEED    16   HIGHEST GUST DIRECTION     E (80)
  AVERAGE WIND SPEED     4.6


SKY COVER
  POSSIBLE SUNSHINE  MM
  AVERAGE SKY COVER 0.8


WEATHER CONDITIONS
 THE FOLLOWING WEATHER WAS RECORDED YESTERDAY.
  LIGHT RAIN
  FOG
  FOG W/VISIBILITY <= 1/4 MILE


RELATIVE HUMIDITY (PERCENT)
 HIGHEST   100          1100 PM
 LOWEST     78           300 AM
 AVERAGE    89

..........................................................


THE CHANUTE KS CLIMATE NORMALS FOR TODAY
                         NORMAL    RECORD    YEAR
 MAXIMUM TEMPERATURE (F)   91       107      1934
 MINIMUM TEMPERATURE (F)   69        50      1971


SUNRISE AND SUNSET
JULY 31 2014..........SUNRISE   625 AM CDT   SUNSET   831 PM CDT
AUGUST  1 2014........SUNRISE   626 AM CDT   SUNSET   830 PM CDT


-  INDICATES NEGATIVE NUMBERS.
R  INDICATES RECORD WAS SET OR TIED.
MM INDICATES DATA IS MISSING.
T  INDICATES TRACE AMOUNT.




$$
