000
CDUS43 KICT 050633
CLICNU

CLIMATE REPORT
NATIONAL WEATHER SERVICE WICHITA KS
1232 AM CST MON JAN 5 2015


...................................

...THE CHANUTE KS CLIMATE SUMMARY FOR JANUARY 4 2015...

CLIMATE NORMAL PERIOD 1981 TO 2010
CLIMATE RECORD PERIOD 1894 TO 2015


WEATHER ITEM   OBSERVED TIME   RECORD YEAR NORMAL DEPARTURE LAST
                VALUE   (LST)  VALUE       VALUE  FROM      YEAR
                                                  NORMAL
..................................................................
TEMPERATURE (F)
 YESTERDAY
  MAXIMUM         26   1206 AM  64    1955  42    -16       47
  MINIMUM         11    822 AM -16    1947  23    -12       20
  AVERAGE         19                        32    -13       34

PRECIPITATION (IN)
  YESTERDAY        T             1.87 2005   0.04  -0.04     0.00
  MONTH TO DATE    0.20                      0.16   0.04     0.08
  SINCE DEC 1      2.57                      1.91   0.66     0.24
  SINCE JAN 1      0.20                      0.16   0.04     0.08

DEGREE DAYS
 HEATING
  YESTERDAY       46                        33     13       31
  MONTH TO DATE  153                       132     21      160
  SINCE DEC 1    988                      1073    -85     1193
  SINCE JUL 1   1930                      1925      5     2113

 COOLING
  YESTERDAY        0                         0      0        0
  MONTH TO DATE    0                         0      0        0
  SINCE DEC 1      0                         0      0        0
  SINCE JAN 1      0                         0      0        0
..................................................................


WIND (MPH)
  HIGHEST WIND SPEED    29   HIGHEST WIND DIRECTION    NW (310)
  HIGHEST GUST SPEED    36   HIGHEST GUST DIRECTION    NW (320)
  AVERAGE WIND SPEED    15.0


SKY COVER
  POSSIBLE SUNSHINE  MM
  AVERAGE SKY COVER 0.4


WEATHER CONDITIONS
 THE FOLLOWING WEATHER WAS RECORDED YESTERDAY.
  LIGHT SNOW
  FOG


RELATIVE HUMIDITY (PERCENT)
 HIGHEST    92          1200 AM
 LOWEST     45           400 PM
 AVERAGE    69

..........................................................


THE CHANUTE KS CLIMATE NORMALS FOR TODAY
                         NORMAL    RECORD    YEAR
 MAXIMUM TEMPERATURE (F)   42        66      2012
                                             2008
 MINIMUM TEMPERATURE (F)   23       -11      1959


SUNRISE AND SUNSET
JANUARY  5 2015.......SUNRISE   737 AM CST   SUNSET   517 PM CST
JANUARY  6 2015.......SUNRISE   737 AM CST   SUNSET   518 PM CST


-  INDICATES NEGATIVE NUMBERS.
R  INDICATES RECORD WAS SET OR TIED.
MM INDICATES DATA IS MISSING.
T  INDICATES TRACE AMOUNT.




$$
