000
CDUS43 KICT 120628
CLICNU


CLIMATE REPORT
NATIONAL WEATHER SERVICE WICHITA KS
127 AM CDT THU OCT 12 2017


...................................

...THE CHANUTE KS CLIMATE SUMMARY FOR OCTOBER 11 2017...

CLIMATE NORMAL PERIOD 1981 TO 2010
CLIMATE RECORD PERIOD 1894 TO 2017


WEATHER ITEM   OBSERVED TIME   RECORD YEAR NORMAL DEPARTURE LAST
                VALUE   (LST)  VALUE       VALUE  FROM      YEAR
                                                  NORMAL
..................................................................
TEMPERATURE (F)
 YESTERDAY
  MAXIMUM         66    330 PM  91    1975  71     -5       80
  MINIMUM         47    716 AM  29    1932  49     -2       53
  AVERAGE         57                        60     -3       67

PRECIPITATION (IN)
  YESTERDAY        0.00          1.58 1954   0.13  -0.13     0.00
  MONTH TO DATE    1.10                      1.52  -0.42     2.21
  SINCE SEP 1      4.69                      5.19  -0.50     9.12
  SINCE JAN 1     41.33                     35.68   5.65    34.35

DEGREE DAYS
 HEATING
  YESTERDAY        8                         6      2        0
  MONTH TO DATE   19                        58    -39       27
  SINCE SEP 1     26                       104    -78       38
  SINCE JUL 1     26                       105    -79       38

 COOLING
  YESTERDAY        0                         1     -1        2
  MONTH TO DATE   60                        19     41       21
  SINCE SEP 1    290                       212     78      282
  SINCE JAN 1   1597                      1516     81     1763
..................................................................


WIND (MPH)
  HIGHEST WIND SPEED     9   HIGHEST WIND DIRECTION     N (360)
  HIGHEST GUST SPEED    18   HIGHEST GUST DIRECTION    SE (150)
  AVERAGE WIND SPEED     5.0


SKY COVER
  POSSIBLE SUNSHINE  MM
  AVERAGE SKY COVER 0.5


WEATHER CONDITIONS
 THE FOLLOWING WEATHER WAS RECORDED YESTERDAY.
  NO SIGNIFICANT WEATHER WAS OBSERVED.


RELATIVE HUMIDITY (PERCENT)
 HIGHEST    93          1100 PM
 LOWEST     56           200 PM
 AVERAGE    75

..........................................................


THE CHANUTE KS CLIMATE NORMALS FOR TODAY
                         NORMAL    RECORD    YEAR
 MAXIMUM TEMPERATURE (F)   71        91      1975
 MINIMUM TEMPERATURE (F)   48        25      1909


SUNRISE AND SUNSET
OCTOBER 12 2017.......SUNRISE   728 AM CDT   SUNSET   648 PM CDT
OCTOBER 13 2017.......SUNRISE   729 AM CDT   SUNSET   647 PM CDT


-  INDICATES NEGATIVE NUMBERS.
R  INDICATES RECORD WAS SET OR TIED.
MM INDICATES DATA IS MISSING.
T  INDICATES TRACE AMOUNT.




$$
