000
CDUS43 KICT 160627
CLICNU


CLIMATE REPORT
NATIONAL WEATHER SERVICE WICHITA KS
127 AM CDT WED AUG 16 2017


...................................

...THE CHANUTE KS CLIMATE SUMMARY FOR AUGUST 15 2017...

CLIMATE NORMAL PERIOD 1981 TO 2010
CLIMATE RECORD PERIOD 1894 TO 2017


WEATHER ITEM   OBSERVED TIME   RECORD YEAR NORMAL DEPARTURE LAST
                VALUE   (LST)  VALUE       VALUE  FROM      YEAR
                                                  NORMAL
..................................................................
TEMPERATURE (F)
 YESTERDAY
  MAXIMUM         87    356 PM 110    1936  90     -3       83
  MINIMUM         68    430 AM  48    1929  68      0       64
  AVERAGE         78                        79     -1       74

PRECIPITATION (IN)
  YESTERDAY        T             1.61 1924   0.14  -0.14     0.00
  MONTH TO DATE    9.18                      1.80   7.38     2.23
  SINCE JUN 1     13.41                     12.20   1.21     9.92
  SINCE JAN 1     34.49                     28.60   5.89    21.71

DEGREE DAYS
 HEATING
  YESTERDAY        0                         0      0        0
  MONTH TO DATE    0                         0      0        0
  SINCE JUN 1      0                         6     -6        0
  SINCE JUL 1      0                         0      0        0

 COOLING
  YESTERDAY       13                        14     -1        9
  MONTH TO DATE  153                       223    -70      241
  SINCE JUN 1    974                       964     10     1176
  SINCE JAN 1   1141                      1097     44     1283
..................................................................


WIND (MPH)
  HIGHEST WIND SPEED    13   HIGHEST WIND DIRECTION     E (100)
  HIGHEST GUST SPEED    16   HIGHEST GUST DIRECTION     E (100)
  AVERAGE WIND SPEED     6.0


SKY COVER
  POSSIBLE SUNSHINE  MM
  AVERAGE SKY COVER 0.4


WEATHER CONDITIONS
 THE FOLLOWING WEATHER WAS RECORDED YESTERDAY.
  LIGHT RAIN
  FOG
  FOG W/VISIBILITY <= 1/4 MILE


RELATIVE HUMIDITY (PERCENT)
 HIGHEST   100           200 AM
 LOWEST     63           400 PM
 AVERAGE    82

..........................................................


THE CHANUTE KS CLIMATE NORMALS FOR TODAY
                         NORMAL    RECORD    YEAR
 MAXIMUM TEMPERATURE (F)   90       110      1956
 MINIMUM TEMPERATURE (F)   68        54      1992


SUNRISE AND SUNSET
AUGUST 16 2017........SUNRISE   639 AM CDT   SUNSET   813 PM CDT
AUGUST 17 2017........SUNRISE   640 AM CDT   SUNSET   812 PM CDT


-  INDICATES NEGATIVE NUMBERS.
R  INDICATES RECORD WAS SET OR TIED.
MM INDICATES DATA IS MISSING.
T  INDICATES TRACE AMOUNT.




$$
