000
CDUS43 KICT 190704
CLICNU


CLIMATE REPORT
NATIONAL WEATHER SERVICE WICHITA KS
204 AM CDT THU JUN 19 2014


...................................

...THE CHANUTE KS CLIMATE SUMMARY FOR JUNE 18 2014...

CLIMATE NORMAL PERIOD 1981 TO 2010
CLIMATE RECORD PERIOD 1894 TO 2014


WEATHER ITEM   OBSERVED TIME   RECORD YEAR NORMAL DEPARTURE LAST
                VALUE   (LST)  VALUE       VALUE  FROM      YEAR
                                                  NORMAL
..................................................................
TEMPERATURE (F)
 YESTERDAY
  MAXIMUM         87    415 PM 104    1918  85      2       86
  MINIMUM         74    543 AM  52    2000  66      8       60
  AVERAGE         81                        75      6       73

PRECIPITATION (IN)
  YESTERDAY        0.00          2.01 1993   0.18  -0.18     0.00
  MONTH TO DATE    6.21                      3.94   2.27     4.12
  SINCE JUN 1      6.21                      3.94   2.27     4.12
  SINCE JAN 1     15.67                     20.34  -4.67    22.68

DEGREE DAYS
 HEATING
  YESTERDAY        0                         0      0        0
  MONTH TO DATE    0                         4     -4       10
  SINCE JUN 1      0                         4     -4       10
  SINCE JUL 1   5090                      4481    609     4322

 COOLING
  YESTERDAY       16                        11      5        8
  MONTH TO DATE  148                       149     -1      135
  SINCE JUN 1    148                       149     -1      135
  SINCE JAN 1    340                       282     58      258
..................................................................


WIND (MPH)
  HIGHEST WIND SPEED    25   HIGHEST WIND DIRECTION     S (170)
  HIGHEST GUST SPEED    32   HIGHEST GUST DIRECTION     S (200)
  AVERAGE WIND SPEED    15.8


SKY COVER
  POSSIBLE SUNSHINE  MM
  AVERAGE SKY COVER 0.2


WEATHER CONDITIONS
 THE FOLLOWING WEATHER WAS RECORDED YESTERDAY.
  NO SIGNIFICANT WEATHER WAS OBSERVED.


RELATIVE HUMIDITY (PERCENT)
 HIGHEST    93           400 AM
 LOWEST     61           400 PM
 AVERAGE    77

..........................................................


THE CHANUTE KS CLIMATE NORMALS FOR TODAY
                         NORMAL    RECORD    YEAR
 MAXIMUM TEMPERATURE (F)   86       105      1918
 MINIMUM TEMPERATURE (F)   66        49      1912


SUNRISE AND SUNSET
JUNE 19 2014..........SUNRISE   600 AM CDT   SUNSET   846 PM CDT
JUNE 20 2014..........SUNRISE   600 AM CDT   SUNSET   847 PM CDT


-  INDICATES NEGATIVE NUMBERS.
R  INDICATES RECORD WAS SET OR TIED.
MM INDICATES DATA IS MISSING.
T  INDICATES TRACE AMOUNT.




$$
