000
CDUS43 KICT 130624
CLICNU


CLIMATE REPORT
NATIONAL WEATHER SERVICE WICHITA KS
123 AM CDT SAT JUN 13 2015


...................................

...THE CHANUTE KS CLIMATE SUMMARY FOR JUNE 12 2015...

CLIMATE NORMAL PERIOD 1981 TO 2010
CLIMATE RECORD PERIOD 1894 TO 2015


WEATHER ITEM   OBSERVED TIME   RECORD YEAR NORMAL DEPARTURE LAST
                VALUE   (LST)  VALUE       VALUE  FROM      YEAR
                                                  NORMAL
..................................................................
TEMPERATURE (F)
 YESTERDAY
  MAXIMUM         85    544 PM 106    1953  84      1       77
  MINIMUM         68   1159 PM  48    1913  64      4       58
  AVERAGE         77                        74      3       68

PRECIPITATION (IN)
  YESTERDAY        0.27          1.79 2002   0.21   0.06     0.03
  MONTH TO DATE    0.40                      2.75  -2.35     5.49
  SINCE JUN 1      0.40                      2.75  -2.35     5.49
  SINCE JAN 1     18.37                     19.15  -0.78    14.95

DEGREE DAYS
 HEATING
  YESTERDAY        0                         0      0        0
  MONTH TO DATE    0                         4     -4        0
  SINCE JUN 1      0                         4     -4        0
  SINCE JUL 1   4455                      4481    -26     5090

 COOLING
  YESTERDAY       12                         9      3        3
  MONTH TO DATE  149                        90     59       85
  SINCE JUN 1    149                        90     59       85
  SINCE JAN 1    258                       223     35      277
..................................................................


WIND (MPH)
  HIGHEST WIND SPEED    17   HIGHEST WIND DIRECTION    NW (330)
  HIGHEST GUST SPEED    23   HIGHEST GUST DIRECTION    NW (310)
  AVERAGE WIND SPEED     7.3


SKY COVER
  POSSIBLE SUNSHINE  MM
  AVERAGE SKY COVER 0.5


WEATHER CONDITIONS
 THE FOLLOWING WEATHER WAS RECORDED YESTERDAY.
  THUNDERSTORM
  RAIN
  LIGHT RAIN
  FOG


RELATIVE HUMIDITY (PERCENT)
 HIGHEST    97          1100 PM
 LOWEST     55           600 PM
 AVERAGE    76

..........................................................


THE CHANUTE KS CLIMATE NORMALS FOR TODAY
                         NORMAL    RECORD    YEAR
 MAXIMUM TEMPERATURE (F)   84       102      1963
 MINIMUM TEMPERATURE (F)   64        47      1985


SUNRISE AND SUNSET
JUNE 13 2015..........SUNRISE   600 AM CDT   SUNSET   844 PM CDT
JUNE 14 2015..........SUNRISE   600 AM CDT   SUNSET   845 PM CDT


-  INDICATES NEGATIVE NUMBERS.
R  INDICATES RECORD WAS SET OR TIED.
MM INDICATES DATA IS MISSING.
T  INDICATES TRACE AMOUNT.




$$
