000
CDUS43 KICT 020623
CLICNU


CLIMATE REPORT
NATIONAL WEATHER SERVICE WICHITA KS
122 AM CDT WED JUL 2 2014


...................................

...THE CHANUTE KS CLIMATE SUMMARY FOR JULY 1 2014...

CLIMATE NORMAL PERIOD 1981 TO 2010
CLIMATE RECORD PERIOD 1894 TO 2014


WEATHER ITEM   OBSERVED TIME   RECORD YEAR NORMAL DEPARTURE LAST
                VALUE   (LST)  VALUE       VALUE  FROM      YEAR
                                                  NORMAL
..................................................................
TEMPERATURE (F)
 YESTERDAY
  MAXIMUM         83    545 PM 110    1980  88     -5       82
  MINIMUM         67    614 AM  49    1924  68     -1       58
  AVERAGE         75                        78     -3       70

PRECIPITATION (IN)
  YESTERDAY        0.58          2.15 1988   0.15   0.43     0.00
  MONTH TO DATE    0.58                      0.15   0.43     0.00
  SINCE JUN 1      8.63                      6.18   2.45     4.12
  SINCE JAN 1     18.09                     22.58  -4.49    22.68

DEGREE DAYS
 HEATING
  YESTERDAY        0                         0      0        0
  MONTH TO DATE    0                         0      0        0
  SINCE JUN 1      0                         6     -6       10
  SINCE JUL 1      0                         0      0        0

 COOLING
  YESTERDAY       10                        13     -3        5
  MONTH TO DATE   10                        13     -3        5
  SINCE JUN 1    308                       305      3      319
  SINCE JAN 1    500                       438     62      442
..................................................................


WIND (MPH)
  HIGHEST WIND SPEED    26   HIGHEST WIND DIRECTION     W (290)
  HIGHEST GUST SPEED    35   HIGHEST GUST DIRECTION     W (290)
  AVERAGE WIND SPEED     7.0


SKY COVER
  POSSIBLE SUNSHINE  MM
  AVERAGE SKY COVER 0.3


WEATHER CONDITIONS
 THE FOLLOWING WEATHER WAS RECORDED YESTERDAY.
  THUNDERSTORM
  HEAVY RAIN
  RAIN
  LIGHT RAIN
  FOG
  HAZE


RELATIVE HUMIDITY (PERCENT)
 HIGHEST    93           300 AM
 LOWEST     46           100 PM
 AVERAGE    70

..........................................................


THE CHANUTE KS CLIMATE NORMALS FOR TODAY
                         NORMAL    RECORD    YEAR
 MAXIMUM TEMPERATURE (F)   89       109      1933
 MINIMUM TEMPERATURE (F)   68        55      2013


SUNRISE AND SUNSET
JULY  2 2014..........SUNRISE   605 AM CDT   SUNSET   847 PM CDT
JULY  3 2014..........SUNRISE   605 AM CDT   SUNSET   847 PM CDT


-  INDICATES NEGATIVE NUMBERS.
R  INDICATES RECORD WAS SET OR TIED.
MM INDICATES DATA IS MISSING.
T  INDICATES TRACE AMOUNT.




$$

JMBW
