000
CDUS43 KICT 120700
CLICNU


CLIMATE REPORT
NATIONAL WEATHER SERVICE WICHITA KS
100 AM CST FRI JAN 12 2018


...................................

...THE CHANUTE KS CLIMATE SUMMARY FOR JANUARY 11 2018...

CLIMATE NORMAL PERIOD 1981 TO 2010
CLIMATE RECORD PERIOD 1894 TO 2018


WEATHER ITEM   OBSERVED TIME   RECORD YEAR NORMAL DEPARTURE LAST
                VALUE   (LST)  VALUE       VALUE  FROM      YEAR
                                                  NORMAL
..................................................................
TEMPERATURE (F)
 YESTERDAY
  MAXIMUM         MM        MM  73    2017  42     MM       73
  MINIMUM         MM        MM -12    1918  23     MM       29
  AVERAGE         MM                        32     MM       51

PRECIPITATION (IN)
  YESTERDAY       MM             0.25 1946   0.03  MM        0.00
  MONTH TO DATE    0.00                      0.43  -0.43     0.01
  SINCE DEC 1      0.24                      2.18  -1.94     0.79
  SINCE JAN 1      0.00                      0.43  -0.43     0.01

DEGREE DAYS
 HEATING
  YESTERDAY       MM                        33     MM       14
  MONTH TO DATE  328                       363    -35      347
  SINCE DEC 1   1190                      1304   -114     1289
  SINCE JUL 1   1891                      2156   -265     1767

 COOLING
  YESTERDAY       MM                         0     MM        0
  MONTH TO DATE    0                         0      0        0
  SINCE DEC 1      0                         0      0        0
  SINCE JAN 1      0                         0      0        0
..................................................................


WIND (MPH)
  HIGHEST WIND SPEED    MM   HIGHEST WIND DIRECTION    MM
  HIGHEST GUST SPEED    MM   HIGHEST GUST DIRECTION    MM
  AVERAGE WIND SPEED    MM


SKY COVER
  POSSIBLE SUNSHINE   0 PERCENT
  AVERAGE SKY COVER 0.0


WEATHER CONDITIONS
 THE FOLLOWING WEATHER WAS RECORDED YESTERDAY.
  NO SIGNIFICANT WEATHER WAS OBSERVED.


RELATIVE HUMIDITY (PERCENT)
 HIGHEST     0          1200 AM
 LOWEST      0          1200 AM
 AVERAGE     0

..........................................................


THE CHANUTE KS CLIMATE NORMALS FOR TODAY
                         NORMAL    RECORD    YEAR
 MAXIMUM TEMPERATURE (F)   42        70      1960
 MINIMUM TEMPERATURE (F)   23       -19      1918


SUNRISE AND SUNSET
JANUARY 12 2018.......SUNRISE   737 AM CST   SUNSET   524 PM CST
JANUARY 13 2018.......SUNRISE   736 AM CST   SUNSET   525 PM CST


-  INDICATES NEGATIVE NUMBERS.
R  INDICATES RECORD WAS SET OR TIED.
MM INDICATES DATA IS MISSING.
T  INDICATES TRACE AMOUNT.




$$
