000
CDUS43 KICT 090636
CLICNU


CLIMATE REPORT
NATIONAL WEATHER SERVICE WICHITA KS
136 AM CDT TUE SEP 9 2014


...................................

...THE CHANUTE KS CLIMATE SUMMARY FOR SEPTEMBER 8 2014...

CLIMATE NORMAL PERIOD 1981 TO 2010
CLIMATE RECORD PERIOD 1894 TO 2014


WEATHER ITEM   OBSERVED TIME   RECORD YEAR NORMAL DEPARTURE LAST
                VALUE   (LST)  VALUE       VALUE  FROM      YEAR
                                                  NORMAL
..................................................................
TEMPERATURE (F)
 YESTERDAY
  MAXIMUM         86    346 PM 103    1925  85      1       99
  MINIMUM         60    524 AM  42    1898  62     -2       73
  AVERAGE         73                        73      0       86

PRECIPITATION (IN)
  YESTERDAY        0.00          1.65 1972   0.11  -0.11     0.00
                                      1972
                                      2009
  MONTH TO DATE    0.48                      0.89  -0.41     0.00
  SINCE SEP 1      0.48                      0.89  -0.41     0.00
  SINCE JAN 1     20.96                     31.38 -10.42    35.62

DEGREE DAYS
 HEATING
  YESTERDAY        0                         0      0        0
  MONTH TO DATE    0                         0      0        0
  SINCE SEP 1      0                         0      0        0
  SINCE JUL 1      1                         1      0        0

 COOLING
  YESTERDAY        8                         9     -1       21
  MONTH TO DATE   82                        79      3      101
  SINCE SEP 1     82                        79      3      101
  SINCE JAN 1   1370                      1383    -13     1368
..................................................................


WIND (MPH)
  HIGHEST WIND SPEED    22   HIGHEST WIND DIRECTION     S (170)
  HIGHEST GUST SPEED    28   HIGHEST GUST DIRECTION     S (170)
  AVERAGE WIND SPEED    10.5


SKY COVER
  POSSIBLE SUNSHINE  MM
  AVERAGE SKY COVER 0.3


WEATHER CONDITIONS
 THE FOLLOWING WEATHER WAS RECORDED YESTERDAY.
  LIGHT RAIN


RELATIVE HUMIDITY (PERCENT)
 HIGHEST    97           400 AM
 LOWEST     55           300 PM
 AVERAGE    76

..........................................................


THE CHANUTE KS CLIMATE NORMALS FOR TODAY
                         NORMAL    RECORD    YEAR
 MAXIMUM TEMPERATURE (F)   84       103      1925
 MINIMUM TEMPERATURE (F)   62        44      1898


SUNRISE AND SUNSET
SEPTEMBER  9 2014.....SUNRISE   659 AM CDT   SUNSET   739 PM CDT
SEPTEMBER 10 2014.....SUNRISE   700 AM CDT   SUNSET   737 PM CDT


-  INDICATES NEGATIVE NUMBERS.
R  INDICATES RECORD WAS SET OR TIED.
MM INDICATES DATA IS MISSING.
T  INDICATES TRACE AMOUNT.




$$

JMBW
