907
CDUS43 KICT 290621
CLICNU

CLIMATE REPORT
NATIONAL WEATHER SERVICE WICHITA KS
120 AM CDT TUE AUG 29 2017


...................................

...THE CHANUTE KS CLIMATE SUMMARY FOR AUGUST 28 2017...

CLIMATE NORMAL PERIOD 1981 TO 2010
CLIMATE RECORD PERIOD 1894 TO 2017


WEATHER ITEM   OBSERVED TIME   RECORD YEAR NORMAL DEPARTURE LAST
                VALUE   (LST)  VALUE       VALUE  FROM      YEAR
                                                  NORMAL
..................................................................
TEMPERATURE (F)
 YESTERDAY
  MAXIMUM         85    322 PM 105    1954  88     -3       89
  MINIMUM         63   1141 PM  50    1986  66     -3       71
  AVERAGE         74                        77     -3       80

PRECIPITATION (IN)
  YESTERDAY        0.00          1.66 1975   0.11  -0.11     0.00
  MONTH TO DATE   11.33                      3.35   7.98     5.44
  SINCE JUN 1     15.56                     13.75   1.81    13.13
  SINCE JAN 1     36.64                     30.15   6.49    24.92

DEGREE DAYS
 HEATING
  YESTERDAY        0                         0      0        0
  MONTH TO DATE    0                         0      0        0
  SINCE JUN 1      0                         6     -6        0
  SINCE JUL 1      0                         0      0        0

 COOLING
  YESTERDAY        9                        12     -3       15
  MONTH TO DATE  301                       396    -95      396
  SINCE JUN 1   1122                      1137    -15     1331
  SINCE JAN 1   1289                      1270     19     1438
..................................................................


WIND (MPH)
  HIGHEST WIND SPEED    15   HIGHEST WIND DIRECTION     N (350)
  HIGHEST GUST SPEED    21   HIGHEST GUST DIRECTION     N (350)
  AVERAGE WIND SPEED     6.8


SKY COVER
  POSSIBLE SUNSHINE  MM
  AVERAGE SKY COVER 0.3


WEATHER CONDITIONS
 THE FOLLOWING WEATHER WAS RECORDED YESTERDAY.
  FOG
  FOG W/VISIBILITY <= 1/4 MILE


RELATIVE HUMIDITY (PERCENT)
 HIGHEST   100           200 AM
 LOWEST     34           300 PM
 AVERAGE    67

..........................................................


THE CHANUTE KS CLIMATE NORMALS FOR TODAY
                         NORMAL    RECORD    YEAR
 MAXIMUM TEMPERATURE (F)   88       105      1954
 MINIMUM TEMPERATURE (F)   66        45      1988


SUNRISE AND SUNSET
AUGUST 29 2017........SUNRISE   650 AM CDT   SUNSET   755 PM CDT
AUGUST 30 2017........SUNRISE   651 AM CDT   SUNSET   754 PM CDT


-  INDICATES NEGATIVE NUMBERS.
R  INDICATES RECORD WAS SET OR TIED.
MM INDICATES DATA IS MISSING.
T  INDICATES TRACE AMOUNT.




$$
