000
CDUS43 KICT 040703
CLICNU


CLIMATE REPORT
NATIONAL WEATHER SERVICE WICHITA KS
102 AM CST TUE MAR 4 2014


...................................

...THE CHANUTE KS CLIMATE SUMMARY FOR MARCH 3 2014...

CLIMATE NORMAL PERIOD 1981 TO 2010
CLIMATE RECORD PERIOD 1894 TO 2014


WEATHER ITEM   OBSERVED TIME   RECORD YEAR NORMAL DEPARTURE LAST
                VALUE   (LST)  VALUE       VALUE  FROM      YEAR
                                                  NORMAL
..................................................................
TEMPERATURE (F)
 YESTERDAY
  MAXIMUM         25    415 PM  84    1901  54    -29       54
  MINIMUM          1    703 AM   0    2002  32    -31       27
  AVERAGE         13                        43    -30       41

PRECIPITATION (IN)
  YESTERDAY        0.00          1.19 1988   0.09  -0.09     0.00
  MONTH TO DATE    T                         0.26  -0.26     0.00
  SINCE MAR 1      T                         0.26  -0.26     0.00
  SINCE JAN 1      0.97                      3.42  -2.45     5.76

DEGREE DAYS
 HEATING
  YESTERDAY       52                        22     30       24
  MONTH TO DATE  142                        68     74       98
  SINCE MAR 1    142                        68     74       98
  SINCE JUL 1   4162                      3640    522     3190

 COOLING
  YESTERDAY        0                         0      0        0
  MONTH TO DATE    0                         0      0        0
  SINCE MAR 1      0                         0      0        0
  SINCE JAN 1      0                         0      0        1
..................................................................


WIND (MPH)
  HIGHEST WIND SPEED    20   HIGHEST WIND DIRECTION     N (10)
  HIGHEST GUST SPEED    26   HIGHEST GUST DIRECTION     N (360)
  AVERAGE WIND SPEED     8.5


SKY COVER
  POSSIBLE SUNSHINE  MM
  AVERAGE SKY COVER 0.1


WEATHER CONDITIONS
 THE FOLLOWING WEATHER WAS RECORDED YESTERDAY.
  NO SIGNIFICANT WEATHER WAS OBSERVED.


RELATIVE HUMIDITY (PERCENT)
 HIGHEST    67          1000 PM
 LOWEST     36           400 PM
 AVERAGE    52

..........................................................


THE CHANUTE KS CLIMATE NORMALS FOR TODAY
                         NORMAL    RECORD    YEAR
 MAXIMUM TEMPERATURE (F)   54        81      1938
 MINIMUM TEMPERATURE (F)   32        -3      2002


SUNRISE AND SUNSET
MARCH  4 2014.........SUNRISE   649 AM CST   SUNSET   619 PM CST
MARCH  5 2014.........SUNRISE   648 AM CST   SUNSET   620 PM CST


-  INDICATES NEGATIVE NUMBERS.
R  INDICATES RECORD WAS SET OR TIED.
MM INDICATES DATA IS MISSING.
T  INDICATES TRACE AMOUNT.




$$
