000
CDUS43 KICT 310631
CLICNU


CLIMATE REPORT
NATIONAL WEATHER SERVICE WICHITA KS
1230 AM CST WED DEC 31 2014


...................................

...THE CHANUTE KS CLIMATE SUMMARY FOR DECEMBER 30 2014...

CLIMATE NORMAL PERIOD 1981 TO 2010
CLIMATE RECORD PERIOD 1894 TO 2014


WEATHER ITEM   OBSERVED TIME   RECORD YEAR NORMAL DEPARTURE LAST
                VALUE   (LST)  VALUE       VALUE  FROM      YEAR
                                                  NORMAL
..................................................................
TEMPERATURE (F)
 YESTERDAY
  MAXIMUM         33   1225 AM  70    2004  42     -9       32
  MINIMUM         15   1158 PM  -8    1983  23     -8       11
  AVERAGE         24                        32     -8       22

PRECIPITATION (IN)
  YESTERDAY        T             0.45 1945   0.04  -0.04     0.00
  MONTH TO DATE    2.37                      1.71   0.66     0.16
  SINCE DEC 1      2.37                      1.71   0.66     0.16
  SINCE JAN 1     31.88                     42.03 -10.15    47.75

DEGREE DAYS
 HEATING
  YESTERDAY       41                        33      8       43
  MONTH TO DATE  785                       907   -122     1003
  SINCE DEC 1    785                       907   -122     1003
  SINCE JUL 1   1727                      1759    -32     1923

 COOLING
  YESTERDAY        0                         0      0        0
  MONTH TO DATE    0                         0      0        0
  SINCE DEC 1      0                         0      0        0
  SINCE JAN 1   1512                      1532    -20     1560
..................................................................


WIND (MPH)
  HIGHEST WIND SPEED    23   HIGHEST WIND DIRECTION    NE (30)
  HIGHEST GUST SPEED    29   HIGHEST GUST DIRECTION    NE (30)
  AVERAGE WIND SPEED    13.3


SKY COVER
  POSSIBLE SUNSHINE  MM
  AVERAGE SKY COVER 1.0


WEATHER CONDITIONS
 THE FOLLOWING WEATHER WAS RECORDED YESTERDAY.
  LIGHT SNOW
  FOG
  HAZE


RELATIVE HUMIDITY (PERCENT)
 HIGHEST    85           500 AM
 LOWEST     50           400 PM
 AVERAGE    68

..........................................................


THE CHANUTE KS CLIMATE NORMALS FOR TODAY
                         NORMAL    RECORD    YEAR
 MAXIMUM TEMPERATURE (F)   42        72      1951
 MINIMUM TEMPERATURE (F)   23        -6      1968


SUNRISE AND SUNSET
DECEMBER 31 2014......SUNRISE   737 AM CST   SUNSET   513 PM CST
JANUARY  1 2015.......SUNRISE   737 AM CST   SUNSET   514 PM CST


-  INDICATES NEGATIVE NUMBERS.
R  INDICATES RECORD WAS SET OR TIED.
MM INDICATES DATA IS MISSING.
T  INDICATES TRACE AMOUNT.




$$
