839
CDUS43 KICT 040627
CLICNU


CLIMATE REPORT
NATIONAL WEATHER SERVICE WICHITA KS
127 AM CDT TUE APR 4 2017


...................................

...THE CHANUTE KS CLIMATE SUMMARY FOR APRIL 3 2017...

CLIMATE NORMAL PERIOD 1981 TO 2010
CLIMATE RECORD PERIOD 1894 TO 2017


WEATHER ITEM   OBSERVED TIME   RECORD YEAR NORMAL DEPARTURE LAST
                VALUE   (LST)  VALUE       VALUE  FROM      YEAR
                                                  NORMAL
..................................................................
TEMPERATURE (F)
 YESTERDAY
  MAXIMUM         67    306 PM  88    2011  64      3       79
  MINIMUM         54   1041 PM  14    1936  42     12       40
  AVERAGE         61                        53      8       60

PRECIPITATION (IN)
  YESTERDAY        0.51          2.19 1911   0.12   0.39     0.00
  MONTH TO DATE    1.93                      0.36   1.57     0.00
  SINCE MAR 1      3.95                      3.40   0.55     1.41
  SINCE JAN 1      6.10                      6.56  -0.46     2.49

DEGREE DAYS
 HEATING
  YESTERDAY        4                        13     -9        5
  MONTH TO DATE   22                        39    -17       40
  SINCE MAR 1    432                       598   -166      428
  SINCE JUL 1   3200                      4170   -970     3393

 COOLING
  YESTERDAY        0                         0      0        0
  MONTH TO DATE    0                         0      0        0
  SINCE MAR 1     17                         4     13        0
  SINCE JAN 1     20                         4     16        0
..................................................................


WIND (MPH)
  HIGHEST WIND SPEED    22   HIGHEST WIND DIRECTION     W (270)
  HIGHEST GUST SPEED    28   HIGHEST GUST DIRECTION     W (270)
  AVERAGE WIND SPEED    10.4


SKY COVER
  POSSIBLE SUNSHINE  MM
  AVERAGE SKY COVER 0.8


WEATHER CONDITIONS
 THE FOLLOWING WEATHER WAS RECORDED YESTERDAY.
  THUNDERSTORM
  HEAVY RAIN
  RAIN
  LIGHT RAIN
  FOG


RELATIVE HUMIDITY (PERCENT)
 HIGHEST    93          1200 AM
 LOWEST     63           300 PM
 AVERAGE    78

..........................................................


THE CHANUTE KS CLIMATE NORMALS FOR TODAY
                         NORMAL    RECORD    YEAR
 MAXIMUM TEMPERATURE (F)   64        86      1942
 MINIMUM TEMPERATURE (F)   42        21      1972


SUNRISE AND SUNSET
APRIL  4 2017.........SUNRISE   702 AM CDT   SUNSET   748 PM CDT
APRIL  5 2017.........SUNRISE   701 AM CDT   SUNSET   749 PM CDT


-  INDICATES NEGATIVE NUMBERS.
R  INDICATES RECORD WAS SET OR TIED.
MM INDICATES DATA IS MISSING.
T  INDICATES TRACE AMOUNT.




$$
