000
CDUS43 KICT 070648
CLICNU


CLIMATE REPORT
NATIONAL WEATHER SERVICE WICHITA KS
1246 AM CST SAT FEB 7 2015


...................................

...THE CHANUTE KS CLIMATE SUMMARY FOR FEBRUARY 6 2015...

CLIMATE NORMAL PERIOD 1981 TO 2010
CLIMATE RECORD PERIOD 1894 TO 2015


WEATHER ITEM   OBSERVED TIME   RECORD YEAR NORMAL DEPARTURE LAST
                VALUE   (LST)  VALUE       VALUE  FROM      YEAR
                                                  NORMAL
..................................................................
TEMPERATURE (F)
 YESTERDAY
  MAXIMUM         56    347 PM  70    2009  45     11       12
                                      1900
  MINIMUM         27   1221 AM  -9    1985  25      2        2
  AVERAGE         42                        35      7        7

PRECIPITATION (IN)
  YESTERDAY        0.00          1.12 1928   0.05  -0.05      T
  MONTH TO DATE    0.23                      0.30  -0.07     0.41
  SINCE DEC 1      3.23                      3.31  -0.08     0.68
  SINCE JAN 1      0.86                      1.56  -0.70     0.52

DEGREE DAYS
 HEATING
  YESTERDAY       23                        30     -7       58
  MONTH TO DATE  212                       184     28      278
  SINCE DEC 1   2004                      2131   -127     2397
  SINCE JUL 1   2946                      2983    -37     3317

 COOLING
  YESTERDAY        0                         0      0        0
  MONTH TO DATE    0                         0      0        0
  SINCE DEC 1      0                         0      0        0
  SINCE JAN 1      0                         0      0        0
..................................................................


WIND (MPH)
  HIGHEST WIND SPEED    25   HIGHEST WIND DIRECTION     S (200)
  HIGHEST GUST SPEED    32   HIGHEST GUST DIRECTION    SW (210)
  AVERAGE WIND SPEED    15.0


SKY COVER
  POSSIBLE SUNSHINE  MM
  AVERAGE SKY COVER 0.0


WEATHER CONDITIONS
 THE FOLLOWING WEATHER WAS RECORDED YESTERDAY.
  LIGHT SNOW


RELATIVE HUMIDITY (PERCENT)
 HIGHEST    85           400 AM
 LOWEST     43           300 PM
 AVERAGE    64

..........................................................


THE CHANUTE KS CLIMATE NORMALS FOR TODAY
                         NORMAL    RECORD    YEAR
 MAXIMUM TEMPERATURE (F)   46        72      2009
                                             1926
 MINIMUM TEMPERATURE (F)   25        -6      1933


SUNRISE AND SUNSET
FEBRUARY  7 2015......SUNRISE   720 AM CST   SUNSET   552 PM CST
FEBRUARY  8 2015......SUNRISE   719 AM CST   SUNSET   553 PM CST


-  INDICATES NEGATIVE NUMBERS.
R  INDICATES RECORD WAS SET OR TIED.
MM INDICATES DATA IS MISSING.
T  INDICATES TRACE AMOUNT.




$$
