490
CDUS43 KICT 020636
CLICNU


CLIMATE REPORT
NATIONAL WEATHER SERVICE WICHITA KS
135 AM CDT FRI JUN 2 2017


...................................

...THE CHANUTE KS CLIMATE SUMMARY FOR JUNE 1 2017...

CLIMATE NORMAL PERIOD 1981 TO 2010
CLIMATE RECORD PERIOD 1894 TO 2017


WEATHER ITEM   OBSERVED TIME   RECORD YEAR NORMAL DEPARTURE LAST
                VALUE   (LST)  VALUE       VALUE  FROM      YEAR
                                                  NORMAL
..................................................................
TEMPERATURE (F)
 YESTERDAY
  MAXIMUM         82    509 PM  97    1934  80      2       84
  MINIMUM         60    226 AM  45    2001  61     -1       61
  AVERAGE         71                        70      1       73

PRECIPITATION (IN)
  YESTERDAY        0.00          4.64 1941   0.24  -0.24     0.00
  MONTH TO DATE    0.00                      0.24  -0.24     0.00
  SINCE JUN 1      0.00                      0.24  -0.24     0.00
  SINCE JAN 1     21.08                     16.64   4.44    11.79

DEGREE DAYS
 HEATING
  YESTERDAY        0                         1     -1        0
  MONTH TO DATE    0                         1     -1        0
  SINCE JUN 1      0                         1     -1        0
  SINCE JUL 1   3452                      4478  -1026     3647

 COOLING
  YESTERDAY        6                         6      0        8
  MONTH TO DATE    6                         6      0        8
  SINCE JUN 1      6                         6      0        8
  SINCE JAN 1    173                       139     34      115
..................................................................


WIND (MPH)
  HIGHEST WIND SPEED    18   HIGHEST WIND DIRECTION    SE (130)
  HIGHEST GUST SPEED    22   HIGHEST GUST DIRECTION     N (350)
  AVERAGE WIND SPEED     8.6


SKY COVER
  POSSIBLE SUNSHINE  MM
  AVERAGE SKY COVER 0.1


WEATHER CONDITIONS
 THE FOLLOWING WEATHER WAS RECORDED YESTERDAY.
  NO SIGNIFICANT WEATHER WAS OBSERVED.


RELATIVE HUMIDITY (PERCENT)
 HIGHEST    90           200 AM
 LOWEST     58          1100 AM
 AVERAGE    74

..........................................................


THE CHANUTE KS CLIMATE NORMALS FOR TODAY
                         NORMAL    RECORD    YEAR
 MAXIMUM TEMPERATURE (F)   80        98      1911
 MINIMUM TEMPERATURE (F)   61        47      1969


SUNRISE AND SUNSET
JUNE  2 2017..........SUNRISE   602 AM CDT   SUNSET   839 PM CDT
JUNE  3 2017..........SUNRISE   601 AM CDT   SUNSET   839 PM CDT


-  INDICATES NEGATIVE NUMBERS.
R  INDICATES RECORD WAS SET OR TIED.
MM INDICATES DATA IS MISSING.
T  INDICATES TRACE AMOUNT.




$$
