000
CDUS43 KICT 080634
CLICNU


CLIMATE REPORT
NATIONAL WEATHER SERVICE WICHITA KS
134 AM CDT WED JUL 8 2015


...................................

...THE CHANUTE KS CLIMATE SUMMARY FOR JULY 7 2015...

CLIMATE NORMAL PERIOD 1981 TO 2010
CLIMATE RECORD PERIOD 1894 TO 2015


WEATHER ITEM   OBSERVED TIME   RECORD YEAR NORMAL DEPARTURE LAST
                VALUE   (LST)  VALUE       VALUE  FROM      YEAR
                                                  NORMAL
..................................................................
TEMPERATURE (F)
 YESTERDAY
  MAXIMUM         73   1232 AM 105    1918  89    -16       92
  MINIMUM         62    857 AM  52    1915  69     -7       73
  AVERAGE         68                        79    -11       83

PRECIPITATION (IN)
  YESTERDAY        0.25          3.55 1899   0.16   0.09      T
  MONTH TO DATE    3.02                      1.11   1.91     0.60
  SINCE JUN 1      5.39                      7.14  -1.75     8.65
  SINCE JAN 1     23.36                     23.54  -0.18    18.11

DEGREE DAYS
 HEATING
  YESTERDAY        0                         0      0        0
  MONTH TO DATE    0                         0      0        0
  SINCE JUN 1      0                         6     -6        0
  SINCE JUL 1      0                         0      0        0

 COOLING
  YESTERDAY        3                        14    -11       18
  MONTH TO DATE   87                        96     -9       69
  SINCE JUN 1    478                       388     90      367
  SINCE JAN 1    587                       521     66      559
..................................................................


WIND (MPH)
  HIGHEST WIND SPEED    18   HIGHEST WIND DIRECTION    NE (40)
  HIGHEST GUST SPEED    27   HIGHEST GUST DIRECTION    NE (40)
  AVERAGE WIND SPEED     9.5


SKY COVER
  POSSIBLE SUNSHINE  MM
  AVERAGE SKY COVER 1.0


WEATHER CONDITIONS
 THE FOLLOWING WEATHER WAS RECORDED YESTERDAY.
  RAIN
  LIGHT RAIN
  FOG
  HAZE


RELATIVE HUMIDITY (PERCENT)
 HIGHEST   100           100 AM
 LOWEST     81           200 PM
 AVERAGE    91

..........................................................


THE CHANUTE KS CLIMATE NORMALS FOR TODAY
                         NORMAL    RECORD    YEAR
 MAXIMUM TEMPERATURE (F)   89       105      1917
 MINIMUM TEMPERATURE (F)   69        56      1952


SUNRISE AND SUNSET
JULY  8 2015..........SUNRISE   608 AM CDT   SUNSET   846 PM CDT
JULY  9 2015..........SUNRISE   608 AM CDT   SUNSET   846 PM CDT


-  INDICATES NEGATIVE NUMBERS.
R  INDICATES RECORD WAS SET OR TIED.
MM INDICATES DATA IS MISSING.
T  INDICATES TRACE AMOUNT.




$$
