000
CDUS43 KICT 060625
CLICNU

CLIMATE REPORT
NATIONAL WEATHER SERVICE WICHITA KS
1225 AM CST FRI MAR 6 2015


...................................

...THE CHANUTE KS CLIMATE SUMMARY FOR MARCH 5 2015...

CLIMATE NORMAL PERIOD 1981 TO 2010
CLIMATE RECORD PERIOD 1894 TO 2015


WEATHER ITEM   OBSERVED TIME   RECORD YEAR NORMAL DEPARTURE LAST
                VALUE   (LST)  VALUE       VALUE  FROM      YEAR
                                                  NORMAL
..................................................................
TEMPERATURE (F)
 YESTERDAY
  MAXIMUM         40    420 PM  86    1956  54    -14       48
  MINIMUM         14    702 AM   4    1960  33    -19       22
  AVERAGE         27                        44    -17       35

PRECIPITATION (IN)
  YESTERDAY        0.00          1.38 1992   0.10  -0.10     0.00
  MONTH TO DATE    T                         0.46  -0.46     0.01
  SINCE MAR 1      T                         0.46  -0.46     0.01
  SINCE JAN 1      1.31                      3.62  -2.31     0.98

DEGREE DAYS
 HEATING
  YESTERDAY       38                        22     16       30
  MONTH TO DATE  176                       112     64      211
  SINCE MAR 1    176                       112     64      211
  SINCE JUL 1   3866                      3684    182     4231

 COOLING
  YESTERDAY        0                         0      0        0
  MONTH TO DATE    0                         0      0        0
  SINCE MAR 1      0                         0      0        0
  SINCE JAN 1      0                         0      0        0
..................................................................


WIND (MPH)
  HIGHEST WIND SPEED    12   HIGHEST WIND DIRECTION     S (170)
  HIGHEST GUST SPEED    14   HIGHEST GUST DIRECTION    NE (30)
  AVERAGE WIND SPEED     5.6


SKY COVER
  POSSIBLE SUNSHINE  MM
  AVERAGE SKY COVER 0.0


WEATHER CONDITIONS
 THE FOLLOWING WEATHER WAS RECORDED YESTERDAY.
  NO SIGNIFICANT WEATHER WAS OBSERVED.


RELATIVE HUMIDITY (PERCENT)
 HIGHEST    80           300 AM
 LOWEST     33           400 PM
 AVERAGE    57

..........................................................


THE CHANUTE KS CLIMATE NORMALS FOR TODAY
                         NORMAL    RECORD    YEAR
 MAXIMUM TEMPERATURE (F)   55        81      1925
 MINIMUM TEMPERATURE (F)   33         4      1960


SUNRISE AND SUNSET
MARCH  6 2015.........SUNRISE   647 AM CST   SUNSET   620 PM CST
MARCH  7 2015.........SUNRISE   645 AM CST   SUNSET   621 PM CST


-  INDICATES NEGATIVE NUMBERS.
R  INDICATES RECORD WAS SET OR TIED.
MM INDICATES DATA IS MISSING.
T  INDICATES TRACE AMOUNT.




$$
