000
CDUS43 KICT 050634
CLICNU

CLIMATE REPORT
NATIONAL WEATHER SERVICE WICHITA KS
1233 AM CST THU FEB 5 2015


...................................

...THE CHANUTE KS CLIMATE SUMMARY FOR FEBRUARY 4 2015...

CLIMATE NORMAL PERIOD 1981 TO 2010
CLIMATE RECORD PERIOD 1894 TO 2015


WEATHER ITEM   OBSERVED TIME   RECORD YEAR NORMAL DEPARTURE LAST
                VALUE   (LST)  VALUE       VALUE  FROM      YEAR
                                                  NORMAL
..................................................................
TEMPERATURE (F)
 YESTERDAY
  MAXIMUM         38    905 AM  76    2008  45     -7       32
  MINIMUM         17   1159 PM  -6    1996  24     -7       19
  AVERAGE         28                        34     -6       26

PRECIPITATION (IN)
  YESTERDAY        T             1.24 1960   0.05  -0.05     0.40
  MONTH TO DATE    0.23                      0.20   0.03     0.41
  SINCE DEC 1      3.23                      3.21   0.02     0.68
  SINCE JAN 1      0.86                      1.46  -0.60     0.52

DEGREE DAYS
 HEATING
  YESTERDAY       37                        31      6       39
  MONTH TO DATE  146                       124     22      166
  SINCE DEC 1   1938                      2071   -133     2285
  SINCE JUL 1   2880                      2923    -43     3205

 COOLING
  YESTERDAY        0                         0      0        0
  MONTH TO DATE    0                         0      0        0
  SINCE DEC 1      0                         0      0        0
  SINCE JAN 1      0                         0      0        0
..................................................................


WIND (MPH)
  HIGHEST WIND SPEED    24   HIGHEST WIND DIRECTION     N (10)
  HIGHEST GUST SPEED    33   HIGHEST GUST DIRECTION     N (10)
  AVERAGE WIND SPEED    12.6


SKY COVER
  POSSIBLE SUNSHINE  MM
  AVERAGE SKY COVER 0.4


WEATHER CONDITIONS
 THE FOLLOWING WEATHER WAS RECORDED YESTERDAY.
  LIGHT SNOW
  FOG
  HAZE


RELATIVE HUMIDITY (PERCENT)
 HIGHEST    88           400 PM
 LOWEST     70          1200 AM
 AVERAGE    79

..........................................................


THE CHANUTE KS CLIMATE NORMALS FOR TODAY
                         NORMAL    RECORD    YEAR
 MAXIMUM TEMPERATURE (F)   45        68      1963
 MINIMUM TEMPERATURE (F)   24        -6      1979


SUNRISE AND SUNSET
FEBRUARY  5 2015......SUNRISE   722 AM CST   SUNSET   550 PM CST
FEBRUARY  6 2015......SUNRISE   721 AM CST   SUNSET   551 PM CST


-  INDICATES NEGATIVE NUMBERS.
R  INDICATES RECORD WAS SET OR TIED.
MM INDICATES DATA IS MISSING.
T  INDICATES TRACE AMOUNT.




$$
