000
CDUS43 KICT 280645
CLICNU


CLIMATE REPORT
NATIONAL WEATHER SERVICE WICHITA KS
145 AM CDT THU AUG 28 2014


...................................

...THE CHANUTE KS CLIMATE SUMMARY FOR AUGUST 27 2014...

CLIMATE NORMAL PERIOD 1981 TO 2010
CLIMATE RECORD PERIOD 1894 TO 2014


WEATHER ITEM   OBSERVED TIME   RECORD YEAR NORMAL DEPARTURE LAST
                VALUE   (LST)  VALUE       VALUE  FROM      YEAR
                                                  NORMAL
..................................................................
TEMPERATURE (F)
 YESTERDAY
  MAXIMUM         97    426 PM 106    2000  89      8       93
  MINIMUM         70    535 AM  45    1910  66      4       67
  AVERAGE         84                        77      7       80

PRECIPITATION (IN)
  YESTERDAY        0.00          2.25 1982   0.12  -0.12     0.00
  MONTH TO DATE    1.36                      3.24  -1.88     3.91
  SINCE JUN 1     11.02                     13.64  -2.62    17.06
  SINCE JAN 1     20.48                     30.04  -9.56    35.62

DEGREE DAYS
 HEATING
  YESTERDAY        0                         0      0        0
  MONTH TO DATE    0                         0      0        0
  SINCE JUN 1      1                         6     -5       10
  SINCE JUL 1      1                         0      1        0

 COOLING
  YESTERDAY       19                        12      7       15
  MONTH TO DATE  419                       384     35      325
  SINCE JUN 1   1027                      1125    -98     1066
  SINCE JAN 1   1219                      1258    -39     1189
..................................................................


WIND (MPH)
  HIGHEST WIND SPEED    14   HIGHEST WIND DIRECTION     E (110)
  HIGHEST GUST SPEED    18   HIGHEST GUST DIRECTION     E (110)
  AVERAGE WIND SPEED     6.7


SKY COVER
  POSSIBLE SUNSHINE  MM
  AVERAGE SKY COVER 0.1


WEATHER CONDITIONS
 THE FOLLOWING WEATHER WAS RECORDED YESTERDAY.
  NO SIGNIFICANT WEATHER WAS OBSERVED.


RELATIVE HUMIDITY (PERCENT)
 HIGHEST    84           500 AM
 LOWEST     33           200 PM
 AVERAGE    59

..........................................................


THE CHANUTE KS CLIMATE NORMALS FOR TODAY
                         NORMAL    RECORD    YEAR
 MAXIMUM TEMPERATURE (F)   88       105      1954
 MINIMUM TEMPERATURE (F)   66        50      1986


SUNRISE AND SUNSET
AUGUST 28 2014........SUNRISE   649 AM CDT   SUNSET   757 PM CDT
AUGUST 29 2014........SUNRISE   650 AM CDT   SUNSET   755 PM CDT


-  INDICATES NEGATIVE NUMBERS.
R  INDICATES RECORD WAS SET OR TIED.
MM INDICATES DATA IS MISSING.
T  INDICATES TRACE AMOUNT.




$$
