000
CDUS43 KICT 120659
CLICNU


CLIMATE REPORT
NATIONAL WEATHER SERVICE WICHITA KS
1258 AM CST SAT NOV 12 2016


...................................

...THE CHANUTE KS CLIMATE SUMMARY FOR NOVEMBER 11 2016...

CLIMATE NORMAL PERIOD 1981 TO 2010
CLIMATE RECORD PERIOD 1894 TO 2016


WEATHER ITEM   OBSERVED TIME   RECORD YEAR NORMAL DEPARTURE LAST
                VALUE   (LST)  VALUE       VALUE  FROM      YEAR
                                                  NORMAL
..................................................................
TEMPERATURE (F)
 YESTERDAY
  MAXIMUM         65    218 PM  82    1989  59      6       77
  MINIMUM         40    341 AM  14    1911  38      2       43
  AVERAGE         53                        49      4       60

PRECIPITATION (IN)
  YESTERDAY        0.00          1.77 1964   0.10  -0.10     0.00
  MONTH TO DATE    0.30                      0.99  -0.69      T
  SINCE SEP 1     10.72                      8.32   2.40     2.89
  SINCE JAN 1     35.95                     38.81  -2.86    34.20

DEGREE DAYS
 HEATING
  YESTERDAY       12                        16     -4        5
  MONTH TO DATE   80                       157    -77      110
  SINCE SEP 1    178                       444   -266      290
  SINCE JUL 1    178                       445   -267      290

 COOLING
  YESTERDAY        0                         0      0        0
  MONTH TO DATE   15                         0     15        0
  SINCE SEP 1    360                       225    135      293
  SINCE JAN 1   1841                      1529    312     1612
..................................................................


WIND (MPH)
  HIGHEST WIND SPEED    20   HIGHEST WIND DIRECTION     N (20)
  HIGHEST GUST SPEED    25   HIGHEST GUST DIRECTION     N (20)
  AVERAGE WIND SPEED     8.6


SKY COVER
  POSSIBLE SUNSHINE  MM
  AVERAGE SKY COVER 0.0


WEATHER CONDITIONS
 THE FOLLOWING WEATHER WAS RECORDED YESTERDAY.
  LIGHT RAIN


RELATIVE HUMIDITY (PERCENT)
 HIGHEST    92           600 AM
 LOWEST     39           500 PM
 AVERAGE    66

..........................................................


THE CHANUTE KS CLIMATE NORMALS FOR TODAY
                         NORMAL    RECORD    YEAR
 MAXIMUM TEMPERATURE (F)   59        82      1999
 MINIMUM TEMPERATURE (F)   38         8      1911


SUNRISE AND SUNSET
NOVEMBER 12 2016......SUNRISE   659 AM CST   SUNSET   513 PM CST
NOVEMBER 13 2016......SUNRISE   700 AM CST   SUNSET   512 PM CST


-  INDICATES NEGATIVE NUMBERS.
R  INDICATES RECORD WAS SET OR TIED.
MM INDICATES DATA IS MISSING.
T  INDICATES TRACE AMOUNT.




$$
