890
CDUS43 KICT 310635
CLICNU


CLIMATE REPORT
NATIONAL WEATHER SERVICE WICHITA KS
134 AM CDT TUE OCT 31 2017


...................................

...THE CHANUTE KS CLIMATE SUMMARY FOR OCTOBER 30 2017...

CLIMATE NORMAL PERIOD 1981 TO 2010
CLIMATE RECORD PERIOD 1894 TO 2017


WEATHER ITEM   OBSERVED TIME   RECORD YEAR NORMAL DEPARTURE LAST
                VALUE   (LST)  VALUE       VALUE  FROM      YEAR
                                                  NORMAL
..................................................................
TEMPERATURE (F)
 YESTERDAY
  MAXIMUM         53    227 PM  90    1937  65    -12       67
  MINIMUM         32   1159 PM  22    1993  43    -11       57
  AVERAGE         43                        54    -11       62

PRECIPITATION (IN)
  YESTERDAY        0.00          4.95 1961   0.10  -0.10     0.00
  MONTH TO DATE    5.03                      3.57   1.46     3.51
  SINCE SEP 1      8.62                      7.24   1.38    10.42
  SINCE JAN 1     45.26                     37.73   7.53    35.65

DEGREE DAYS
 HEATING
  YESTERDAY       22                        12     10        3
  MONTH TO DATE  190                       229    -39       87
  SINCE SEP 1    197                       275    -78       98
  SINCE JUL 1    197                       276    -79       98

 COOLING
  YESTERDAY        0                         0      0        0
  MONTH TO DATE   79                        31     48       80
  SINCE SEP 1    309                       224     85      341
  SINCE JAN 1   1616                      1528     88     1822
..................................................................


WIND (MPH)
  HIGHEST WIND SPEED    18   HIGHEST WIND DIRECTION     N (350)
  HIGHEST GUST SPEED    25   HIGHEST GUST DIRECTION     N (350)
  AVERAGE WIND SPEED     9.7


SKY COVER
  POSSIBLE SUNSHINE  MM
  AVERAGE SKY COVER 0.1


WEATHER CONDITIONS
 THE FOLLOWING WEATHER WAS RECORDED YESTERDAY.
  NO SIGNIFICANT WEATHER WAS OBSERVED.


RELATIVE HUMIDITY (PERCENT)
 HIGHEST    76           400 AM
 LOWEST     30           300 PM
 AVERAGE    53

..........................................................


THE CHANUTE KS CLIMATE NORMALS FOR TODAY
                         NORMAL    RECORD    YEAR
 MAXIMUM TEMPERATURE (F)   64        86      1950
 MINIMUM TEMPERATURE (F)   43        17      1993


SUNRISE AND SUNSET
OCTOBER 31 2017.......SUNRISE   746 AM CDT   SUNSET   624 PM CDT
NOVEMBER  1 2017......SUNRISE   747 AM CDT   SUNSET   623 PM CDT


-  INDICATES NEGATIVE NUMBERS.
R  INDICATES RECORD WAS SET OR TIED.
MM INDICATES DATA IS MISSING.
T  INDICATES TRACE AMOUNT.




$$
