000
CDUS43 KICT 030628
CLICNU

CLIMATE REPORT
NATIONAL WEATHER SERVICE WICHITA KS
1227 AM CST FRI MAR 3 2017


...................................

...THE CHANUTE KS CLIMATE SUMMARY FOR MARCH 2 2017...

CLIMATE NORMAL PERIOD 1981 TO 2010
CLIMATE RECORD PERIOD 1894 TO 2017


WEATHER ITEM   OBSERVED TIME   RECORD YEAR NORMAL DEPARTURE LAST
                VALUE   (LST)  VALUE       VALUE  FROM      YEAR
                                                  NORMAL
..................................................................
TEMPERATURE (F)
 YESTERDAY
  MAXIMUM         62    324 PM  86    1901  53      9       65
  MINIMUM         23    541 AM   3    1980  32     -9       27
  AVERAGE         43                        42      1       46

PRECIPITATION (IN)
  YESTERDAY        0.00          1.50 1912   0.08  -0.08     0.00
  MONTH TO DATE    0.00                      0.17  -0.17      T
  SINCE MAR 1      0.00                      0.17  -0.17      T
  SINCE JAN 1      2.15                      3.33  -1.18     1.08

DEGREE DAYS
 HEATING
  YESTERDAY       22                        23     -1       19
  MONTH TO DATE   44                        46     -2       39
  SINCE MAR 1     44                        46     -2       39
  SINCE JUL 1   2812                      3618   -806     3004

 COOLING
  YESTERDAY        0                         0      0        0
  MONTH TO DATE    0                         0      0        0
  SINCE MAR 1      0                         0      0        0
  SINCE JAN 1      3                         0      3        0
..................................................................


WIND (MPH)
  HIGHEST WIND SPEED    29   HIGHEST WIND DIRECTION    NW (310)
  HIGHEST GUST SPEED    40   HIGHEST GUST DIRECTION    NW (310)
  AVERAGE WIND SPEED     9.3


SKY COVER
  POSSIBLE SUNSHINE  MM
  AVERAGE SKY COVER 0.1


WEATHER CONDITIONS
 THE FOLLOWING WEATHER WAS RECORDED YESTERDAY.
  NO SIGNIFICANT WEATHER WAS OBSERVED.


RELATIVE HUMIDITY (PERCENT)
 HIGHEST    81           300 AM
 LOWEST     19           100 PM
 AVERAGE    50

..........................................................


THE CHANUTE KS CLIMATE NORMALS FOR TODAY
                         NORMAL    RECORD    YEAR
 MAXIMUM TEMPERATURE (F)   54        84      1901
 MINIMUM TEMPERATURE (F)   32         0      2002


SUNRISE AND SUNSET
MARCH  3 2017.........SUNRISE   650 AM CST   SUNSET   618 PM CST
MARCH  4 2017.........SUNRISE   649 AM CST   SUNSET   619 PM CST


-  INDICATES NEGATIVE NUMBERS.
R  INDICATES RECORD WAS SET OR TIED.
MM INDICATES DATA IS MISSING.
T  INDICATES TRACE AMOUNT.




$$
