000
CDUS43 KICT 201245
CLICNU


CLIMATE REPORT
NATIONAL WEATHER SERVICE WICHITA KS
745 AM CDT THU AUG 20 2015


...................................

...THE CHANUTE KS CLIMATE SUMMARY FOR AUGUST 19 2015...

CLIMATE NORMAL PERIOD 1981 TO 2010
CLIMATE RECORD PERIOD 1894 TO 2015


WEATHER ITEM   OBSERVED TIME   RECORD YEAR NORMAL DEPARTURE LAST
                VALUE   (LST)  VALUE       VALUE  FROM      YEAR
                                                  NORMAL
..................................................................
TEMPERATURE (F)
 YESTERDAY
  MAXIMUM         75    526 PM 105    1936  90    -15       98
  MINIMUM         56   1133 PM  51    2001  68    -12       71
  AVERAGE         66                        79    -13       85

PRECIPITATION (IN)
  YESTERDAY        0.05          2.53 2009   0.11  -0.06     0.20
  MONTH TO DATE    3.07                      2.30   0.77     1.36
  SINCE JUN 1     10.24                     12.70  -2.46    11.02
  SINCE JAN 1     28.21                     29.10  -0.89    20.48

DEGREE DAYS
 HEATING
  YESTERDAY        0                         0      0        0
  MONTH TO DATE    0                         0      0        0
  SINCE JUN 1      0                         6     -6        1
  SINCE JUL 1      0                         0      0        1

 COOLING
  YESTERDAY        1                        14    -13       20
  MONTH TO DATE  249                       279    -30      251
  SINCE JUN 1   1126                      1020    106      859
  SINCE JAN 1   1235                      1153     82     1051
..................................................................


WIND (MPH)
  HIGHEST WIND SPEED    20   HIGHEST WIND DIRECTION    NW (330)
  HIGHEST GUST SPEED    25   HIGHEST GUST DIRECTION    NW (330)
  AVERAGE WIND SPEED     9.1


SKY COVER
  POSSIBLE SUNSHINE  MM
  AVERAGE SKY COVER 0.2


WEATHER CONDITIONS
 THE FOLLOWING WEATHER WAS RECORDED YESTERDAY.
  LIGHT RAIN


RELATIVE HUMIDITY (PERCENT)
 HIGHEST    90          1200 AM
 LOWEST     38           500 PM
 AVERAGE    64

..........................................................


THE CHANUTE KS CLIMATE NORMALS FOR TODAY
                         NORMAL    RECORD    YEAR
 MAXIMUM TEMPERATURE (F)   90       103      1962
 MINIMUM TEMPERATURE (F)   68        50      1940


SUNRISE AND SUNSET
AUGUST 20 2015........SUNRISE   642 AM CDT   SUNSET   808 PM CDT
AUGUST 21 2015........SUNRISE   643 AM CDT   SUNSET   807 PM CDT


-  INDICATES NEGATIVE NUMBERS.
R  INDICATES RECORD WAS SET OR TIED.
MM INDICATES DATA IS MISSING.
T  INDICATES TRACE AMOUNT.




$$
