126
CDUS43 KICT 280623
CLICNU


CLIMATE REPORT
NATIONAL WEATHER SERVICE WICHITA KS
123 AM CDT THU SEP 28 2017


...................................

...THE CHANUTE KS CLIMATE SUMMARY FOR SEPTEMBER 27 2017...

CLIMATE NORMAL PERIOD 1981 TO 2010
CLIMATE RECORD PERIOD 1894 TO 2017


WEATHER ITEM   OBSERVED TIME   RECORD YEAR NORMAL DEPARTURE LAST
                VALUE   (LST)  VALUE       VALUE  FROM      YEAR
                                                  NORMAL
..................................................................
TEMPERATURE (F)
 YESTERDAY
  MAXIMUM         66    534 PM  93    1956  76    -10       82
  MINIMUM         56   1155 PM  31    1942  54      2       50
  AVERAGE         61                        65     -4       66

PRECIPITATION (IN)
  YESTERDAY        0.02          5.10 1900   0.15  -0.13     0.00
  MONTH TO DATE    2.59                      3.27  -0.68     6.91
  SINCE SEP 1      2.59                      3.27  -0.68     6.91
  SINCE JAN 1     39.23                     33.76   5.47    32.14

DEGREE DAYS
 HEATING
  YESTERDAY        4                         3      1        0
  MONTH TO DATE    7                        34    -27        3
  SINCE SEP 1      7                        34    -27        3
  SINCE JUL 1      7                        35    -28        3

 COOLING
  YESTERDAY        0                         3     -3        1
  MONTH TO DATE  226                       185     41      261
  SINCE SEP 1    226                       185     41      261
  SINCE JAN 1   1533                      1489     44     1742
..................................................................


WIND (MPH)
  HIGHEST WIND SPEED    14   HIGHEST WIND DIRECTION    NE (30)
  HIGHEST GUST SPEED    20   HIGHEST GUST DIRECTION    NE (40)
  AVERAGE WIND SPEED     8.8


SKY COVER
  POSSIBLE SUNSHINE  MM
  AVERAGE SKY COVER 0.6


WEATHER CONDITIONS
 THE FOLLOWING WEATHER WAS RECORDED YESTERDAY.
  LIGHT RAIN


RELATIVE HUMIDITY (PERCENT)
 HIGHEST    90          1200 AM
 LOWEST     67           700 PM
 AVERAGE    79

..........................................................


THE CHANUTE KS CLIMATE NORMALS FOR TODAY
                         NORMAL    RECORD    YEAR
 MAXIMUM TEMPERATURE (F)   76        99      1953
 MINIMUM TEMPERATURE (F)   53        34      1909


SUNRISE AND SUNSET
SEPTEMBER 28 2017.....SUNRISE   715 AM CDT   SUNSET   709 PM CDT
SEPTEMBER 29 2017.....SUNRISE   716 AM CDT   SUNSET   708 PM CDT


-  INDICATES NEGATIVE NUMBERS.
R  INDICATES RECORD WAS SET OR TIED.
MM INDICATES DATA IS MISSING.
T  INDICATES TRACE AMOUNT.




$$
