000
CDUS43 KICT 090635
CLICNU


CLIMATE REPORT
NATIONAL WEATHER SERVICE WICHITA KS
135 AM CDT THU JUL 9 2015


...................................

...THE CHANUTE KS CLIMATE SUMMARY FOR JULY 8 2015...

CLIMATE NORMAL PERIOD 1981 TO 2010
CLIMATE RECORD PERIOD 1894 TO 2015


WEATHER ITEM   OBSERVED TIME   RECORD YEAR NORMAL DEPARTURE LAST
                VALUE   (LST)  VALUE       VALUE  FROM      YEAR
                                                  NORMAL
..................................................................
TEMPERATURE (F)
 YESTERDAY
  MAXIMUM         72    311 PM 105    1917  89    -17       85
  MINIMUM         64    544 AM  56    1952  69     -5       65
  AVERAGE         68                        79    -11       75

PRECIPITATION (IN)
  YESTERDAY        1.02          2.61 2010   0.15   0.87     0.07
  MONTH TO DATE    4.04                      1.26   2.78     0.67
  SINCE JUN 1      6.41                      7.29  -0.88     8.72
  SINCE JAN 1     24.38                     23.69   0.69    18.18

DEGREE DAYS
 HEATING
  YESTERDAY        0                         0      0        0
  MONTH TO DATE    0                         0      0        0
  SINCE JUN 1      0                         6     -6        0
  SINCE JUL 1      0                         0      0        0

 COOLING
  YESTERDAY        3                        14    -11       10
  MONTH TO DATE   90                       110    -20       79
  SINCE JUN 1    481                       402     79      377
  SINCE JAN 1    590                       535     55      569
..................................................................


WIND (MPH)
  HIGHEST WIND SPEED    14   HIGHEST WIND DIRECTION    NE (40)
  HIGHEST GUST SPEED    19   HIGHEST GUST DIRECTION    NE (40)
  AVERAGE WIND SPEED     6.6


SKY COVER
  POSSIBLE SUNSHINE  MM
  AVERAGE SKY COVER 1.0


WEATHER CONDITIONS
 THE FOLLOWING WEATHER WAS RECORDED YESTERDAY.
  HEAVY RAIN
  RAIN
  LIGHT RAIN
  FOG


RELATIVE HUMIDITY (PERCENT)
 HIGHEST   100           600 AM
 LOWEST     79           600 PM
 AVERAGE    90

..........................................................


THE CHANUTE KS CLIMATE NORMALS FOR TODAY
                         NORMAL    RECORD    YEAR
 MAXIMUM TEMPERATURE (F)   89       107      1980
 MINIMUM TEMPERATURE (F)   69        55      1947


SUNRISE AND SUNSET
JULY  9 2015..........SUNRISE   608 AM CDT   SUNSET   846 PM CDT
JULY 10 2015..........SUNRISE   609 AM CDT   SUNSET   845 PM CDT


-  INDICATES NEGATIVE NUMBERS.
R  INDICATES RECORD WAS SET OR TIED.
MM INDICATES DATA IS MISSING.
T  INDICATES TRACE AMOUNT.




$$
