000
CDUS43 KICT 030655
CLICNU


CLIMATE REPORT
NATIONAL WEATHER SERVICE WICHITA KS
1254 AM CST MON MAR 3 2014


...................................

...THE CHANUTE KS CLIMATE SUMMARY FOR MARCH 2 2014...

CLIMATE NORMAL PERIOD 1981 TO 2010
CLIMATE RECORD PERIOD 1894 TO 2014


WEATHER ITEM   OBSERVED TIME   RECORD YEAR NORMAL DEPARTURE LAST
                VALUE   (LST)  VALUE       VALUE  FROM      YEAR
                                                  NORMAL
..................................................................
TEMPERATURE (F)
 YESTERDAY
  MAXIMUM         16   1211 AM  86    1901  53    -37       36
  MINIMUM          5   1159 PM   3    1980  32    -27       19
  AVERAGE         11                        42    -31       28

PRECIPITATION (IN)
  YESTERDAY       MM             1.50 1912   0.08  MM        0.00
  MONTH TO DATE    T                         0.17  -0.17     0.00
  SINCE MAR 1      T                         0.17  -0.17     0.00
  SINCE JAN 1      0.97                      3.33  -2.36     5.76

DEGREE DAYS
 HEATING
  YESTERDAY       54                        23     31       37
  MONTH TO DATE   90                        46     44       74
  SINCE MAR 1     90                        46     44       74
  SINCE JUL 1   4110                      3618    492     3166

 COOLING
  YESTERDAY        0                         0      0        0
  MONTH TO DATE    0                         0      0        0
  SINCE MAR 1      0                         0      0        0
  SINCE JAN 1      0                         0      0        1
..................................................................


WIND (MPH)
  HIGHEST WIND SPEED    24   HIGHEST WIND DIRECTION     N (10)
  HIGHEST GUST SPEED    32   HIGHEST GUST DIRECTION     N (10)
  AVERAGE WIND SPEED    18.3


SKY COVER
  POSSIBLE SUNSHINE  MM
  AVERAGE SKY COVER 1.0


WEATHER CONDITIONS
 THE FOLLOWING WEATHER WAS RECORDED YESTERDAY.
  LIGHT SNOW
  FOG
  HAZE
  BLOWING SNOW


RELATIVE HUMIDITY (PERCENT)
 HIGHEST    88          1200 AM
 LOWEST     69           700 PM
 AVERAGE    79

..........................................................


THE CHANUTE KS CLIMATE NORMALS FOR TODAY
                         NORMAL    RECORD    YEAR
 MAXIMUM TEMPERATURE (F)   54        84      1901
 MINIMUM TEMPERATURE (F)   32         0      2002


SUNRISE AND SUNSET
MARCH  3 2014.........SUNRISE   651 AM CST   SUNSET   618 PM CST
MARCH  4 2014.........SUNRISE   649 AM CST   SUNSET   619 PM CST


-  INDICATES NEGATIVE NUMBERS.
R  INDICATES RECORD WAS SET OR TIED.
MM INDICATES DATA IS MISSING.
T  INDICATES TRACE AMOUNT.




$$
