135
CDUS43 KICT 060623
CLICNU


CLIMATE REPORT
NATIONAL WEATHER SERVICE WICHITA KS
123 AM CDT TUE SEP 6 2016


...................................

...THE CHANUTE KS CLIMATE SUMMARY FOR SEPTEMBER 5 2016...

CLIMATE NORMAL PERIOD 1981 TO 2010
CLIMATE RECORD PERIOD 1894 TO 2016


WEATHER ITEM   OBSERVED TIME   RECORD YEAR NORMAL DEPARTURE LAST
                VALUE   (LST)  VALUE       VALUE  FROM      YEAR
                                                  NORMAL
..................................................................
TEMPERATURE (F)
 YESTERDAY
  MAXIMUM         94    219 PM 105    1913  86      8       91
  MINIMUM         69    438 AM  44    1974  63      6       71
  AVERAGE         82                        74      8       81

PRECIPITATION (IN)
  YESTERDAY        0.00          2.73 1926   0.11  -0.11     0.00
  MONTH TO DATE    0.00                      0.55  -0.55     0.00
  SINCE SEP 1      0.00                      0.55  -0.55     0.00
  SINCE JAN 1     25.23                     31.04  -5.81    31.31

DEGREE DAYS
 HEATING
  YESTERDAY        0                         0      0        0
  MONTH TO DATE    0                         0      0        0
  SINCE SEP 1      0                         0      0        0
  SINCE JUL 1      0                         1     -1        0

 COOLING
  YESTERDAY       17                        10      7       16
  MONTH TO DATE   46                        52     -6       70
  SINCE SEP 1     46                        52     -6       70
  SINCE JAN 1   1527                      1356    171     1389
..................................................................


WIND (MPH)
  HIGHEST WIND SPEED    22   HIGHEST WIND DIRECTION     S (180)
  HIGHEST GUST SPEED    33   HIGHEST GUST DIRECTION     S (160)
  AVERAGE WIND SPEED    14.1


SKY COVER
  POSSIBLE SUNSHINE  MM
  AVERAGE SKY COVER 0.0


WEATHER CONDITIONS
 THE FOLLOWING WEATHER WAS RECORDED YESTERDAY.
  NO SIGNIFICANT WEATHER WAS OBSERVED.


RELATIVE HUMIDITY (PERCENT)
 HIGHEST    84           500 AM
 LOWEST     46           400 PM
 AVERAGE    65

..........................................................


THE CHANUTE KS CLIMATE NORMALS FOR TODAY
                         NORMAL    RECORD    YEAR
 MAXIMUM TEMPERATURE (F)   85       105      1936
 MINIMUM TEMPERATURE (F)   63        46      2011


SUNRISE AND SUNSET
SEPTEMBER  6 2016.....SUNRISE   657 AM CDT   SUNSET   743 PM CDT
SEPTEMBER  7 2016.....SUNRISE   658 AM CDT   SUNSET   741 PM CDT


-  INDICATES NEGATIVE NUMBERS.
R  INDICATES RECORD WAS SET OR TIED.
MM INDICATES DATA IS MISSING.
T  INDICATES TRACE AMOUNT.




$$
