507
CDUS43 KICT 250658
CLICNU

CLIMATE REPORT
NATIONAL WEATHER SERVICE WICHITA KS
155 AM CDT FRI AUG 25 2017

...................................

...THE CHANUTE KS CLIMATE SUMMARY FOR AUGUST 24 2017...

CLIMATE NORMAL PERIOD 1981 TO 2010
CLIMATE RECORD PERIOD 1894 TO 2017


WEATHER ITEM   OBSERVED TIME   RECORD YEAR NORMAL DEPARTURE LAST
                VALUE   (LST)  VALUE       VALUE  FROM      YEAR
                                                  NORMAL
..................................................................
TEMPERATURE (F)
 YESTERDAY
  MAXIMUM         84    254 PM 108    1936  89     -5       93
  MINIMUM         55    518 AM  54    2015  67    -12       72
                                      1945
  AVERAGE         70                        78     -8       83

PRECIPITATION (IN)
  YESTERDAY        0.00          1.76 2005   0.12  -0.12      T
  MONTH TO DATE   11.33                      2.89   8.44     4.65
  SINCE JUN 1     15.56                     13.29   2.27    12.34
  SINCE JAN 1     36.64                     29.69   6.95    24.13

DEGREE DAYS
 HEATING
  YESTERDAY        0                         0      0        0
  MONTH TO DATE    0                         0      0        0
  SINCE JUN 1      0                         6     -6        0
  SINCE JUL 1      0                         0      0        0

 COOLING
  YESTERDAY        5                        13     -8       18
  MONTH TO DATE  262                       346    -84      339
  SINCE JUN 1   1083                      1087     -4     1274
  SINCE JAN 1   1250                      1220     30     1381
..................................................................


WIND (MPH)
  HIGHEST WIND SPEED    13   HIGHEST WIND DIRECTION     E (100)
  HIGHEST GUST SPEED    16   HIGHEST GUST DIRECTION    SE (130)
  AVERAGE WIND SPEED     5.2


SKY COVER
  AVERAGE SKY COVER 0.0


WEATHER CONDITIONS
 THE FOLLOWING WEATHER WAS RECORDED YESTERDAY.
  NO SIGNIFICANT WEATHER WAS OBSERVED.


RELATIVE HUMIDITY (PERCENT)
 HIGHEST    93           100 AM
 LOWEST     44           300 PM
 AVERAGE    69

..........................................................


THE CHANUTE KS CLIMATE NORMALS FOR TODAY
                         NORMAL    RECORD    YEAR
 MAXIMUM TEMPERATURE (F)   89       107      1901
 MINIMUM TEMPERATURE (F)   67        52      2015
                                             1958


SUNRISE AND SUNSET
AUGUST 25 2017........SUNRISE   646 AM CDT   SUNSET   801 PM CDT
AUGUST 26 2017........SUNRISE   647 AM CDT   SUNSET   759 PM CDT


-  INDICATES NEGATIVE NUMBERS.
R  INDICATES RECORD WAS SET OR TIED.
MM INDICATES DATA IS MISSING.
T  INDICATES TRACE AMOUNT.

$$
