000
CDUS43 KICT 040636
CLICNU


CLIMATE REPORT
NATIONAL WEATHER SERVICE WICHITA KS
1235 AM CST WED MAR 4 2015


...................................

...THE CHANUTE KS CLIMATE SUMMARY FOR MARCH 3 2015...

CLIMATE NORMAL PERIOD 1981 TO 2010
CLIMATE RECORD PERIOD 1894 TO 2015


WEATHER ITEM   OBSERVED TIME   RECORD YEAR NORMAL DEPARTURE LAST
                VALUE   (LST)  VALUE       VALUE  FROM      YEAR
                                                  NORMAL
..................................................................
TEMPERATURE (F)
 YESTERDAY
  MAXIMUM         50    223 PM  84    1901  54     -4       25
  MINIMUM         34   1159 PM   0    2002  32      2        1
  AVERAGE         42                        43     -1       13

PRECIPITATION (IN)
  YESTERDAY        T             1.19 1988   0.09  -0.09     0.00
  MONTH TO DATE    T                         0.26  -0.26     0.01
  SINCE MAR 1      T                         0.26  -0.26     0.01
  SINCE JAN 1      1.31                      3.42  -2.11     0.98

DEGREE DAYS
 HEATING
  YESTERDAY       23                        22      1       52
  MONTH TO DATE  100                        68     32      142
  SINCE MAR 1    100                        68     32      142
  SINCE JUL 1   3790                      3640    150     4162

 COOLING
  YESTERDAY        0                         0      0        0
  MONTH TO DATE    0                         0      0        0
  SINCE MAR 1      0                         0      0        0
  SINCE JAN 1      0                         0      0        0
..................................................................


WIND (MPH)
  HIGHEST WIND SPEED    28   HIGHEST WIND DIRECTION     S (200)
  HIGHEST GUST SPEED    33   HIGHEST GUST DIRECTION     S (200)
  AVERAGE WIND SPEED    13.9


SKY COVER
  POSSIBLE SUNSHINE  MM
  AVERAGE SKY COVER 1.0


WEATHER CONDITIONS
 THE FOLLOWING WEATHER WAS RECORDED YESTERDAY.
  LIGHT RAIN
  FOG


RELATIVE HUMIDITY (PERCENT)
 HIGHEST   100          1200 AM
 LOWEST     70           600 PM
 AVERAGE    85

..........................................................


THE CHANUTE KS CLIMATE NORMALS FOR TODAY
                         NORMAL    RECORD    YEAR
 MAXIMUM TEMPERATURE (F)   54        81      1938
 MINIMUM TEMPERATURE (F)   32        -3      2002


SUNRISE AND SUNSET
MARCH  4 2015.........SUNRISE   649 AM CST   SUNSET   618 PM CST
MARCH  5 2015.........SUNRISE   648 AM CST   SUNSET   619 PM CST


-  INDICATES NEGATIVE NUMBERS.
R  INDICATES RECORD WAS SET OR TIED.
MM INDICATES DATA IS MISSING.
T  INDICATES TRACE AMOUNT.




$$
