000
CDUS43 KICT 210741
CLICNU


CLIMATE REPORT
NATIONAL WEATHER SERVICE WICHITA KS
241 AM CDT WED JUN 21 2017


...................................

...THE CHANUTE KS CLIMATE SUMMARY FOR JUNE 20 2017...

CLIMATE NORMAL PERIOD 1981 TO 2010
CLIMATE RECORD PERIOD 1894 TO 2017


WEATHER ITEM   OBSERVED TIME   RECORD YEAR NORMAL DEPARTURE LAST
                VALUE   (LST)  VALUE       VALUE  FROM      YEAR
                                                  NORMAL
..................................................................
TEMPERATURE (F)
 YESTERDAY
  MAXIMUM         91    353 PM 108    1918  86      5       93
  MINIMUM         58    452 AM  50    1976  66     -8       70
  AVERAGE         75                        76     -1       82

PRECIPITATION (IN)
  YESTERDAY        0.00          1.79 1978   0.18  -0.18     0.00
  MONTH TO DATE    1.15                      4.30  -3.15     0.96
  SINCE JUN 1      1.15                      4.30  -3.15     0.96
  SINCE JAN 1     22.23                     20.70   1.53    12.75

DEGREE DAYS
 HEATING
  YESTERDAY        0                         0      0        0
  MONTH TO DATE    0                         4     -4        0
  SINCE JUN 1      0                         4     -4        0
  SINCE JUL 1   3452                      4481  -1029     3647

 COOLING
  YESTERDAY       10                        11     -1       17
  MONTH TO DATE  193                       171     22      260
  SINCE JUN 1    193                       171     22      260
  SINCE JAN 1    360                       304     56      367
..................................................................


WIND (MPH)
  HIGHEST WIND SPEED    16   HIGHEST WIND DIRECTION    SW (210)
  HIGHEST GUST SPEED    21   HIGHEST GUST DIRECTION     S (200)
  AVERAGE WIND SPEED     8.0


SKY COVER
  POSSIBLE SUNSHINE  MM
  AVERAGE SKY COVER 0.0


WEATHER CONDITIONS
 THE FOLLOWING WEATHER WAS RECORDED YESTERDAY.
  FOG


RELATIVE HUMIDITY (PERCENT)
 HIGHEST   100           500 AM
 LOWEST     44           400 PM
 AVERAGE    72

..........................................................


THE CHANUTE KS CLIMATE NORMALS FOR TODAY
                         NORMAL    RECORD    YEAR
 MAXIMUM TEMPERATURE (F)   86       105      1936
 MINIMUM TEMPERATURE (F)   66        52      1961


SUNRISE AND SUNSET
JUNE 21 2017..........SUNRISE   601 AM CDT   SUNSET   847 PM CDT
JUNE 22 2017..........SUNRISE   601 AM CDT   SUNSET   847 PM CDT


-  INDICATES NEGATIVE NUMBERS.
R  INDICATES RECORD WAS SET OR TIED.
MM INDICATES DATA IS MISSING.
T  INDICATES TRACE AMOUNT.




$$
