000
CDUS43 KICT 190631
CLICNU


CLIMATE REPORT
NATIONAL WEATHER SERVICE WICHITA KS
1231 AM CST SUN FEB 19 2017


...................................

...THE CHANUTE KS CLIMATE SUMMARY FOR FEBRUARY 18 2017...

CLIMATE NORMAL PERIOD 1981 TO 2010
CLIMATE RECORD PERIOD 1894 TO 2017


WEATHER ITEM   OBSERVED TIME   RECORD YEAR NORMAL DEPARTURE LAST
                VALUE   (LST)  VALUE       VALUE  FROM      YEAR
                                                  NORMAL
..................................................................
TEMPERATURE (F)
 YESTERDAY
  MAXIMUM         71    346 PM  77    2016  49     22       77
  MINIMUM         40    705 AM  -5    1993  28     12       46
  AVERAGE         56                        38     18       62

PRECIPITATION (IN)
  YESTERDAY        0.00          3.47 1911   0.07  -0.07     0.00
  MONTH TO DATE    T                         1.10  -1.10     0.30
  SINCE DEC 1      2.62                      4.11  -1.49     4.63
  SINCE JAN 1      1.84                      2.36  -0.52     1.08

DEGREE DAYS
 HEATING
  YESTERDAY        9                        27    -18        3
  MONTH TO DATE  368                       525   -157      449
  SINCE DEC 1   2152                      2472   -320     2135
  SINCE JUL 1   2630                      3324   -694     2778

 COOLING
  YESTERDAY        0                         0      0        0
  MONTH TO DATE    3                         0      3        0
  SINCE DEC 1      3                         0      3        0
  SINCE JAN 1      3                         0      3        0
..................................................................


WIND (MPH)
  HIGHEST WIND SPEED    15   HIGHEST WIND DIRECTION     S (190)
  HIGHEST GUST SPEED    18   HIGHEST GUST DIRECTION    SW (220)
  AVERAGE WIND SPEED     7.6


SKY COVER
  POSSIBLE SUNSHINE  MM
  AVERAGE SKY COVER 0.0


WEATHER CONDITIONS
 THE FOLLOWING WEATHER WAS RECORDED YESTERDAY.
  FOG
  HAZE


RELATIVE HUMIDITY (PERCENT)
 HIGHEST    96           700 AM
 LOWEST     44           300 PM
 AVERAGE    70

..........................................................


THE CHANUTE KS CLIMATE NORMALS FOR TODAY
                         NORMAL    RECORD    YEAR
 MAXIMUM TEMPERATURE (F)   49        74      1930
 MINIMUM TEMPERATURE (F)   28        -1      1903


SUNRISE AND SUNSET
FEBRUARY 19 2017......SUNRISE   706 AM CST   SUNSET   606 PM CST
FEBRUARY 20 2017......SUNRISE   705 AM CST   SUNSET   607 PM CST


-  INDICATES NEGATIVE NUMBERS.
R  INDICATES RECORD WAS SET OR TIED.
MM INDICATES DATA IS MISSING.
T  INDICATES TRACE AMOUNT.




$$
