000
CDUS43 KICT 180642
CLICNU


CLIMATE REPORT
NATIONAL WEATHER SERVICE WICHITA KS
1241 AM CST WED JAN 18 2017


...................................

...THE CHANUTE KS CLIMATE SUMMARY FOR JANUARY 17 2017...

CLIMATE NORMAL PERIOD 1981 TO 2010
CLIMATE RECORD PERIOD 1894 TO 2017


WEATHER ITEM   OBSERVED TIME   RECORD YEAR NORMAL DEPARTURE LAST
                VALUE   (LST)  VALUE       VALUE  FROM      YEAR
                                                  NORMAL
..................................................................
TEMPERATURE (F)
 YESTERDAY
  MAXIMUM         46    413 PM  69    1913  42      4       26
  MINIMUM         31    955 PM -10    1930  23      8       13
  AVERAGE         39                        32      7       20

PRECIPITATION (IN)
  YESTERDAY        0.00          1.40 2004   0.04  -0.04     0.00
  MONTH TO DATE    1.39                      0.66   0.73     0.68
  SINCE DEC 1      2.17                      2.41  -0.24     4.23
  SINCE JAN 1      1.39                      0.66   0.73     0.68

DEGREE DAYS
 HEATING
  YESTERDAY       26                        33     -7       45
  MONTH TO DATE  529                       561    -32      556
  SINCE DEC 1   1471                      1502    -31     1268
  SINCE JUL 1   1949                      2354   -405     1911

 COOLING
  YESTERDAY        0                         0      0        0
  MONTH TO DATE    0                         0      0        0
  SINCE DEC 1      0                         0      0        0
  SINCE JAN 1      0                         0      0        0
..................................................................


WIND (MPH)
  HIGHEST WIND SPEED    13   HIGHEST WIND DIRECTION     W (290)
  HIGHEST GUST SPEED    16   HIGHEST GUST DIRECTION     W (270)
  AVERAGE WIND SPEED     7.5


SKY COVER
  POSSIBLE SUNSHINE  MM
  AVERAGE SKY COVER 0.7


WEATHER CONDITIONS
 THE FOLLOWING WEATHER WAS RECORDED YESTERDAY.
  FOG


RELATIVE HUMIDITY (PERCENT)
 HIGHEST    96          1100 PM
 LOWEST     71           400 PM
 AVERAGE    84

..........................................................


THE CHANUTE KS CLIMATE NORMALS FOR TODAY
                         NORMAL    RECORD    YEAR
 MAXIMUM TEMPERATURE (F)   42        69      1951
 MINIMUM TEMPERATURE (F)   23       -18      1930


SUNRISE AND SUNSET
JANUARY 18 2017.......SUNRISE   735 AM CST   SUNSET   531 PM CST
JANUARY 19 2017.......SUNRISE   734 AM CST   SUNSET   532 PM CST


-  INDICATES NEGATIVE NUMBERS.
R  INDICATES RECORD WAS SET OR TIED.
MM INDICATES DATA IS MISSING.
T  INDICATES TRACE AMOUNT.




$$
