000
CDUS43 KICT 270636
CLICNU

CLIMATE REPORT
NATIONAL WEATHER SERVICE WICHITA KS
136 AM CDT MON OCT 27 2014


...................................

...THE CHANUTE KS CLIMATE SUMMARY FOR OCTOBER 26 2014...

CLIMATE NORMAL PERIOD 1981 TO 2010
CLIMATE RECORD PERIOD 1894 TO 2014


WEATHER ITEM   OBSERVED TIME   RECORD YEAR NORMAL DEPARTURE LAST
                VALUE   (LST)  VALUE       VALUE  FROM      YEAR
                                                  NORMAL
..................................................................
TEMPERATURE (F)
 YESTERDAY
  MAXIMUM         85    316 PM  89    1922  66     19       69
  MINIMUM         60    323 AM  21    1942  44     16       36
  AVERAGE         73                        55     18       53

PRECIPITATION (IN)
  YESTERDAY        0.00          2.65 1918   0.10  -0.10     0.00
  MONTH TO DATE    4.58                      3.18   1.40     2.89
  SINCE SEP 1      7.68                      6.85   0.83     5.91
  SINCE JAN 1     28.16                     37.34  -9.18    41.53

DEGREE DAYS
 HEATING
  YESTERDAY        0                        10    -10       12
  MONTH TO DATE  124                       184    -60      227
  SINCE SEP 1    154                       230    -76      243
  SINCE JUL 1    155                       231    -76      243

 COOLING
  YESTERDAY        8                         0      8        0
  MONTH TO DATE   35                        31      4       37
  SINCE SEP 1    221                       224     -3      291
  SINCE JAN 1   1509                      1528    -19     1558
..................................................................


WIND (MPH)
  HIGHEST WIND SPEED    29   HIGHEST WIND DIRECTION     S (180)
  HIGHEST GUST SPEED    37   HIGHEST GUST DIRECTION     S (180)
  AVERAGE WIND SPEED    15.3


SKY COVER
  POSSIBLE SUNSHINE  MM
  AVERAGE SKY COVER 0.0


WEATHER CONDITIONS
 THE FOLLOWING WEATHER WAS RECORDED YESTERDAY.
  LIGHT RAIN


RELATIVE HUMIDITY (PERCENT)
 HIGHEST   100           300 AM
 LOWEST     43           400 PM
 AVERAGE    72

..........................................................


THE CHANUTE KS CLIMATE NORMALS FOR TODAY
                         NORMAL    RECORD    YEAR
 MAXIMUM TEMPERATURE (F)   66        87      1927
 MINIMUM TEMPERATURE (F)   44        24      1957


SUNRISE AND SUNSET
OCTOBER 27 2014.......SUNRISE   742 AM CDT   SUNSET   629 PM CDT
OCTOBER 28 2014.......SUNRISE   743 AM CDT   SUNSET   628 PM CDT


-  INDICATES NEGATIVE NUMBERS.
R  INDICATES RECORD WAS SET OR TIED.
MM INDICATES DATA IS MISSING.
T  INDICATES TRACE AMOUNT.




$$
