000
CDUS43 KICT 280708
CLICNU

CLIMATE REPORT
NATIONAL WEATHER SERVICE WICHITA KS
105 AM CST MON NOV 28 2016

...................................

...THE CHANUTE KS CLIMATE SUMMARY FOR NOVEMBER 27 2016...

CLIMATE NORMAL PERIOD 1981 TO 2010
CLIMATE RECORD PERIOD 1894 TO 2016


WEATHER ITEM   OBSERVED TIME   RECORD YEAR NORMAL DEPARTURE LAST
                VALUE   (LST)  VALUE       VALUE  FROM      YEAR
                                                  NORMAL
..................................................................
TEMPERATURE (F)
 YESTERDAY
  MAXIMUM         56   1036 PM  75    1960  51      5       35
  MINIMUM         45    132 AM   1    1975  31     14       31
  AVERAGE         51                        41     10       33

PRECIPITATION (IN)
  YESTERDAY        0.01          0.79 1983   0.07  -0.06     0.57
  MONTH TO DATE    0.37                      2.28  -1.91     4.87
  SINCE SEP 1     10.79                      9.61   1.18     7.76
  SINCE JAN 1     36.02                     40.10  -4.08    39.07

DEGREE DAYS
 HEATING
  YESTERDAY       14                        24    -10       32
  MONTH TO DATE  320                       485   -165      376
  SINCE SEP 1    418                       772   -354      556
  SINCE JUL 1    418                       773   -355      556

 COOLING
  YESTERDAY        0                         0      0        0
  MONTH TO DATE   20                         0     20        0
  SINCE SEP 1    365                       225    140      293
  SINCE JAN 1   1846                      1529    317     1612
..................................................................


WIND (MPH)
  HIGHEST WIND SPEED    36   HIGHEST WIND DIRECTION     S (170)
  HIGHEST GUST SPEED    46   HIGHEST GUST DIRECTION     S (180)
  AVERAGE WIND SPEED    21.1


SKY COVER
  POSSIBLE SUNSHINE  MM
  AVERAGE SKY COVER 0.8


WEATHER CONDITIONS
 THE FOLLOWING WEATHER WAS RECORDED YESTERDAY.
  FOG


RELATIVE HUMIDITY (PERCENT)
 HIGHEST    93           600 AM
 LOWEST     76          1200 AM
 AVERAGE    85

..........................................................


THE CHANUTE KS CLIMATE NORMALS FOR TODAY
                         NORMAL    RECORD    YEAR
 MAXIMUM TEMPERATURE (F)   50        75      1998
 MINIMUM TEMPERATURE (F)   30         9      1976


SUNRISE AND SUNSET
NOVEMBER 28 2016......SUNRISE   716 AM CST   SUNSET   504 PM CST
NOVEMBER 29 2016......SUNRISE   717 AM CST   SUNSET   504 PM CST


-  INDICATES NEGATIVE NUMBERS.
R  INDICATES RECORD WAS SET OR TIED.
MM INDICATES DATA IS MISSING.
T  INDICATES TRACE AMOUNT.

$$
