000
CDUS43 KICT 070738
CLICNU


CLIMATE REPORT
NATIONAL WEATHER SERVICE WICHITA KS
138 AM CST THU DEC 7 2017


...................................

...THE CHANUTE KS CLIMATE SUMMARY FOR DECEMBER 6 2017...

CLIMATE NORMAL PERIOD 1981 TO 2010
CLIMATE RECORD PERIOD 1894 TO 2017


WEATHER ITEM   OBSERVED TIME   RECORD YEAR NORMAL DEPARTURE LAST
                VALUE   (LST)  VALUE       VALUE  FROM      YEAR
                                                  NORMAL
..................................................................
TEMPERATURE (F)
 YESTERDAY
  MAXIMUM         52    204 PM  74    1939  47      5       43
  MINIMUM         29   1159 PM  -2    1950  27      2       27
  AVERAGE         41                        37      4       35

PRECIPITATION (IN)
  YESTERDAY        0.00          0.74 1974   0.07  -0.07     0.00
  MONTH TO DATE    0.00                      0.41  -0.41     0.33
  SINCE DEC 1      0.00                      0.41  -0.41     0.33
  SINCE JAN 1     46.05                     40.73   5.32    36.45

DEGREE DAYS
 HEATING
  YESTERDAY       24                        28     -4       30
  MONTH TO DATE  105                       163    -58      144
  SINCE DEC 1    105                       163    -58      144
  SINCE JUL 1    806                      1015   -209      622

 COOLING
  YESTERDAY        0                         0      0        0
  MONTH TO DATE    0                         0      0        0
  SINCE DEC 1      0                         0      0        0
  SINCE JAN 1   1619                      1532     87     1846
..................................................................


WIND (MPH)
  HIGHEST WIND SPEED    25   HIGHEST WIND DIRECTION    NW (300)
  HIGHEST GUST SPEED    32   HIGHEST GUST DIRECTION    NW (300)
  AVERAGE WIND SPEED    10.8


SKY COVER
  POSSIBLE SUNSHINE  MM
  AVERAGE SKY COVER 0.0


WEATHER CONDITIONS
 THE FOLLOWING WEATHER WAS RECORDED YESTERDAY.
  NO SIGNIFICANT WEATHER WAS OBSERVED.


RELATIVE HUMIDITY (PERCENT)
 HIGHEST    69          1100 PM
 LOWEST     27           300 PM
 AVERAGE    48

..........................................................


THE CHANUTE KS CLIMATE NORMALS FOR TODAY
                         NORMAL    RECORD    YEAR
 MAXIMUM TEMPERATURE (F)   46        77      1966
 MINIMUM TEMPERATURE (F)   27        -1      1950


SUNRISE AND SUNSET
DECEMBER  7 2017......SUNRISE   724 AM CST   SUNSET   503 PM CST
DECEMBER  8 2017......SUNRISE   725 AM CST   SUNSET   503 PM CST


-  INDICATES NEGATIVE NUMBERS.
R  INDICATES RECORD WAS SET OR TIED.
MM INDICATES DATA IS MISSING.
T  INDICATES TRACE AMOUNT.




$$
