000
CDUS43 KICT 290632
CLICNU


CLIMATE REPORT
NATIONAL WEATHER SERVICE WICHITA KS
132 AM CDT TUE JUL 29 2014


...................................

...THE CHANUTE KS CLIMATE SUMMARY FOR JULY 28 2014...

CLIMATE NORMAL PERIOD 1981 TO 2010
CLIMATE RECORD PERIOD 1894 TO 2014


WEATHER ITEM   OBSERVED TIME   RECORD YEAR NORMAL DEPARTURE LAST
                VALUE   (LST)  VALUE       VALUE  FROM      YEAR
                                                  NORMAL
..................................................................
TEMPERATURE (F)
 YESTERDAY
  MAXIMUM         85    451 PM 107    1930  91     -6       66
  MINIMUM         58    327 AM  54    2005  69    -11       63
  AVERAGE         72                        80     -8       65

PRECIPITATION (IN)
  YESTERDAY        0.00          1.99 1909   0.12  -0.12     0.39
  MONTH TO DATE    1.52                      4.02  -2.50     2.06
  SINCE JUN 1      9.57                     10.05  -0.48     6.18
  SINCE JAN 1     19.03                     26.45  -7.42    24.74

DEGREE DAYS
 HEATING
  YESTERDAY        0                         0      0        0
  MONTH TO DATE    1                         0      1        0
  SINCE JUN 1      1                         6     -5       10
  SINCE JUL 1      1                         0      1        0

 COOLING
  YESTERDAY        7                        15     -8        0
  MONTH TO DATE  298                       407   -109      390
  SINCE JUN 1    596                       699   -103      704
  SINCE JAN 1    788                       832    -44      827
..................................................................


WIND (MPH)
  HIGHEST WIND SPEED    17   HIGHEST WIND DIRECTION     N (340)
  HIGHEST GUST SPEED    25   HIGHEST GUST DIRECTION     N (360)
  AVERAGE WIND SPEED     7.6


SKY COVER
  POSSIBLE SUNSHINE  MM
  AVERAGE SKY COVER 0.0


WEATHER CONDITIONS
 THE FOLLOWING WEATHER WAS RECORDED YESTERDAY.
  NO SIGNIFICANT WEATHER WAS OBSERVED.


RELATIVE HUMIDITY (PERCENT)
 HIGHEST    90           400 AM
 LOWEST     40           300 PM
 AVERAGE    65

..........................................................


THE CHANUTE KS CLIMATE NORMALS FOR TODAY
                         NORMAL    RECORD    YEAR
 MAXIMUM TEMPERATURE (F)   91       110      2012
 MINIMUM TEMPERATURE (F)   69        54      2005


SUNRISE AND SUNSET
JULY 29 2014..........SUNRISE   623 AM CDT   SUNSET   833 PM CDT
JULY 30 2014..........SUNRISE   624 AM CDT   SUNSET   832 PM CDT


-  INDICATES NEGATIVE NUMBERS.
R  INDICATES RECORD WAS SET OR TIED.
MM INDICATES DATA IS MISSING.
T  INDICATES TRACE AMOUNT.




$$
