000
CDUS43 KICT 240641
CLICNU


CLIMATE REPORT
NATIONAL WEATHER SERVICE WICHITA KS
141 AM CDT FRI JUL 24 2015


...................................

...THE CHANUTE KS CLIMATE SUMMARY FOR JULY 23 2015...

CLIMATE NORMAL PERIOD 1981 TO 2010
CLIMATE RECORD PERIOD 1894 TO 2015


WEATHER ITEM   OBSERVED TIME   RECORD YEAR NORMAL DEPARTURE LAST
                VALUE   (LST)  VALUE       VALUE  FROM      YEAR
                                                  NORMAL
..................................................................
TEMPERATURE (F)
 YESTERDAY
  MAXIMUM         91    348 PM 110    1936  90      1       89
  MINIMUM         74    549 AM  53    1947  69      5       69
  AVERAGE         83                        80      3       79

PRECIPITATION (IN)
  YESTERDAY        0.13          3.46 1992   0.13   0.00     0.66
  MONTH TO DATE    4.80                      3.41   1.39     1.52
  SINCE JUN 1      7.17                      9.44  -2.27     9.57
  SINCE JAN 1     25.14                     25.84  -0.70    19.03

DEGREE DAYS
 HEATING
  YESTERDAY        0                         0      0        0
  MONTH TO DATE    0                         0      0        1
  SINCE JUN 1      0                         6     -6        1
  SINCE JUL 1      0                         0      0        1

 COOLING
  YESTERDAY       18                        15      3       14
  MONTH TO DATE  341                       332      9      227
  SINCE JUN 1    732                       624    108      525
  SINCE JAN 1    841                       757     84      717
..................................................................


WIND (MPH)
  HIGHEST WIND SPEED    10   HIGHEST WIND DIRECTION     S (200)
  HIGHEST GUST SPEED    19   HIGHEST GUST DIRECTION    SE (140)
  AVERAGE WIND SPEED     4.8


SKY COVER
  POSSIBLE SUNSHINE  MM
  AVERAGE SKY COVER 0.3


WEATHER CONDITIONS
 THE FOLLOWING WEATHER WAS RECORDED YESTERDAY.
  THUNDERSTORM
  HEAVY RAIN
  LIGHT RAIN
  FOG


RELATIVE HUMIDITY (PERCENT)
 HIGHEST   100           500 AM
 LOWEST     52           200 PM
 AVERAGE    76

..........................................................


THE CHANUTE KS CLIMATE NORMALS FOR TODAY
                         NORMAL    RECORD    YEAR
 MAXIMUM TEMPERATURE (F)   90       111      1934
 MINIMUM TEMPERATURE (F)   69        53      2003


SUNRISE AND SUNSET
JULY 24 2015..........SUNRISE   619 AM CDT   SUNSET   837 PM CDT
JULY 25 2015..........SUNRISE   620 AM CDT   SUNSET   837 PM CDT


-  INDICATES NEGATIVE NUMBERS.
R  INDICATES RECORD WAS SET OR TIED.
MM INDICATES DATA IS MISSING.
T  INDICATES TRACE AMOUNT.




$$
