000
CDUS43 KICT 240622
CLICNU


CLIMATE REPORT
NATIONAL WEATHER SERVICE WICHITA KS
121 AM CDT MON APR 24 2017


...................................

...THE CHANUTE KS CLIMATE SUMMARY FOR APRIL 23 2017...

CLIMATE NORMAL PERIOD 1981 TO 2010
CLIMATE RECORD PERIOD 1894 TO 2017


WEATHER ITEM   OBSERVED TIME   RECORD YEAR NORMAL DEPARTURE LAST
                VALUE   (LST)  VALUE       VALUE  FROM      YEAR
                                                  NORMAL
..................................................................
TEMPERATURE (F)
 YESTERDAY
  MAXIMUM         69    458 PM  89    2006  70     -1       80
  MINIMUM         37    530 AM  33    1909  48    -11       52
  AVERAGE         53                        59     -6       66

PRECIPITATION (IN)
  YESTERDAY        0.00          1.32 1983   0.17  -0.17     0.00
  MONTH TO DATE    6.49                      3.21   3.28     2.91
  SINCE MAR 1      8.51                      6.25   2.26     4.32
  SINCE JAN 1     10.66                      9.41   1.25     5.40

DEGREE DAYS
 HEATING
  YESTERDAY       12                         7      5        0
  MONTH TO DATE  137                       230    -93      152
  SINCE MAR 1    547                       789   -242      540
  SINCE JUL 1   3315                      4361  -1046     3505

 COOLING
  YESTERDAY        0                         1     -1        1
  MONTH TO DATE   38                        19     19       12
  SINCE MAR 1     55                        23     32       12
  SINCE JAN 1     58                        23     35       12
..................................................................


WIND (MPH)
  HIGHEST WIND SPEED    12   HIGHEST WIND DIRECTION     N (20)
  HIGHEST GUST SPEED    14   HIGHEST GUST DIRECTION     N (20)
  AVERAGE WIND SPEED     4.6


SKY COVER
  POSSIBLE SUNSHINE  MM
  AVERAGE SKY COVER 0.0


WEATHER CONDITIONS
 THE FOLLOWING WEATHER WAS RECORDED YESTERDAY.
  NO SIGNIFICANT WEATHER WAS OBSERVED.


RELATIVE HUMIDITY (PERCENT)
 HIGHEST    86          1100 PM
 LOWEST     28           500 PM
 AVERAGE    57

..........................................................


THE CHANUTE KS CLIMATE NORMALS FOR TODAY
                         NORMAL    RECORD    YEAR
 MAXIMUM TEMPERATURE (F)   70        88      1917
 MINIMUM TEMPERATURE (F)   49        29      1956


SUNRISE AND SUNSET
APRIL 24 2017.........SUNRISE   635 AM CDT   SUNSET   806 PM CDT
APRIL 25 2017.........SUNRISE   633 AM CDT   SUNSET   807 PM CDT


-  INDICATES NEGATIVE NUMBERS.
R  INDICATES RECORD WAS SET OR TIED.
MM INDICATES DATA IS MISSING.
T  INDICATES TRACE AMOUNT.




$$
