135
CDUS43 KICT 010621
CLICNU


CLIMATE REPORT
NATIONAL WEATHER SERVICE WICHITA KS
121 AM CDT SUN MAY 1 2016


...................................

...THE CHANUTE KS CLIMATE SUMMARY FOR APRIL 30 2016...

CLIMATE NORMAL PERIOD 1981 TO 2010
CLIMATE RECORD PERIOD 1894 TO 2016


WEATHER ITEM   OBSERVED TIME   RECORD YEAR NORMAL DEPARTURE LAST
                VALUE   (LST)  VALUE       VALUE  FROM      YEAR
                                                  NORMAL
..................................................................
TEMPERATURE (F)
 YESTERDAY
  MAXIMUM         67    508 PM  90    1959  72     -5       76
  MINIMUM         50   1159 PM  32    2005  51     -1       44
  AVERAGE         59                        61     -2       60

PRECIPITATION (IN)
  YESTERDAY        0.00          2.68 1961   0.18  -0.18     0.00
  MONTH TO DATE    5.47                      4.40   1.07     4.53
  SINCE MAR 1      6.88                      7.44  -0.56     5.08
  SINCE JAN 1      7.96                     10.60  -2.64     6.39

DEGREE DAYS
 HEATING
  YESTERDAY        6                         5      1        5
  MONTH TO DATE  175                       271    -96      187
  SINCE MAR 1    563                       830   -267      682
  SINCE JUL 1   3528                      4402   -874     4372

 COOLING
  YESTERDAY        0                         1     -1        0
  MONTH TO DATE   24                        27     -3       22
  SINCE MAR 1     24                        31     -7       22
  SINCE JAN 1     24                        31     -7       22
..................................................................


WIND (MPH)
  HIGHEST WIND SPEED    18   HIGHEST WIND DIRECTION     W (270)
  HIGHEST GUST SPEED    22   HIGHEST GUST DIRECTION     W (270)
  AVERAGE WIND SPEED     9.8


SKY COVER
  POSSIBLE SUNSHINE  MM
  AVERAGE SKY COVER 0.5


WEATHER CONDITIONS
 THE FOLLOWING WEATHER WAS RECORDED YESTERDAY.
  NO SIGNIFICANT WEATHER WAS OBSERVED.


RELATIVE HUMIDITY (PERCENT)
 HIGHEST    97           400 AM
 LOWEST     48           600 PM
 AVERAGE    73

..........................................................


THE CHANUTE KS CLIMATE NORMALS FOR TODAY
                         NORMAL    RECORD    YEAR
 MAXIMUM TEMPERATURE (F)   72        89      1901
 MINIMUM TEMPERATURE (F)   51        28      1909


SUNRISE AND SUNSET
MAY  1 2016...........SUNRISE   626 AM CDT   SUNSET   813 PM CDT
MAY  2 2016...........SUNRISE   625 AM CDT   SUNSET   814 PM CDT


-  INDICATES NEGATIVE NUMBERS.
R  INDICATES RECORD WAS SET OR TIED.
MM INDICATES DATA IS MISSING.
T  INDICATES TRACE AMOUNT.




$$
