000
CDUS43 KICT 130638
CLICNU

CLIMATE REPORT
NATIONAL WEATHER SERVICE WICHITA KS
135 AM CDT SAT SEP 13 2014

...................................

...THE CHANUTE KS CLIMATE SUMMARY FOR SEPTEMBER 12 2014...

CLIMATE NORMAL PERIOD 1981 TO 2010
CLIMATE RECORD PERIOD 1894 TO 2014


WEATHER ITEM   OBSERVED TIME   RECORD YEAR NORMAL DEPARTURE LAST
                VALUE   (LST)  VALUE       VALUE  FROM      YEAR
                                                  NORMAL
..................................................................
TEMPERATURE (F)
 YESTERDAY
  MAXIMUM         58    135 PM 103    1909  83    -25       83
  MINIMUM         50   1010 PM  34    2010  60    -10       69
  AVERAGE         54                        72    -18       76

PRECIPITATION (IN)
  YESTERDAY        0.03          6.06 1898   0.11  -0.08      T
  MONTH TO DATE    0.54                      1.33  -0.79      T
  SINCE SEP 1      0.54                      1.33  -0.79      T
  SINCE JAN 1     21.02                     31.82 -10.80    35.62

DEGREE DAYS
 HEATING
  YESTERDAY       11                         1     10        0
  MONTH TO DATE   14                         3     11        0
  SINCE SEP 1     14                         3     11        0
  SINCE JUL 1     15                         4     11        0

 COOLING
  YESTERDAY        0                         7     -7       11
  MONTH TO DATE  108                       110     -2      163
  SINCE SEP 1    108                       110     -2      163
  SINCE JAN 1   1396                      1414    -18     1430
..................................................................


WIND (MPH)
  HIGHEST WIND SPEED    20   HIGHEST WIND DIRECTION     N (10)
  HIGHEST GUST SPEED    26   HIGHEST GUST DIRECTION     N (360)
  AVERAGE WIND SPEED     9.8


SKY COVER
  POSSIBLE SUNSHINE  MM
  AVERAGE SKY COVER 0.9


WEATHER CONDITIONS
 THE FOLLOWING WEATHER WAS RECORDED YESTERDAY.
  LIGHT RAIN
  FOG


RELATIVE HUMIDITY (PERCENT)
 HIGHEST    89           600 AM
 LOWEST     72          1200 PM
 AVERAGE    81

..........................................................


THE CHANUTE KS CLIMATE NORMALS FOR TODAY
                         NORMAL    RECORD    YEAR
 MAXIMUM TEMPERATURE (F)   82       100      2011
 MINIMUM TEMPERATURE (F)   60        44      2006


SUNRISE AND SUNSET
SEPTEMBER 13 2014.....SUNRISE   702 AM CDT   SUNSET   733 PM CDT
SEPTEMBER 14 2014.....SUNRISE   703 AM CDT   SUNSET   731 PM CDT


-  INDICATES NEGATIVE NUMBERS.
R  INDICATES RECORD WAS SET OR TIED.
MM INDICATES DATA IS MISSING.
T  INDICATES TRACE AMOUNT.

$$
