000
CDUS43 KICT 200626
CLICNU


CLIMATE REPORT
NATIONAL WEATHER SERVICE WICHITA KS
125 AM CDT MON MAR 20 2017


...................................

...THE CHANUTE KS CLIMATE SUMMARY FOR MARCH 19 2017...

CLIMATE NORMAL PERIOD 1981 TO 2010
CLIMATE RECORD PERIOD 1894 TO 2017


WEATHER ITEM   OBSERVED TIME   RECORD YEAR NORMAL DEPARTURE LAST
                VALUE   (LST)  VALUE       VALUE  FROM      YEAR
                                                  NORMAL
..................................................................
TEMPERATURE (F)
 YESTERDAY
  MAXIMUM         87R   341 PM  83    1995  59     28       50
  MINIMUM         54    658 AM   4    1923  37     17       26
  AVERAGE         71                        48     23       38

PRECIPITATION (IN)
  YESTERDAY        0.00          2.16 2012   0.10  -0.10     0.00
  MONTH TO DATE    0.26                      1.78  -1.52     0.60
  SINCE MAR 1      0.26                      1.78  -1.52     0.60
  SINCE JAN 1      2.41                      4.94  -2.53     1.68

DEGREE DAYS
 HEATING
  YESTERDAY        0                        17    -17       27
  MONTH TO DATE  312                       379    -67      234
  SINCE MAR 1    312                       379    -67      234
  SINCE JUL 1   3080                      3951   -871     3199

 COOLING
  YESTERDAY        6                         0      6        0
  MONTH TO DATE    6                         0      6        0
  SINCE MAR 1      6                         0      6        0
  SINCE JAN 1      9                         0      9        0
..................................................................


WIND (MPH)
  HIGHEST WIND SPEED    30   HIGHEST WIND DIRECTION     S (180)
  HIGHEST GUST SPEED    35   HIGHEST GUST DIRECTION     S (180)
  AVERAGE WIND SPEED    15.5


SKY COVER
  POSSIBLE SUNSHINE  MM
  AVERAGE SKY COVER 0.1


WEATHER CONDITIONS
 THE FOLLOWING WEATHER WAS RECORDED YESTERDAY.
  NO SIGNIFICANT WEATHER WAS OBSERVED.


RELATIVE HUMIDITY (PERCENT)
 HIGHEST    66           900 AM
 LOWEST     33          1200 AM
 AVERAGE    50

..........................................................


THE CHANUTE KS CLIMATE NORMALS FOR TODAY
                         NORMAL    RECORD    YEAR
 MAXIMUM TEMPERATURE (F)   60        82      1953
 MINIMUM TEMPERATURE (F)   37        12      1965


SUNRISE AND SUNSET
MARCH 20 2017.........SUNRISE   725 AM CDT   SUNSET   734 PM CDT
MARCH 21 2017.........SUNRISE   724 AM CDT   SUNSET   735 PM CDT


-  INDICATES NEGATIVE NUMBERS.
R  INDICATES RECORD WAS SET OR TIED.
MM INDICATES DATA IS MISSING.
T  INDICATES TRACE AMOUNT.




$$
