000
CDUS43 KICT 230703
CLICNU

CLIMATE REPORT
NATIONAL WEATHER SERVICE WICHITA KS
202 AM CDT THU OCT 23 2014

...................................

...THE CHANUTE KS CLIMATE SUMMARY FOR OCTOBER 22 2014...

CLIMATE NORMAL PERIOD 1981 TO 2010
CLIMATE RECORD PERIOD 1894 TO 2014


WEATHER ITEM   OBSERVED TIME   RECORD YEAR NORMAL DEPARTURE LAST
                VALUE   (LST)  VALUE       VALUE  FROM      YEAR
                                                  NORMAL
..................................................................
TEMPERATURE (F)
 YESTERDAY
  MAXIMUM         78    232 PM  88    1939  67     11       68
  MINIMUM         54    411 AM  27    2006  45      9       41
  AVERAGE         66                        56     10       55

PRECIPITATION (IN)
  YESTERDAY        0.00          1.55 1957   0.11  -0.11     0.00
  MONTH TO DATE    4.48                      2.79   1.69     2.89
  SINCE SEP 1      7.58                      6.46   1.12     5.91
  SINCE JAN 1     28.06                     36.95  -8.89    41.53

DEGREE DAYS
 HEATING
  YESTERDAY        0                         9     -9       10
  MONTH TO DATE  119                       145    -26      155
  SINCE SEP 1    149                       191    -42      171
  SINCE JUL 1    150                       192    -42      171

 COOLING
  YESTERDAY        1                         1      0        0
  MONTH TO DATE   23                        30     -7       37
  SINCE SEP 1    209                       223    -14      291
  SINCE JAN 1   1497                      1527    -30     1558
..................................................................


WIND (MPH)
  HIGHEST WIND SPEED    15   HIGHEST WIND DIRECTION     S (170)
  HIGHEST GUST SPEED    24   HIGHEST GUST DIRECTION     S (190)
  AVERAGE WIND SPEED     8.6


SKY COVER
  POSSIBLE SUNSHINE  MM
  AVERAGE SKY COVER 0.3


WEATHER CONDITIONS
 THE FOLLOWING WEATHER WAS RECORDED YESTERDAY.
  NO SIGNIFICANT WEATHER WAS OBSERVED.


RELATIVE HUMIDITY (PERCENT)
 HIGHEST    90          1000 PM
 LOWEST     54           300 PM
 AVERAGE    72

..........................................................


THE CHANUTE KS CLIMATE NORMALS FOR TODAY
                         NORMAL    RECORD    YEAR
 MAXIMUM TEMPERATURE (F)   67        92      1939
 MINIMUM TEMPERATURE (F)   45        21      1937


SUNRISE AND SUNSET
OCTOBER 23 2014.......SUNRISE   738 AM CDT   SUNSET   634 PM CDT
OCTOBER 24 2014.......SUNRISE   739 AM CDT   SUNSET   633 PM CDT


-  INDICATES NEGATIVE NUMBERS.
R  INDICATES RECORD WAS SET OR TIED.
MM INDICATES DATA IS MISSING.
T  INDICATES TRACE AMOUNT.

$$
