000
CDUS43 KICT 250640
CLICNU


CLIMATE REPORT
NATIONAL WEATHER SERVICE WICHITA KS
1239 AM CST SUN FEB 25 2018


...................................

...THE CHANUTE KS CLIMATE SUMMARY FOR FEBRUARY 24 2018...

CLIMATE NORMAL PERIOD 1981 TO 2010
CLIMATE RECORD PERIOD 1894 TO 2018


WEATHER ITEM   OBSERVED TIME   RECORD YEAR NORMAL DEPARTURE LAST
                VALUE   (LST)  VALUE       VALUE  FROM      YEAR
                                                  NORMAL
..................................................................
TEMPERATURE (F)
 YESTERDAY
  MAXIMUM         43    244 PM  82    1956  51     -8       49
  MINIMUM         31   1158 PM   0    1913  30      1       26
  AVERAGE         37                        40     -3       38

PRECIPITATION (IN)
  YESTERDAY        0.21          1.31 2011   0.07   0.14     0.00
                                      2001
  MONTH TO DATE    1.98                      1.57   0.41     0.03
  SINCE DEC 1      2.83                      4.58  -1.75     2.65
  SINCE JAN 1      2.59                      2.83  -0.24     1.87

DEGREE DAYS
 HEATING
  YESTERDAY       28                        25      3       27
  MONTH TO DATE  736                       678     58      427
  SINCE DEC 1   2576                      2625    -49     2211
  SINCE JUL 1   3277                      3477   -200     2689

 COOLING
  YESTERDAY        0                         0      0        0
  MONTH TO DATE    0                         0      0        3
  SINCE DEC 1      0                         0      0        3
  SINCE JAN 1      0                         0      0        3
..................................................................


WIND (MPH)
  HIGHEST WIND SPEED    21   HIGHEST WIND DIRECTION     W (280)
  HIGHEST GUST SPEED    26   HIGHEST GUST DIRECTION     W (270)
  AVERAGE WIND SPEED     9.4


SKY COVER
  POSSIBLE SUNSHINE  MM
  AVERAGE SKY COVER 0.8


WEATHER CONDITIONS
 THE FOLLOWING WEATHER WAS RECORDED YESTERDAY.
  THUNDERSTORM
  HEAVY RAIN
  RAIN
  LIGHT RAIN
  FOG
  FOG W/VISIBILITY <= 1/4 MILE


RELATIVE HUMIDITY (PERCENT)
 HIGHEST   100           100 AM
 LOWEST     79           600 PM
 AVERAGE    90

..........................................................


THE CHANUTE KS CLIMATE NORMALS FOR TODAY
                         NORMAL    RECORD    YEAR
 MAXIMUM TEMPERATURE (F)   51        76      1944
 MINIMUM TEMPERATURE (F)   30         2      2003


SUNRISE AND SUNSET
FEBRUARY 25 2018......SUNRISE   659 AM CST   SUNSET   612 PM CST
FEBRUARY 26 2018......SUNRISE   657 AM CST   SUNSET   613 PM CST


-  INDICATES NEGATIVE NUMBERS.
R  INDICATES RECORD WAS SET OR TIED.
MM INDICATES DATA IS MISSING.
T  INDICATES TRACE AMOUNT.




$$
