000
CDUS43 KICT 030656
CLICNU


CLIMATE REPORT
NATIONAL WEATHER SERVICE WICHITA KS
156 AM CDT THU SEP 3 2015


...................................

...THE CHANUTE KS CLIMATE SUMMARY FOR SEPTEMBER 2 2015...

CLIMATE NORMAL PERIOD 1981 TO 2010
CLIMATE RECORD PERIOD 1894 TO 2015


WEATHER ITEM   OBSERVED TIME   RECORD YEAR NORMAL DEPARTURE LAST
                VALUE   (LST)  VALUE       VALUE  FROM      YEAR
                                                  NORMAL
..................................................................
TEMPERATURE (F)
 YESTERDAY
  MAXIMUM         88    327 PM 107    2000  87      1       86
  MINIMUM         68    536 AM  48    1974  64      4       69
  AVERAGE         78                        76      2       78

PRECIPITATION (IN)
  YESTERDAY        0.00          2.39 2009   0.11  -0.11     0.12
  MONTH TO DATE    0.00                      0.22  -0.22     0.12
  SINCE SEP 1      0.00                      0.22  -0.22     0.12
  SINCE JAN 1     31.31                     30.71   0.60    20.60

DEGREE DAYS
 HEATING
  YESTERDAY        0                         0      0        0
  MONTH TO DATE    0                         0      0        0
  SINCE SEP 1      0                         0      0        0
  SINCE JUL 1      0                         1     -1        1

 COOLING
  YESTERDAY       13                        11      2       13
  MONTH TO DATE   26                        22      4       22
  SINCE SEP 1     26                        22      4       22
  SINCE JAN 1   1345                      1326     19     1310
..................................................................


WIND (MPH)
  HIGHEST WIND SPEED    21   HIGHEST WIND DIRECTION     S (180)
  HIGHEST GUST SPEED    24   HIGHEST GUST DIRECTION     S (170)
  AVERAGE WIND SPEED    10.8


SKY COVER
  POSSIBLE SUNSHINE  MM
  AVERAGE SKY COVER 0.0


WEATHER CONDITIONS
 THE FOLLOWING WEATHER WAS RECORDED YESTERDAY.
  NO SIGNIFICANT WEATHER WAS OBSERVED.


RELATIVE HUMIDITY (PERCENT)
 HIGHEST    90          1200 AM
 LOWEST     53           400 PM
 AVERAGE    72

..........................................................


THE CHANUTE KS CLIMATE NORMALS FOR TODAY
                         NORMAL    RECORD    YEAR
 MAXIMUM TEMPERATURE (F)   86       106      1947
 MINIMUM TEMPERATURE (F)   64        45      1974


SUNRISE AND SUNSET
SEPTEMBER  3 2015.....SUNRISE   654 AM CDT   SUNSET   748 PM CDT
SEPTEMBER  4 2015.....SUNRISE   654 AM CDT   SUNSET   747 PM CDT


-  INDICATES NEGATIVE NUMBERS.
R  INDICATES RECORD WAS SET OR TIED.
MM INDICATES DATA IS MISSING.
T  INDICATES TRACE AMOUNT.




$$
