000
CDUS43 KICT 300939
CLICNU

CLIMATE REPORT
NATIONAL WEATHER SERVICE WICHITA KS
435 AM CDT THU MAR 30 2017

...................................

...THE CHANUTE KS CLIMATE SUMMARY FOR MARCH 29 2017...

CLIMATE NORMAL PERIOD 1981 TO 2010
CLIMATE RECORD PERIOD 1894 TO 2017


WEATHER ITEM   OBSERVED TIME   RECORD YEAR NORMAL DEPARTURE LAST
                VALUE   (LST)  VALUE       VALUE  FROM      YEAR
                                                  NORMAL
..................................................................
TEMPERATURE (F)
 YESTERDAY
  MAXIMUM         73    200 PM  85    1967  63     10       72
  MINIMUM         49   1159 PM  15    1944  40      9       45
  AVERAGE         61                        51     10       59

PRECIPITATION (IN)
  YESTERDAY        0.80          1.81 1980   0.11   0.69     0.00
  MONTH TO DATE    1.87                      2.81  -0.94     1.31
  SINCE MAR 1      1.87                      2.81  -0.94     1.31
  SINCE JAN 1      4.02                      5.97  -1.95     2.39

DEGREE DAYS
 HEATING
  YESTERDAY        4                        14    -10        6
  MONTH TO DATE  380                       532   -152      377
  SINCE MAR 1    380                       532   -152      377
  SINCE JUL 1   3148                      4104   -956     3342

 COOLING
  YESTERDAY        0                         0      0        0
  MONTH TO DATE   17                         0     17        0
  SINCE MAR 1     17                         0     17        0
  SINCE JAN 1     20                         0     20        0
..................................................................


WIND (MPH)
  HIGHEST WIND SPEED    29   HIGHEST WIND DIRECTION     W (260)
  HIGHEST GUST SPEED    41   HIGHEST GUST DIRECTION     W (250)
  AVERAGE WIND SPEED    14.9


SKY COVER
  POSSIBLE SUNSHINE  MM
  AVERAGE SKY COVER 0.6


WEATHER CONDITIONS
 THE FOLLOWING WEATHER WAS RECORDED YESTERDAY.
  THUNDERSTORM
  HEAVY RAIN
  RAIN
  LIGHT RAIN
  FOG


RELATIVE HUMIDITY (PERCENT)
 HIGHEST    93           300 AM
 LOWEST     63           300 PM
 AVERAGE    78

..........................................................


THE CHANUTE KS CLIMATE NORMALS FOR TODAY
                         NORMAL    RECORD    YEAR
 MAXIMUM TEMPERATURE (F)   63        83      1968
 MINIMUM TEMPERATURE (F)   40        16      1964


SUNRISE AND SUNSET
MARCH 30 2017.........SUNRISE   710 AM CDT   SUNSET   743 PM CDT
MARCH 31 2017.........SUNRISE   708 AM CDT   SUNSET   744 PM CDT


-  INDICATES NEGATIVE NUMBERS.
R  INDICATES RECORD WAS SET OR TIED.
MM INDICATES DATA IS MISSING.
T  INDICATES TRACE AMOUNT.

$$
