000
CDUS43 KICT 300635
CLICNU


CLIMATE REPORT
NATIONAL WEATHER SERVICE WICHITA KS
135 AM CDT SAT MAY 30 2015


...................................

...THE CHANUTE KS CLIMATE SUMMARY FOR MAY 29 2015...

CLIMATE NORMAL PERIOD 1981 TO 2010
CLIMATE RECORD PERIOD 1894 TO 2015


WEATHER ITEM   OBSERVED TIME   RECORD YEAR NORMAL DEPARTURE LAST
                VALUE   (LST)  VALUE       VALUE  FROM      YEAR
                                                  NORMAL
..................................................................
TEMPERATURE (F)
 YESTERDAY
  MAXIMUM         70    540 PM  96    1926  79     -9       86
  MINIMUM         62   1159 PM  36    1947  60      2       62
  AVERAGE         66                        70     -4       74

PRECIPITATION (IN)
  YESTERDAY        1.49          2.74 1935   0.22   1.27      T
  MONTH TO DATE   11.57                      5.37   6.20     5.40
  SINCE MAR 1     16.65                     12.81   3.84     8.37
  SINCE JAN 1     17.96                     15.97   1.99     9.34

DEGREE DAYS
 HEATING
  YESTERDAY        0                         1     -1        0
  MONTH TO DATE   78                        74      4       97
  SINCE MAR 1    760                       904   -144     1070
  SINCE JUL 1   4450                      4476    -26     5090

 COOLING
  YESTERDAY        1                         5     -4        9
  MONTH TO DATE   87                        90     -3      157
  SINCE MAR 1    109                       121    -12      173
  SINCE JAN 1    109                       121    -12      173
..................................................................


WIND (MPH)
  HIGHEST WIND SPEED    16   HIGHEST WIND DIRECTION     S (200)
  HIGHEST GUST SPEED    25   HIGHEST GUST DIRECTION    SE (120)
  AVERAGE WIND SPEED     6.1


SKY COVER
  POSSIBLE SUNSHINE  MM
  AVERAGE SKY COVER 0.8


WEATHER CONDITIONS
 THE FOLLOWING WEATHER WAS RECORDED YESTERDAY.
  THUNDERSTORM
  HEAVY RAIN
  RAIN
  LIGHT RAIN
  FOG
  FOG W/VISIBILITY <= 1/4 MILE


RELATIVE HUMIDITY (PERCENT)
 HIGHEST   100          1000 PM
 LOWEST     90          1200 AM
 AVERAGE    95

..........................................................


THE CHANUTE KS CLIMATE NORMALS FOR TODAY
                         NORMAL    RECORD    YEAR
 MAXIMUM TEMPERATURE (F)   80        98      1934
 MINIMUM TEMPERATURE (F)   60        42      1984


SUNRISE AND SUNSET
MAY 30 2015...........SUNRISE   603 AM CDT   SUNSET   836 PM CDT
MAY 31 2015...........SUNRISE   602 AM CDT   SUNSET   837 PM CDT


-  INDICATES NEGATIVE NUMBERS.
R  INDICATES RECORD WAS SET OR TIED.
MM INDICATES DATA IS MISSING.
T  INDICATES TRACE AMOUNT.




$$
