000
CDUS43 KICT 150725
CLICNU

CLIMATE REPORT
NATIONAL WEATHER SERVICE WICHITA KS
123 AM CST SUN JAN 15 2017

...................................

...THE CHANUTE KS CLIMATE SUMMARY FOR JANUARY 14 2017...

CLIMATE NORMAL PERIOD 1981 TO 2010
CLIMATE RECORD PERIOD 1894 TO 2017


WEATHER ITEM   OBSERVED TIME   RECORD YEAR NORMAL DEPARTURE LAST
                VALUE   (LST)  VALUE       VALUE  FROM      YEAR
                                                  NORMAL
..................................................................
TEMPERATURE (F)
 YESTERDAY
  MAXIMUM         33    655 PM  71    1928  42     -9       61
  MINIMUM         27    940 AM  -6    1979  23      4       29
  AVERAGE         30                        32     -2       45

PRECIPITATION (IN)
  YESTERDAY        0.35          0.54 1960   0.04   0.31     0.00
  MONTH TO DATE    0.48                      0.54  -0.06     0.68
  SINCE DEC 1      1.26                      2.29  -1.03     4.23
  SINCE JAN 1      0.48                      0.54  -0.06     0.68

DEGREE DAYS
 HEATING
  YESTERDAY       35                        33      2       20
  MONTH TO DATE  455                       462     -7      445
  SINCE DEC 1   1397                      1403     -6     1157
  SINCE JUL 1   1875                      2255   -380     1800

 COOLING
  YESTERDAY        0                         0      0        0
  MONTH TO DATE    0                         0      0        0
  SINCE DEC 1      0                         0      0        0
  SINCE JAN 1      0                         0      0        0
..................................................................


WIND (MPH)
  HIGHEST WIND SPEED    12   HIGHEST WIND DIRECTION    NE (30)
  HIGHEST GUST SPEED    15   HIGHEST GUST DIRECTION     N (20)
  AVERAGE WIND SPEED     5.9


SKY COVER
  POSSIBLE SUNSHINE  MM
  AVERAGE SKY COVER 1.0


WEATHER CONDITIONS
 THE FOLLOWING WEATHER WAS RECORDED YESTERDAY.
  FREEZING RAIN
  LT FREEZING RAIN
  FOG
  HAZE


RELATIVE HUMIDITY (PERCENT)
 HIGHEST    92           100 AM
 LOWEST     78          1200 PM
 AVERAGE    85

..........................................................


THE CHANUTE KS CLIMATE NORMALS FOR TODAY
                         NORMAL    RECORD    YEAR
 MAXIMUM TEMPERATURE (F)   42        67      2006
 MINIMUM TEMPERATURE (F)   23        -6      1927


SUNRISE AND SUNSET
JANUARY 15 2017.......SUNRISE   736 AM CST   SUNSET   528 PM CST
JANUARY 16 2017.......SUNRISE   735 AM CST   SUNSET   529 PM CST


-  INDICATES NEGATIVE NUMBERS.
R  INDICATES RECORD WAS SET OR TIED.
MM INDICATES DATA IS MISSING.
T  INDICATES TRACE AMOUNT.

$$
