000
CDUS43 KICT 170629
CLICNU


CLIMATE REPORT
NATIONAL WEATHER SERVICE WICHITA KS
128 AM CDT THU JUL 17 2014


...................................

...THE CHANUTE KS CLIMATE SUMMARY FOR JULY 16 2014...

CLIMATE NORMAL PERIOD 1981 TO 2010
CLIMATE RECORD PERIOD 1894 TO 2014


WEATHER ITEM   OBSERVED TIME   RECORD YEAR NORMAL DEPARTURE LAST
                VALUE   (LST)  VALUE       VALUE  FROM      YEAR
                                                  NORMAL
..................................................................
TEMPERATURE (F)
 YESTERDAY
  MAXIMUM         76    211 PM 113    1936  90    -14       93
  MINIMUM         51R   424 AM  57    1967  69    -18       68
  AVERAGE         64                        80    -16       81

PRECIPITATION (IN)
  YESTERDAY        0.00          2.08 1992   0.15  -0.15     0.36
  MONTH TO DATE    0.79                      2.45  -1.66     0.49
  SINCE JUN 1      8.84                      8.48   0.36     4.61
  SINCE JAN 1     18.30                     24.88  -6.58    23.17

DEGREE DAYS
 HEATING
  YESTERDAY        1                         0      1        0
  MONTH TO DATE    1                         0      1        0
  SINCE JUN 1      1                         6     -5       10
  SINCE JUL 1      1                         0      1        0

 COOLING
  YESTERDAY        0                        15    -15       16
  MONTH TO DATE  159                       227    -68      229
  SINCE JUN 1    457                       519    -62      543
  SINCE JAN 1    649                       652     -3      666
..................................................................


WIND (MPH)
  HIGHEST WIND SPEED     9   HIGHEST WIND DIRECTION    SW (230)
  HIGHEST GUST SPEED    12   HIGHEST GUST DIRECTION     W (260)
  AVERAGE WIND SPEED     2.5


SKY COVER
  POSSIBLE SUNSHINE  MM
  AVERAGE SKY COVER 0.4


WEATHER CONDITIONS
 THE FOLLOWING WEATHER WAS RECORDED YESTERDAY.
  NO SIGNIFICANT WEATHER WAS OBSERVED.


RELATIVE HUMIDITY (PERCENT)
 HIGHEST    96           400 AM
 LOWEST     49          1100 AM
 AVERAGE    73

..........................................................


THE CHANUTE KS CLIMATE NORMALS FOR TODAY
                         NORMAL    RECORD    YEAR
 MAXIMUM TEMPERATURE (F)   90       111      1980
 MINIMUM TEMPERATURE (F)   69        56      1967


SUNRISE AND SUNSET
JULY 17 2014..........SUNRISE   614 AM CDT   SUNSET   842 PM CDT
JULY 18 2014..........SUNRISE   615 AM CDT   SUNSET   841 PM CDT


-  INDICATES NEGATIVE NUMBERS.
R  INDICATES RECORD WAS SET OR TIED.
MM INDICATES DATA IS MISSING.
T  INDICATES TRACE AMOUNT.




$$
