000
CDUS43 KICT 180625
CLICNU


CLIMATE REPORT
NATIONAL WEATHER SERVICE WICHITA KS
125 AM CDT TUE APR 18 2017


...................................

...THE CHANUTE KS CLIMATE SUMMARY FOR APRIL 17 2017...

CLIMATE NORMAL PERIOD 1981 TO 2010
CLIMATE RECORD PERIOD 1894 TO 2017


WEATHER ITEM   OBSERVED TIME   RECORD YEAR NORMAL DEPARTURE LAST
                VALUE   (LST)  VALUE       VALUE  FROM      YEAR
                                                  NORMAL
..................................................................
TEMPERATURE (F)
 YESTERDAY
  MAXIMUM         73    434 PM  89    1913  68      5       75
  MINIMUM         59   1159 PM  27    1921  46     13       58
  AVERAGE         66                        57      9       67

PRECIPITATION (IN)
  YESTERDAY        T             2.14 1940   0.15  -0.15     0.83
  MONTH TO DATE    4.62                      2.28   2.34     2.01
  SINCE MAR 1      6.64                      5.32   1.32     3.42
  SINCE JAN 1      8.79                      8.48   0.31     4.50

DEGREE DAYS
 HEATING
  YESTERDAY        0                         9     -9        0
  MONTH TO DATE  101                       185    -84      132
  SINCE MAR 1    511                       744   -233      520
  SINCE JUL 1   3279                      4316  -1037     3485

 COOLING
  YESTERDAY        1                         1      0        2
  MONTH TO DATE   30                        13     17       11
  SINCE MAR 1     47                        17     30       11
  SINCE JAN 1     50                        17     33       11
..................................................................


WIND (MPH)
  HIGHEST WIND SPEED    16   HIGHEST WIND DIRECTION    NE (60)
  HIGHEST GUST SPEED    20   HIGHEST GUST DIRECTION    NE (60)
  AVERAGE WIND SPEED     6.4


SKY COVER
  POSSIBLE SUNSHINE  MM
  AVERAGE SKY COVER 0.4


WEATHER CONDITIONS
 THE FOLLOWING WEATHER WAS RECORDED YESTERDAY.
  NO SIGNIFICANT WEATHER WAS OBSERVED.


RELATIVE HUMIDITY (PERCENT)
 HIGHEST    90           400 AM
 LOWEST     66           200 PM
 AVERAGE    78

..........................................................


THE CHANUTE KS CLIMATE NORMALS FOR TODAY
                         NORMAL    RECORD    YEAR
 MAXIMUM TEMPERATURE (F)   69        90      2006
 MINIMUM TEMPERATURE (F)   47        27      1953


SUNRISE AND SUNSET
APRIL 18 2017.........SUNRISE   642 AM CDT   SUNSET   801 PM CDT
APRIL 19 2017.........SUNRISE   641 AM CDT   SUNSET   801 PM CDT


-  INDICATES NEGATIVE NUMBERS.
R  INDICATES RECORD WAS SET OR TIED.
MM INDICATES DATA IS MISSING.
T  INDICATES TRACE AMOUNT.




$$
