707
CDUS43 KICT 260635
CLICNU

CLIMATE REPORT
NATIONAL WEATHER SERVICE WICHITA KS
134 AM CDT TUE APR 26 2016


...................................

...THE CHANUTE KS CLIMATE SUMMARY FOR APRIL 25 2016...

CLIMATE NORMAL PERIOD 1981 TO 2010
CLIMATE RECORD PERIOD 1894 TO 2016


WEATHER ITEM   OBSERVED TIME   RECORD YEAR NORMAL DEPARTURE LAST
                VALUE   (LST)  VALUE       VALUE  FROM      YEAR
                                                  NORMAL
..................................................................
TEMPERATURE (F)
 YESTERDAY
  MAXIMUM         78    420 PM  91    1901  71      7       73
  MINIMUM         62    327 AM  33    2013  49     13       54
  AVERAGE         70                        60     10       64

PRECIPITATION (IN)
  YESTERDAY        0.00          1.33 1948   0.17  -0.17      T
  MONTH TO DATE    2.91                      3.55  -0.64     4.53
  SINCE MAR 1      4.32                      6.59  -2.27     5.08
  SINCE JAN 1      5.40                      9.75  -4.35     6.39

DEGREE DAYS
 HEATING
  YESTERDAY        0                         6     -6        1
  MONTH TO DATE  152                       243    -91      152
  SINCE MAR 1    540                       802   -262      647
  SINCE JUL 1   3505                      4374   -869     4337

 COOLING
  YESTERDAY        5                         1      4        0
  MONTH TO DATE   20                        21     -1       22
  SINCE MAR 1     20                        25     -5       22
  SINCE JAN 1     20                        25     -5       22
..................................................................


WIND (MPH)
  HIGHEST WIND SPEED    18   HIGHEST WIND DIRECTION     S (190)
  HIGHEST GUST SPEED    23   HIGHEST GUST DIRECTION     S (190)
  AVERAGE WIND SPEED    10.4


SKY COVER
  POSSIBLE SUNSHINE  MM
  AVERAGE SKY COVER 0.7


WEATHER CONDITIONS
 THE FOLLOWING WEATHER WAS RECORDED YESTERDAY.
  NO SIGNIFICANT WEATHER WAS OBSERVED.


RELATIVE HUMIDITY (PERCENT)
 HIGHEST    84           700 AM
 LOWEST     64           300 PM
 AVERAGE    74

..........................................................


THE CHANUTE KS CLIMATE NORMALS FOR TODAY
                         NORMAL    RECORD    YEAR
 MAXIMUM TEMPERATURE (F)   71        91      1901
 MINIMUM TEMPERATURE (F)   49        32      1910


SUNRISE AND SUNSET
APRIL 26 2016.........SUNRISE   632 AM CDT   SUNSET   808 PM CDT
APRIL 27 2016.........SUNRISE   631 AM CDT   SUNSET   809 PM CDT


-  INDICATES NEGATIVE NUMBERS.
R  INDICATES RECORD WAS SET OR TIED.
MM INDICATES DATA IS MISSING.
T  INDICATES TRACE AMOUNT.




$$
