000
CDUS43 KICT 190629
CLICNU

CLIMATE REPORT
NATIONAL WEATHER SERVICE WICHITA KS
128 AM CDT THU MAY 19 2016

...................................

...THE CHANUTE KS CLIMATE SUMMARY FOR MAY 18 2016...

CLIMATE NORMAL PERIOD 1981 TO 2010
CLIMATE RECORD PERIOD 1894 TO 2016


WEATHER ITEM   OBSERVED TIME   RECORD YEAR NORMAL DEPARTURE LAST
                VALUE   (LST)  VALUE       VALUE  FROM      YEAR
                                                  NORMAL
..................................................................
TEMPERATURE (F)
 YESTERDAY
  MAXIMUM         69    514 PM  91    1956  76     -7       74
  MINIMUM         44    535 AM  40    2002  56    -12       56
  AVERAGE         57                        66     -9       65

PRECIPITATION (IN)
  YESTERDAY        0.00          3.14 1940   0.20  -0.20     0.00
  MONTH TO DATE    2.40                      3.09  -0.69     5.68
  SINCE MAR 1      9.28                     10.53  -1.25    10.76
  SINCE JAN 1     10.36                     13.69  -3.33    12.07

DEGREE DAYS
 HEATING
  YESTERDAY        8                         2      6        0
  MONTH TO DATE  100                        59     41       35
  SINCE MAR 1    663                       889   -226      717
  SINCE JUL 1   3628                      4461   -833     4407

 COOLING
  YESTERDAY        0                         3     -3        0
  MONTH TO DATE   20                        41    -21       62
  SINCE MAR 1     44                        72    -28       84
  SINCE JAN 1     44                        72    -28       84
..................................................................


WIND (MPH)
  HIGHEST WIND SPEED    13   HIGHEST WIND DIRECTION     E (80)
  HIGHEST GUST SPEED    18   HIGHEST GUST DIRECTION    NE (60)
  AVERAGE WIND SPEED     5.8


SKY COVER
  POSSIBLE SUNSHINE  MM
  AVERAGE SKY COVER 0.2


WEATHER CONDITIONS
 THE FOLLOWING WEATHER WAS RECORDED YESTERDAY.
  NO SIGNIFICANT WEATHER WAS OBSERVED.


RELATIVE HUMIDITY (PERCENT)
 HIGHEST    93           100 AM
 LOWEST     48           200 PM
 AVERAGE    71

..........................................................


THE CHANUTE KS CLIMATE NORMALS FOR TODAY
                         NORMAL    RECORD    YEAR
 MAXIMUM TEMPERATURE (F)   77        94      1911
 MINIMUM TEMPERATURE (F)   57        41      1968


SUNRISE AND SUNSET
MAY 19 2016...........SUNRISE   609 AM CDT   SUNSET   829 PM CDT
MAY 20 2016...........SUNRISE   608 AM CDT   SUNSET   829 PM CDT


-  INDICATES NEGATIVE NUMBERS.
R  INDICATES RECORD WAS SET OR TIED.
MM INDICATES DATA IS MISSING.
T  INDICATES TRACE AMOUNT.

$$
