000
CDUS43 KICT 140716
CLICNU

CLIMATE REPORT
NATIONAL WEATHER SERVICE WICHITA KS
113 AM CST TUE NOV 14 2017

...................................

...THE CHANUTE KS CLIMATE SUMMARY FOR NOVEMBER 13 2017...

CLIMATE NORMAL PERIOD 1981 TO 2010
CLIMATE RECORD PERIOD 1894 TO 2017


WEATHER ITEM   OBSERVED TIME   RECORD YEAR NORMAL DEPARTURE LAST
                VALUE   (LST)  VALUE       VALUE  FROM      YEAR
                                                  NORMAL
..................................................................
TEMPERATURE (F)
 YESTERDAY
  MAXIMUM         56    411 PM  82    1999  58     -2       63
  MINIMUM         46    645 AM   6    1940  37      9       31
  AVERAGE         51                        48      3       47

PRECIPITATION (IN)
  YESTERDAY        0.02          1.35 1924   0.09  -0.07     0.00
  MONTH TO DATE    0.04                      1.17  -1.13     0.30
  SINCE SEP 1      8.66                      8.50   0.16    10.72
  SINCE JAN 1     45.30                     38.99   6.31    35.95

DEGREE DAYS
 HEATING
  YESTERDAY       14                        17     -3       18
  MONTH TO DATE  231                       191     40      117
  SINCE SEP 1    459                       478    -19      215
  SINCE JUL 1    459                       479    -20      215

 COOLING
  YESTERDAY        0                         0      0        0
  MONTH TO DATE    0                         0      0       15
  SINCE SEP 1    309                       225     84      360
  SINCE JAN 1   1616                      1529     87     1841
..................................................................


WIND (MPH)
  HIGHEST WIND SPEED    13   HIGHEST WIND DIRECTION    SE (130)
  HIGHEST GUST SPEED    16   HIGHEST GUST DIRECTION    SE (150)
  AVERAGE WIND SPEED     5.9


SKY COVER
  AVERAGE SKY COVER 1.0


WEATHER CONDITIONS
 THE FOLLOWING WEATHER WAS RECORDED YESTERDAY.
  LIGHT RAIN
  FOG


RELATIVE HUMIDITY (PERCENT)
 HIGHEST    86          1200 AM
 LOWEST     66           200 PM
 AVERAGE    76

..........................................................


THE CHANUTE KS CLIMATE NORMALS FOR TODAY
                         NORMAL    RECORD    YEAR
 MAXIMUM TEMPERATURE (F)   58        80      1899
 MINIMUM TEMPERATURE (F)   37        10      1959


SUNRISE AND SUNSET
NOVEMBER 14 2017......SUNRISE   701 AM CST   SUNSET   511 PM CST
NOVEMBER 15 2017......SUNRISE   702 AM CST   SUNSET   511 PM CST


-  INDICATES NEGATIVE NUMBERS.
R  INDICATES RECORD WAS SET OR TIED.
MM INDICATES DATA IS MISSING.
T  INDICATES TRACE AMOUNT.

$$
