000
CDUS43 KICT 170625
CLICNU


CLIMATE REPORT
NATIONAL WEATHER SERVICE WICHITA KS
1224 AM CST FRI FEB 17 2017


...................................

...THE CHANUTE KS CLIMATE SUMMARY FOR FEBRUARY 16 2017...

CLIMATE NORMAL PERIOD 1981 TO 2010
CLIMATE RECORD PERIOD 1894 TO 2017


WEATHER ITEM   OBSERVED TIME   RECORD YEAR NORMAL DEPARTURE LAST
                VALUE   (LST)  VALUE       VALUE  FROM      YEAR
                                                  NORMAL
..................................................................
TEMPERATURE (F)
 YESTERDAY
  MAXIMUM         71    402 PM  75    1911  48     23       54
  MINIMUM         33    714 AM  -3    1979  27      6       27
  AVERAGE         52                        38     14       41

PRECIPITATION (IN)
  YESTERDAY        0.00          0.73 1911   0.07  -0.07     0.01
  MONTH TO DATE    T                         0.96  -0.96     0.30
  SINCE DEC 1      2.62                      3.97  -1.35     4.63
  SINCE JAN 1      1.84                      2.22  -0.38     1.08

DEGREE DAYS
 HEATING
  YESTERDAY       13                        27    -14       24
  MONTH TO DATE  351                       471   -120      428
  SINCE DEC 1   2135                      2418   -283     2114
  SINCE JUL 1   2613                      3270   -657     2757

 COOLING
  YESTERDAY        0                         0      0        0
  MONTH TO DATE    3                         0      3        0
  SINCE DEC 1      3                         0      3        0
  SINCE JAN 1      3                         0      3        0
..................................................................


WIND (MPH)
  HIGHEST WIND SPEED    24   HIGHEST WIND DIRECTION    SW (210)
  HIGHEST GUST SPEED    32   HIGHEST GUST DIRECTION     S (200)
  AVERAGE WIND SPEED    13.0


SKY COVER
  POSSIBLE SUNSHINE  MM
  AVERAGE SKY COVER 0.0


WEATHER CONDITIONS
 THE FOLLOWING WEATHER WAS RECORDED YESTERDAY.
  NO SIGNIFICANT WEATHER WAS OBSERVED.


RELATIVE HUMIDITY (PERCENT)
 HIGHEST    75           400 AM
 LOWEST     22           400 PM
 AVERAGE    49

..........................................................


THE CHANUTE KS CLIMATE NORMALS FOR TODAY
                         NORMAL    RECORD    YEAR
 MAXIMUM TEMPERATURE (F)   49        78      2011
 MINIMUM TEMPERATURE (F)   27       -11      1903


SUNRISE AND SUNSET
FEBRUARY 17 2017......SUNRISE   709 AM CST   SUNSET   604 PM CST
FEBRUARY 18 2017......SUNRISE   707 AM CST   SUNSET   605 PM CST


-  INDICATES NEGATIVE NUMBERS.
R  INDICATES RECORD WAS SET OR TIED.
MM INDICATES DATA IS MISSING.
T  INDICATES TRACE AMOUNT.




$$
