623
CDUS43 KICT 170636
CLICNU

CLIMATE REPORT
NATIONAL WEATHER SERVICE WICHITA KS
133 AM CDT SAT JUN 17 2017

...................................

...THE CHANUTE KS CLIMATE SUMMARY FOR JUNE 16 2017...

CLIMATE NORMAL PERIOD 1981 TO 2010
CLIMATE RECORD PERIOD 1894 TO 2017


WEATHER ITEM   OBSERVED TIME   RECORD YEAR NORMAL DEPARTURE LAST
                VALUE   (LST)  VALUE       VALUE  FROM      YEAR
                                                  NORMAL
..................................................................
TEMPERATURE (F)
 YESTERDAY
  MAXIMUM         92    308 PM 102    1918  85      7       95
  MINIMUM         63    511 AM  47    1917  65     -2       70
  AVERAGE         78                        75      3       83

PRECIPITATION (IN)
  YESTERDAY        0.00          2.55 1928   0.20  -0.20     0.05
  MONTH TO DATE    0.37                      3.57  -3.20     0.96
  SINCE JUN 1      0.37                      3.57  -3.20     0.96
  SINCE JAN 1     21.45                     19.97   1.48    12.75

DEGREE DAYS
 HEATING
  YESTERDAY        0                         0      0        0
  MONTH TO DATE    0                         4     -4        0
  SINCE JUN 1      0                         4     -4        0
  SINCE JUL 1   3452                      4481  -1029     3647

 COOLING
  YESTERDAY       13                        10      3       18
  MONTH TO DATE  168                       128     40      188
  SINCE JUN 1    168                       128     40      188
  SINCE JAN 1    335                       261     74      295
..................................................................


WIND (MPH)
  HIGHEST WIND SPEED    18   HIGHEST WIND DIRECTION     S (180)
  HIGHEST GUST SPEED    26   HIGHEST GUST DIRECTION     S (180)
  AVERAGE WIND SPEED     9.5


SKY COVER
  AVERAGE SKY COVER 0.0


WEATHER CONDITIONS
 THE FOLLOWING WEATHER WAS RECORDED YESTERDAY.
  NO SIGNIFICANT WEATHER WAS OBSERVED.


RELATIVE HUMIDITY (PERCENT)
 HIGHEST    93           100 AM
 LOWEST     56           300 PM
 AVERAGE    75

..........................................................


THE CHANUTE KS CLIMATE NORMALS FOR TODAY
                         NORMAL    RECORD    YEAR
 MAXIMUM TEMPERATURE (F)   85       103      1918
 MINIMUM TEMPERATURE (F)   65        50      1999


SUNRISE AND SUNSET
JUNE 17 2017..........SUNRISE   600 AM CDT   SUNSET   846 PM CDT
JUNE 18 2017..........SUNRISE   600 AM CDT   SUNSET   846 PM CDT


-  INDICATES NEGATIVE NUMBERS.
R  INDICATES RECORD WAS SET OR TIED.
MM INDICATES DATA IS MISSING.
T  INDICATES TRACE AMOUNT.

$$
