000
CDUS43 KICT 200613
CLICNU


CLIMATE REPORT
NATIONAL WEATHER SERVICE WICHITA KS
1213 AM CST THU NOV 20 2014


...................................

...THE CHANUTE KS CLIMATE SUMMARY FOR NOVEMBER 19 2014...

CLIMATE NORMAL PERIOD 1981 TO 2010
CLIMATE RECORD PERIOD 1894 TO 2014


WEATHER ITEM   OBSERVED TIME   RECORD YEAR NORMAL DEPARTURE LAST
                VALUE   (LST)  VALUE       VALUE  FROM      YEAR
                                                  NORMAL
..................................................................
TEMPERATURE (F)
 YESTERDAY
  MAXIMUM         52        MM  78    1913  55     -3       61
  MINIMUM         22        MM  15    1937  34    -12       41
  AVERAGE         37                        45     -8       51

PRECIPITATION (IN)
  YESTERDAY        0.00          2.09 1953   0.08  -0.08     0.00
  MONTH TO DATE    1.21                      1.66  -0.45     1.21
  SINCE SEP 1      8.89                      8.99  -0.10    11.35
  SINCE JAN 1     29.37                     39.48 -10.11    46.97

DEGREE DAYS
 HEATING
  YESTERDAY       28                        20      8       14
  MONTH TO DATE  460                       305    155      302
  SINCE SEP 1    669                       592     77      589
  SINCE JUL 1    670                       593     77      589

 COOLING
  YESTERDAY        0                         0      0        0
  MONTH TO DATE    0                         0      0        0
  SINCE SEP 1    224                       225     -1      293
  SINCE JAN 1   1512                      1529    -17     1560
..................................................................


WIND (MPH)
  HIGHEST WIND SPEED    16   HIGHEST WIND DIRECTION    SW (210)
  HIGHEST GUST SPEED    24   HIGHEST GUST DIRECTION    NW (310)
  AVERAGE WIND SPEED     8.7


SKY COVER
  POSSIBLE SUNSHINE  MM
  AVERAGE SKY COVER 0.0


WEATHER CONDITIONS
 THE FOLLOWING WEATHER WAS RECORDED YESTERDAY.
  NO SIGNIFICANT WEATHER WAS OBSERVED.


RELATIVE HUMIDITY (PERCENT)
 HIGHEST    81          1100 PM
 LOWEST     38           200 PM
 AVERAGE    60

..........................................................


THE CHANUTE KS CLIMATE NORMALS FOR TODAY
                         NORMAL    RECORD    YEAR
 MAXIMUM TEMPERATURE (F)   54        77      2007
 MINIMUM TEMPERATURE (F)   34        12      1937


SUNRISE AND SUNSET
NOVEMBER 20 2014......SUNRISE   707 AM CST   SUNSET   508 PM CST
NOVEMBER 21 2014......SUNRISE   708 AM CST   SUNSET   507 PM CST


-  INDICATES NEGATIVE NUMBERS.
R  INDICATES RECORD WAS SET OR TIED.
MM INDICATES DATA IS MISSING.
T  INDICATES TRACE AMOUNT.




$$
