000
CDUS43 KICT 060632
CLICNU


CLIMATE REPORT
NATIONAL WEATHER SERVICE WICHITA KS
1231 AM CST TUE FEB 6 2018


...................................

...THE CHANUTE KS CLIMATE SUMMARY FOR FEBRUARY 5 2018...

CLIMATE NORMAL PERIOD 1981 TO 2010
CLIMATE RECORD PERIOD 1894 TO 2018


WEATHER ITEM   OBSERVED TIME   RECORD YEAR NORMAL DEPARTURE LAST
                VALUE   (LST)  VALUE       VALUE  FROM      YEAR
                                                  NORMAL
..................................................................
TEMPERATURE (F)
 YESTERDAY
  MAXIMUM         33        MM  68    1963  45    -12       61
  MINIMUM          2        MM  -6    1979  24    -22       24
  AVERAGE         18                        35    -17       43

PRECIPITATION (IN)
  YESTERDAY        0.00          1.08 2008   0.05  -0.05     0.00
  MONTH TO DATE    0.01                      0.25  -0.24     0.00
  SINCE DEC 1      0.86                      3.26  -2.40     2.62
  SINCE JAN 1      0.62                      1.51  -0.89     1.84

DEGREE DAYS
 HEATING
  YESTERDAY       47                        30     17       22
  MONTH TO DATE  189                       154     35      147
  SINCE DEC 1   2029                      2101    -72     1931
  SINCE JUL 1   2730                      2953   -223     2409

 COOLING
  YESTERDAY        0                         0      0        0
  MONTH TO DATE    0                         0      0        0
  SINCE DEC 1      0                         0      0        0
  SINCE JAN 1      0                         0      0        0
..................................................................


WIND (MPH)
  HIGHEST WIND SPEED    15   HIGHEST WIND DIRECTION     S (180)
  HIGHEST GUST SPEED    MM   HIGHEST GUST DIRECTION    MM
  AVERAGE WIND SPEED     7.1


SKY COVER
  POSSIBLE SUNSHINE   0 PERCENT
  AVERAGE SKY COVER 0.0


WEATHER CONDITIONS
 THE FOLLOWING WEATHER WAS RECORDED YESTERDAY.
  NO SIGNIFICANT WEATHER WAS OBSERVED.


RELATIVE HUMIDITY (PERCENT)
 HIGHEST     0          1200 AM
 LOWEST      0          1200 AM
 AVERAGE     0

..........................................................


THE CHANUTE KS CLIMATE NORMALS FOR TODAY
                         NORMAL    RECORD    YEAR
 MAXIMUM TEMPERATURE (F)   45        70      2009
                                             1900
 MINIMUM TEMPERATURE (F)   25        -9      1985


SUNRISE AND SUNSET
FEBRUARY  6 2018......SUNRISE   721 AM CST   SUNSET   551 PM CST
FEBRUARY  7 2018......SUNRISE   720 AM CST   SUNSET   553 PM CST


-  INDICATES NEGATIVE NUMBERS.
R  INDICATES RECORD WAS SET OR TIED.
MM INDICATES DATA IS MISSING.
T  INDICATES TRACE AMOUNT.




$$
