000
CDUS43 KICT 100626
CLICNU


CLIMATE REPORT
NATIONAL WEATHER SERVICE WICHITA KS
124 AM CDT SAT JUN 10 2017


...................................

...THE CHANUTE KS CLIMATE SUMMARY FOR JUNE 9 2017...

CLIMATE NORMAL PERIOD 1981 TO 2010
CLIMATE RECORD PERIOD 1894 TO 2017


WEATHER ITEM   OBSERVED TIME   RECORD YEAR NORMAL DEPARTURE LAST
                VALUE   (LST)  VALUE       VALUE  FROM      YEAR
                                                  NORMAL
..................................................................
TEMPERATURE (F)
 YESTERDAY
  MAXIMUM         85    404 PM 100    1911  83      2       89
  MINIMUM         56    516 AM  50    2007  63     -7       68
  AVERAGE         71                        73     -2       79

PRECIPITATION (IN)
  YESTERDAY        0.00          3.58 2009   0.22  -0.22     0.00
  MONTH TO DATE    0.09                      2.11  -2.02     0.51
  SINCE JUN 1      0.09                      2.11  -2.02     0.51
  SINCE JAN 1     21.17                     18.51   2.66    12.30

DEGREE DAYS
 HEATING
  YESTERDAY        0                         0      0        0
  MONTH TO DATE    0                         4     -4        0
  SINCE JUN 1      0                         4     -4        0
  SINCE JUL 1   3452                      4481  -1029     3647

 COOLING
  YESTERDAY        6                         8     -2       14
  MONTH TO DATE   64                        64      0       77
  SINCE JUN 1     64                        64      0       77
  SINCE JAN 1    231                       197     34      184
..................................................................


WIND (MPH)
  HIGHEST WIND SPEED    18   HIGHEST WIND DIRECTION     S (200)
  HIGHEST GUST SPEED    26   HIGHEST GUST DIRECTION     S (160)
  AVERAGE WIND SPEED     9.4


SKY COVER
  POSSIBLE SUNSHINE  MM
  AVERAGE SKY COVER 0.0


WEATHER CONDITIONS
 THE FOLLOWING WEATHER WAS RECORDED YESTERDAY.
  NO SIGNIFICANT WEATHER WAS OBSERVED.


RELATIVE HUMIDITY (PERCENT)
 HIGHEST    86          1200 AM
 LOWEST     43           400 PM
 AVERAGE    65

..........................................................


THE CHANUTE KS CLIMATE NORMALS FOR TODAY
                         NORMAL    RECORD    YEAR
 MAXIMUM TEMPERATURE (F)   83       101      1911
 MINIMUM TEMPERATURE (F)   63        49      1913


SUNRISE AND SUNSET
JUNE 10 2017..........SUNRISE   600 AM CDT   SUNSET   843 PM CDT
JUNE 11 2017..........SUNRISE   600 AM CDT   SUNSET   844 PM CDT


-  INDICATES NEGATIVE NUMBERS.
R  INDICATES RECORD WAS SET OR TIED.
MM INDICATES DATA IS MISSING.
T  INDICATES TRACE AMOUNT.




$$
