792
CDUS43 KICT 160742
CLICNU


CLIMATE REPORT
NATIONAL WEATHER SERVICE WICHITA KS
141 AM CST THU FEB 16 2017


...................................

...THE CHANUTE KS CLIMATE SUMMARY FOR FEBRUARY 15 2017...

CLIMATE NORMAL PERIOD 1981 TO 2010
CLIMATE RECORD PERIOD 1894 TO 2017


WEATHER ITEM   OBSERVED TIME   RECORD YEAR NORMAL DEPARTURE LAST
                VALUE   (LST)  VALUE       VALUE  FROM      YEAR
                                                  NORMAL
..................................................................
TEMPERATURE (F)
 YESTERDAY
  MAXIMUM         57    433 PM  72    1911  48      9       59
  MINIMUM         29    655 AM  -2    1936  27      2       31
  AVERAGE         43                        37      6       45

PRECIPITATION (IN)
  YESTERDAY        0.00          1.01 1987   0.06  -0.06      T
  MONTH TO DATE    T                         0.89  -0.89     0.29
  SINCE DEC 1      2.62                      3.90  -1.28     4.62
  SINCE JAN 1      1.84                      2.15  -0.31     1.07

DEGREE DAYS
 HEATING
  YESTERDAY       22                        28     -6       20
  MONTH TO DATE  338                       444   -106      404
  SINCE DEC 1   2122                      2391   -269     2090
  SINCE JUL 1   2600                      3243   -643     2733

 COOLING
  YESTERDAY        0                         0      0        0
  MONTH TO DATE    3                         0      3        0
  SINCE DEC 1      3                         0      3        0
  SINCE JAN 1      3                         0      3        0
..................................................................


WIND (MPH)
  HIGHEST WIND SPEED    16   HIGHEST WIND DIRECTION     N (350)
  HIGHEST GUST SPEED    23   HIGHEST GUST DIRECTION     N (340)
  AVERAGE WIND SPEED     8.3


SKY COVER
  POSSIBLE SUNSHINE  MM
  AVERAGE SKY COVER 0.0


WEATHER CONDITIONS
 THE FOLLOWING WEATHER WAS RECORDED YESTERDAY.
  NO SIGNIFICANT WEATHER WAS OBSERVED.


RELATIVE HUMIDITY (PERCENT)
 HIGHEST    85           700 AM
 LOWEST     24           400 PM
 AVERAGE    55

..........................................................


THE CHANUTE KS CLIMATE NORMALS FOR TODAY
                         NORMAL    RECORD    YEAR
 MAXIMUM TEMPERATURE (F)   48        75      1911
 MINIMUM TEMPERATURE (F)   27        -3      1979


SUNRISE AND SUNSET
FEBRUARY 16 2017......SUNRISE   710 AM CST   SUNSET   603 PM CST
FEBRUARY 17 2017......SUNRISE   709 AM CST   SUNSET   604 PM CST


-  INDICATES NEGATIVE NUMBERS.
R  INDICATES RECORD WAS SET OR TIED.
MM INDICATES DATA IS MISSING.
T  INDICATES TRACE AMOUNT.




$$
