000
CDUS43 KICT 110659
CLICNU


CLIMATE REPORT
NATIONAL WEATHER SERVICE WICHITA KS
1258 AM CST SAT MAR 11 2017


...................................

...THE CHANUTE KS CLIMATE SUMMARY FOR MARCH 10 2017...

CLIMATE NORMAL PERIOD 1981 TO 2010
CLIMATE RECORD PERIOD 1894 TO 2017


WEATHER ITEM   OBSERVED TIME   RECORD YEAR NORMAL DEPARTURE LAST
                VALUE   (LST)  VALUE       VALUE  FROM      YEAR
                                                  NORMAL
..................................................................
TEMPERATURE (F)
 YESTERDAY
  MAXIMUM         50    208 PM  85    1967  56     -6       67
  MINIMUM         32    722 AM   1    1948  34     -2       40
  AVERAGE         41                        45     -4       54

PRECIPITATION (IN)
  YESTERDAY        T             2.21 1974   0.09  -0.09     0.00
  MONTH TO DATE    0.26                      0.92  -0.66     0.49
  SINCE MAR 1      0.26                      0.92  -0.66     0.49
  SINCE JAN 1      2.41                      4.08  -1.67     1.57

DEGREE DAYS
 HEATING
  YESTERDAY       24                        20      4       11
  MONTH TO DATE  135                       215    -80      115
  SINCE MAR 1    135                       215    -80      115
  SINCE JUL 1   2903                      3787   -884     3080

 COOLING
  YESTERDAY        0                         0      0        0
  MONTH TO DATE    0                         0      0        0
  SINCE MAR 1      0                         0      0        0
  SINCE JAN 1      3                         0      3        0
..................................................................


WIND (MPH)
  HIGHEST WIND SPEED    21   HIGHEST WIND DIRECTION    NE (40)
  HIGHEST GUST SPEED    29   HIGHEST GUST DIRECTION    NE (40)
  AVERAGE WIND SPEED    12.5


SKY COVER
  POSSIBLE SUNSHINE  MM
  AVERAGE SKY COVER 0.3


WEATHER CONDITIONS
 THE FOLLOWING WEATHER WAS RECORDED YESTERDAY.
  NO SIGNIFICANT WEATHER WAS OBSERVED.


RELATIVE HUMIDITY (PERCENT)
 HIGHEST    70           500 AM
 LOWEST     36           200 PM
 AVERAGE    53

..........................................................


THE CHANUTE KS CLIMATE NORMALS FOR TODAY
                         NORMAL    RECORD    YEAR
 MAXIMUM TEMPERATURE (F)   56        88      1967
 MINIMUM TEMPERATURE (F)   35        -4      1948


SUNRISE AND SUNSET
MARCH 11 2017.........SUNRISE   639 AM CST   SUNSET   626 PM CST
MARCH 12 2017.........SUNRISE   737 AM CDT   SUNSET   727 PM CDT


-  INDICATES NEGATIVE NUMBERS.
R  INDICATES RECORD WAS SET OR TIED.
MM INDICATES DATA IS MISSING.
T  INDICATES TRACE AMOUNT.




$$
