000
CDUS43 KICT 210621
CLICNU


CLIMATE REPORT
NATIONAL WEATHER SERVICE WICHITA KS
120 AM CDT MON JUL 21 2014


...................................

...THE CHANUTE KS CLIMATE SUMMARY FOR JULY 20 2014...

CLIMATE NORMAL PERIOD 1981 TO 2010
CLIMATE RECORD PERIOD 1894 TO 2014


WEATHER ITEM   OBSERVED TIME   RECORD YEAR NORMAL DEPARTURE LAST
                VALUE   (LST)  VALUE       VALUE  FROM      YEAR
                                                  NORMAL
..................................................................
TEMPERATURE (F)
 YESTERDAY
  MAXIMUM         86    413 PM 108    1934  90     -4       96
  MINIMUM         59    446 AM  52    1971  70    -11       71
  AVERAGE         73                        80     -7       84

PRECIPITATION (IN)
  YESTERDAY        0.00          1.68 2000   0.14  -0.14     0.20
  MONTH TO DATE    0.86                      3.02  -2.16     0.69
  SINCE JUN 1      8.91                      9.05  -0.14     4.81
  SINCE JAN 1     18.37                     25.45  -7.08    23.37

DEGREE DAYS
 HEATING
  YESTERDAY        0                         0      0        0
  MONTH TO DATE    1                         0      1        0
  SINCE JUN 1      1                         6     -5       10
  SINCE JUL 1      1                         0      1        0

 COOLING
  YESTERDAY        8                        15     -7       19
  MONTH TO DATE  177                       287   -110      299
  SINCE JUN 1    475                       579   -104      613
  SINCE JAN 1    667                       712    -45      736
..................................................................


WIND (MPH)
  HIGHEST WIND SPEED    18   HIGHEST WIND DIRECTION     S (160)
  HIGHEST GUST SPEED    31   HIGHEST GUST DIRECTION    SE (140)
  AVERAGE WIND SPEED    10.4


SKY COVER
  POSSIBLE SUNSHINE  MM
  AVERAGE SKY COVER 0.0


WEATHER CONDITIONS
 THE FOLLOWING WEATHER WAS RECORDED YESTERDAY.
  FOG


RELATIVE HUMIDITY (PERCENT)
 HIGHEST    97          1200 AM
 LOWEST     55           200 PM
 AVERAGE    76

..........................................................


THE CHANUTE KS CLIMATE NORMALS FOR TODAY
                         NORMAL    RECORD    YEAR
 MAXIMUM TEMPERATURE (F)   90       108      1939
 MINIMUM TEMPERATURE (F)   70        49      1970


SUNRISE AND SUNSET
JULY 21 2014..........SUNRISE   617 AM CDT   SUNSET   839 PM CDT
JULY 22 2014..........SUNRISE   618 AM CDT   SUNSET   839 PM CDT


-  INDICATES NEGATIVE NUMBERS.
R  INDICATES RECORD WAS SET OR TIED.
MM INDICATES DATA IS MISSING.
T  INDICATES TRACE AMOUNT.




$$
