709
CDUS43 KICT 030646
CLICNU


CLIMATE REPORT
NATIONAL WEATHER SERVICE WICHITA KS
1246 AM CST WED FEB 3 2016


...................................

...THE CHANUTE KS CLIMATE SUMMARY FOR FEBRUARY 2 2016...

CLIMATE NORMAL PERIOD 1981 TO 2010
CLIMATE RECORD PERIOD 1894 TO 2016


WEATHER ITEM   OBSERVED TIME   RECORD YEAR NORMAL DEPARTURE LAST
                VALUE   (LST)  VALUE       VALUE  FROM      YEAR
                                                  NORMAL
..................................................................
TEMPERATURE (F)
 YESTERDAY
  MAXIMUM         56    143 PM  70    1924  44     12       29
  MINIMUM         35   1159 PM  -9    1917  24     11        9
  AVERAGE         46                        34     12       19

PRECIPITATION (IN)
  YESTERDAY        0.29          1.00 1913   0.05   0.24      T
  MONTH TO DATE    0.29                      0.10   0.19     0.23
  SINCE DEC 1      4.62                      3.11   1.51     3.23
  SINCE JAN 1      1.07                      1.36  -0.29     0.86

DEGREE DAYS
 HEATING
  YESTERDAY       19                        31    -12       46
  MONTH TO DATE   41                        62    -21       82
  SINCE DEC 1   1727                      2009   -282     1874
  SINCE JUL 1   2370                      2861   -491     2816

 COOLING
  YESTERDAY        0                         0      0        0
  MONTH TO DATE    0                         0      0        0
  SINCE DEC 1      0                         0      0        0
  SINCE JAN 1      0                         0      0        0
..................................................................


WIND (MPH)
  HIGHEST WIND SPEED    33   HIGHEST WIND DIRECTION    SW (220)
  HIGHEST GUST SPEED    47   HIGHEST GUST DIRECTION    SW (220)
  AVERAGE WIND SPEED    22.0


SKY COVER
  POSSIBLE SUNSHINE  MM
  AVERAGE SKY COVER 0.6


WEATHER CONDITIONS
 THE FOLLOWING WEATHER WAS RECORDED YESTERDAY.
  THUNDERSTORM
  RAIN
  LIGHT RAIN
  FOG


RELATIVE HUMIDITY (PERCENT)
 HIGHEST    92           800 AM
 LOWEST     46           200 PM
 AVERAGE    69

..........................................................


THE CHANUTE KS CLIMATE NORMALS FOR TODAY
                         NORMAL    RECORD    YEAR
 MAXIMUM TEMPERATURE (F)   45        80      1934
 MINIMUM TEMPERATURE (F)   24       -16      2011


SUNRISE AND SUNSET
FEBRUARY  3 2016......SUNRISE   724 AM CST   SUNSET   548 PM CST
FEBRUARY  4 2016......SUNRISE   723 AM CST   SUNSET   549 PM CST


-  INDICATES NEGATIVE NUMBERS.
R  INDICATES RECORD WAS SET OR TIED.
MM INDICATES DATA IS MISSING.
T  INDICATES TRACE AMOUNT.




$$
