000
CDUS43 KICT 150622
CLICNU


CLIMATE REPORT
NATIONAL WEATHER SERVICE WICHITA KS
122 AM CDT WED MAR 15 2017


...................................

...THE CHANUTE KS CLIMATE SUMMARY FOR MARCH 14 2017...

CLIMATE NORMAL PERIOD 1981 TO 2010
CLIMATE RECORD PERIOD 1894 TO 2017


WEATHER ITEM   OBSERVED TIME   RECORD YEAR NORMAL DEPARTURE LAST
                VALUE   (LST)  VALUE       VALUE  FROM      YEAR
                                                  NORMAL
..................................................................
TEMPERATURE (F)
 YESTERDAY
  MAXIMUM         35    357 PM  84    1914  58    -23       76
  MINIMUM         21   1154 PM  10    1975  36    -15       43
  AVERAGE         28                        46    -18       60

PRECIPITATION (IN)
  YESTERDAY        T             2.12 1982   0.10  -0.10     0.00
  MONTH TO DATE    0.26                      1.28  -1.02     0.60
  SINCE MAR 1      0.26                      1.28  -1.02     0.60
  SINCE JAN 1      2.41                      4.44  -2.03     1.68

DEGREE DAYS
 HEATING
  YESTERDAY       37                        19     18        5
  MONTH TO DATE  259                       291    -32      150
  SINCE MAR 1    259                       291    -32      150
  SINCE JUL 1   3027                      3863   -836     3115

 COOLING
  YESTERDAY        0                         0      0        0
  MONTH TO DATE    0                         0      0        0
  SINCE MAR 1      0                         0      0        0
  SINCE JAN 1      3                         0      3        0
..................................................................


WIND (MPH)
  HIGHEST WIND SPEED    14   HIGHEST WIND DIRECTION    NE (30)
  HIGHEST GUST SPEED    17   HIGHEST GUST DIRECTION    NE (40)
  AVERAGE WIND SPEED     7.2


SKY COVER
  POSSIBLE SUNSHINE  MM
  AVERAGE SKY COVER 0.7


WEATHER CONDITIONS
 THE FOLLOWING WEATHER WAS RECORDED YESTERDAY.
  LIGHT SNOW


RELATIVE HUMIDITY (PERCENT)
 HIGHEST    81           100 AM
 LOWEST     61           100 PM
 AVERAGE    71

..........................................................


THE CHANUTE KS CLIMATE NORMALS FOR TODAY
                         NORMAL    RECORD    YEAR
 MAXIMUM TEMPERATURE (F)   58        84      1914
 MINIMUM TEMPERATURE (F)   36        11      1900


SUNRISE AND SUNSET
MARCH 15 2017.........SUNRISE   733 AM CDT   SUNSET   729 PM CDT
MARCH 16 2017.........SUNRISE   731 AM CDT   SUNSET   730 PM CDT


-  INDICATES NEGATIVE NUMBERS.
R  INDICATES RECORD WAS SET OR TIED.
MM INDICATES DATA IS MISSING.
T  INDICATES TRACE AMOUNT.




$$
