000
CDUS43 KICT 190639
CLICNU


CLIMATE REPORT
NATIONAL WEATHER SERVICE WICHITA KS
138 AM CDT THU MAR 19 2015


...................................

...THE CHANUTE KS CLIMATE SUMMARY FOR MARCH 18 2015...

CLIMATE NORMAL PERIOD 1981 TO 2010
CLIMATE RECORD PERIOD 1894 TO 2015


WEATHER ITEM   OBSERVED TIME   RECORD YEAR NORMAL DEPARTURE LAST
                VALUE   (LST)  VALUE       VALUE  FROM      YEAR
                                                  NORMAL
..................................................................
TEMPERATURE (F)
 YESTERDAY
  MAXIMUM         50   1234 AM  88    1921  59     -9       70
  MINIMUM         41   1159 PM   6    1923  37      4       40
  AVERAGE         46                        48     -2       55

PRECIPITATION (IN)
  YESTERDAY        0.10          2.05 1944   0.10   0.00      T
  MONTH TO DATE    0.11                      1.68  -1.57     0.74
  SINCE MAR 1      0.11                      1.68  -1.57     0.74
  SINCE JAN 1      1.42                      4.84  -3.42     1.71

DEGREE DAYS
 HEATING
  YESTERDAY       19                        17      2       10
  MONTH TO DATE  341                       362    -21      455
  SINCE MAR 1    341                       362    -21      455
  SINCE JUL 1   4031                      3934     97     4475

 COOLING
  YESTERDAY        0                         0      0        0
  MONTH TO DATE    0                         0      0        0
  SINCE MAR 1      0                         0      0        0
  SINCE JAN 1      0                         0      0        0
..................................................................


WIND (MPH)
  HIGHEST WIND SPEED    17   HIGHEST WIND DIRECTION    NE (60)
  HIGHEST GUST SPEED    23   HIGHEST GUST DIRECTION     E (80)
  AVERAGE WIND SPEED     9.4


SKY COVER
  POSSIBLE SUNSHINE  MM
  AVERAGE SKY COVER 1.0


WEATHER CONDITIONS
 THE FOLLOWING WEATHER WAS RECORDED YESTERDAY.
  LIGHT RAIN
  FOG


RELATIVE HUMIDITY (PERCENT)
 HIGHEST   100           400 PM
 LOWEST     42          1200 AM
 AVERAGE    71

..........................................................


THE CHANUTE KS CLIMATE NORMALS FOR TODAY
                         NORMAL    RECORD    YEAR
 MAXIMUM TEMPERATURE (F)   59        83      1995
 MINIMUM TEMPERATURE (F)   37         4      1923


SUNRISE AND SUNSET
MARCH 19 2015.........SUNRISE   727 AM CDT   SUNSET   733 PM CDT
MARCH 20 2015.........SUNRISE   726 AM CDT   SUNSET   734 PM CDT


-  INDICATES NEGATIVE NUMBERS.
R  INDICATES RECORD WAS SET OR TIED.
MM INDICATES DATA IS MISSING.
T  INDICATES TRACE AMOUNT.




$$
