000
CDUS43 KICT 150619
CLICNU


CLIMATE REPORT
NATIONAL WEATHER SERVICE WICHITA KS
119 AM CDT WED OCT 15 2014


...................................

...THE CHANUTE KS CLIMATE SUMMARY FOR OCTOBER 14 2014...

CLIMATE NORMAL PERIOD 1981 TO 2010
CLIMATE RECORD PERIOD 1894 TO 2014


WEATHER ITEM   OBSERVED TIME   RECORD YEAR NORMAL DEPARTURE LAST
                VALUE   (LST)  VALUE       VALUE  FROM      YEAR
                                                  NORMAL
..................................................................
TEMPERATURE (F)
 YESTERDAY
  MAXIMUM         68    349 PM  91    1938  70     -2       64
  MINIMUM         47   1150 PM  31    1901  48     -1       57
  AVERAGE         58                        59     -1       61

PRECIPITATION (IN)
  YESTERDAY        0.00          1.08 1975   0.11  -0.11     0.63
  MONTH TO DATE    4.48                      1.89   2.59     2.18
  SINCE SEP 1      7.58                      5.56   2.02     5.20
  SINCE JAN 1     28.06                     36.05  -7.99    40.82

DEGREE DAYS
 HEATING
  YESTERDAY        7                         7      0        4
  MONTH TO DATE   75                        79     -4       45
  SINCE SEP 1    105                       125    -20       61
  SINCE JUL 1    106                       126    -20       61

 COOLING
  YESTERDAY        0                         1     -1        0
  MONTH TO DATE   22                        22      0       37
  SINCE SEP 1    208                       215     -7      291
  SINCE JAN 1   1496                      1519    -23     1558
..................................................................


WIND (MPH)
  HIGHEST WIND SPEED    32   HIGHEST WIND DIRECTION    NW (330)
  HIGHEST GUST SPEED    40   HIGHEST GUST DIRECTION    NW (330)
  AVERAGE WIND SPEED    15.7


SKY COVER
  POSSIBLE SUNSHINE  MM
  AVERAGE SKY COVER 0.2


WEATHER CONDITIONS
 THE FOLLOWING WEATHER WAS RECORDED YESTERDAY.
  NO SIGNIFICANT WEATHER WAS OBSERVED.


RELATIVE HUMIDITY (PERCENT)
 HIGHEST    71           400 AM
 LOWEST     34           400 PM
 AVERAGE    53

..........................................................


THE CHANUTE KS CLIMATE NORMALS FOR TODAY
                         NORMAL    RECORD    YEAR
 MAXIMUM TEMPERATURE (F)   70        90      1963
 MINIMUM TEMPERATURE (F)   47        32      1943


SUNRISE AND SUNSET
OCTOBER 15 2014.......SUNRISE   730 AM CDT   SUNSET   645 PM CDT
OCTOBER 16 2014.......SUNRISE   731 AM CDT   SUNSET   643 PM CDT


-  INDICATES NEGATIVE NUMBERS.
R  INDICATES RECORD WAS SET OR TIED.
MM INDICATES DATA IS MISSING.
T  INDICATES TRACE AMOUNT.




$$
