000
CDUS43 KICT 090630
CLICNU


CLIMATE REPORT
NATIONAL WEATHER SERVICE WICHITA KS
130 AM CDT SAT SEP 9 2017


...................................

...THE CHANUTE KS CLIMATE SUMMARY FOR SEPTEMBER 8 2017...

CLIMATE NORMAL PERIOD 1981 TO 2010
CLIMATE RECORD PERIOD 1894 TO 2017


WEATHER ITEM   OBSERVED TIME   RECORD YEAR NORMAL DEPARTURE LAST
                VALUE   (LST)  VALUE       VALUE  FROM      YEAR
                                                  NORMAL
..................................................................
TEMPERATURE (F)
 YESTERDAY
  MAXIMUM         85    400 PM 103    1925  85      0       82
  MINIMUM         55    553 AM  42    1898  62     -7       72
  AVERAGE         70                        73     -3       77

PRECIPITATION (IN)
  YESTERDAY        0.00          1.65 1972   0.11  -0.11     1.30
                                      1972
                                      2009
  MONTH TO DATE    0.00                      0.89  -0.89     1.30
  SINCE SEP 1      0.00                      0.89  -0.89     1.30
  SINCE JAN 1     36.64                     31.38   5.26    26.53

DEGREE DAYS
 HEATING
  YESTERDAY        0                         0      0        0
  MONTH TO DATE    3                         0      3        0
  SINCE SEP 1      3                         0      3        0
  SINCE JUL 1      3                         1      2        0

 COOLING
  YESTERDAY        5                         9     -4       12
  MONTH TO DATE   53                        79    -26       97
  SINCE SEP 1     53                        79    -26       97
  SINCE JAN 1   1360                      1383    -23     1578
..................................................................


WIND (MPH)
  HIGHEST WIND SPEED    15   HIGHEST WIND DIRECTION     S (190)
  HIGHEST GUST SPEED    22   HIGHEST GUST DIRECTION    SW (210)
  AVERAGE WIND SPEED     8.1


SKY COVER
  POSSIBLE SUNSHINE  MM
  AVERAGE SKY COVER 0.0


WEATHER CONDITIONS
 THE FOLLOWING WEATHER WAS RECORDED YESTERDAY.
  NO SIGNIFICANT WEATHER WAS OBSERVED.


RELATIVE HUMIDITY (PERCENT)
 HIGHEST    87           700 AM
 LOWEST     34           400 PM
 AVERAGE    61

..........................................................


THE CHANUTE KS CLIMATE NORMALS FOR TODAY
                         NORMAL    RECORD    YEAR
 MAXIMUM TEMPERATURE (F)   84       103      1925
 MINIMUM TEMPERATURE (F)   62        44      1898


SUNRISE AND SUNSET
SEPTEMBER  9 2017.....SUNRISE   659 AM CDT   SUNSET   739 PM CDT
SEPTEMBER 10 2017.....SUNRISE   700 AM CDT   SUNSET   737 PM CDT


-  INDICATES NEGATIVE NUMBERS.
R  INDICATES RECORD WAS SET OR TIED.
MM INDICATES DATA IS MISSING.
T  INDICATES TRACE AMOUNT.




$$
