000
CDUS43 KICT 010639
CLICNU

CLIMATE REPORT
NATIONAL WEATHER SERVICE WICHITA KS
1237 AM CST THU DEC 1 2016

...................................

...THE CHANUTE KS CLIMATE SUMMARY FOR NOVEMBER 30 2016...

CLIMATE NORMAL PERIOD 1981 TO 2010
CLIMATE RECORD PERIOD 1894 TO 2016


WEATHER ITEM   OBSERVED TIME   RECORD YEAR NORMAL DEPARTURE LAST
                VALUE   (LST)  VALUE       VALUE  FROM      YEAR
                                                  NORMAL
..................................................................
TEMPERATURE (F)
 YESTERDAY
  MAXIMUM         48    331 PM  71    1995  49     -1       42
  MINIMUM         30    932 PM   7    1976  29      1       31
  AVERAGE         39                        39      0       37

PRECIPITATION (IN)
  YESTERDAY        0.00          1.47 1981   0.07  -0.07     0.21
  MONTH TO DATE    0.47                      2.50  -2.03     5.49
  SINCE SEP 1     10.89                      9.83   1.06     8.38
  SINCE JAN 1     36.12                     40.32  -4.20    39.69

DEGREE DAYS
 HEATING
  YESTERDAY       26                        26      0       28
  MONTH TO DATE  380                       561   -181      463
  SINCE SEP 1    478                       851   -373      643
  SINCE JUL 1    478                       852   -374      643

 COOLING
  YESTERDAY        0                         0      0        0
  MONTH TO DATE   20                         3     17        0
  SINCE SEP 1    365                       228    137      293
  SINCE JAN 1   1846                      1532    314     1612
..................................................................


WIND (MPH)
  HIGHEST WIND SPEED    24   HIGHEST WIND DIRECTION    NW (300)
  HIGHEST GUST SPEED    33   HIGHEST GUST DIRECTION     W (280)
  AVERAGE WIND SPEED    10.8


SKY COVER
  POSSIBLE SUNSHINE  MM
  AVERAGE SKY COVER 0.0


WEATHER CONDITIONS
 THE FOLLOWING WEATHER WAS RECORDED YESTERDAY.
  NO SIGNIFICANT WEATHER WAS OBSERVED.


RELATIVE HUMIDITY (PERCENT)
 HIGHEST    78           300 AM
 LOWEST     36           300 PM
 AVERAGE    57

..........................................................


THE CHANUTE KS CLIMATE NORMALS FOR TODAY
                         NORMAL    RECORD    YEAR
 MAXIMUM TEMPERATURE (F)   49        73      1950
 MINIMUM TEMPERATURE (F)   29         3      2006


SUNRISE AND SUNSET
DECEMBER  1 2016......SUNRISE   719 AM CST   SUNSET   503 PM CST
DECEMBER  2 2016......SUNRISE   720 AM CST   SUNSET   503 PM CST


-  INDICATES NEGATIVE NUMBERS.
R  INDICATES RECORD WAS SET OR TIED.
MM INDICATES DATA IS MISSING.
T  INDICATES TRACE AMOUNT.

$$
