000
CDUS43 KICT 210637
CLICNU


CLIMATE REPORT
NATIONAL WEATHER SERVICE WICHITA KS
137 AM CDT THU JUL 21 2016


...................................

...THE CHANUTE KS CLIMATE SUMMARY FOR JULY 20 2016...

CLIMATE NORMAL PERIOD 1981 TO 2010
CLIMATE RECORD PERIOD 1894 TO 2016


WEATHER ITEM   OBSERVED TIME   RECORD YEAR NORMAL DEPARTURE LAST
                VALUE   (LST)  VALUE       VALUE  FROM      YEAR
                                                  NORMAL
..................................................................
TEMPERATURE (F)
 YESTERDAY
  MAXIMUM         94    425 PM 108    1934  90      4       93
  MINIMUM         76    553 AM  52    1971  70      6       78
  AVERAGE         85                        80      5       86

PRECIPITATION (IN)
  YESTERDAY        0.00          1.68 2000   0.14  -0.14     0.00
  MONTH TO DATE    1.56                      3.02  -1.46     4.19
  SINCE JUN 1      4.76                      9.05  -4.29     6.56
  SINCE JAN 1     16.55                     25.45  -8.90    24.53

DEGREE DAYS
 HEATING
  YESTERDAY        0                         0      0        0
  MONTH TO DATE    0                         0      0        0
  SINCE JUN 1      0                         6     -6        0
  SINCE JUL 1      0                         0      0        0

 COOLING
  YESTERDAY       20                        15      5       21
  MONTH TO DATE  309                       287     22      298
  SINCE JUN 1    743                       579    164      689
  SINCE JAN 1    850                       712    138      798
..................................................................


WIND (MPH)
  HIGHEST WIND SPEED    16   HIGHEST WIND DIRECTION    SW (210)
  HIGHEST GUST SPEED    21   HIGHEST GUST DIRECTION     S (170)
  AVERAGE WIND SPEED     8.4


SKY COVER
  POSSIBLE SUNSHINE  MM
  AVERAGE SKY COVER 0.0


WEATHER CONDITIONS
 THE FOLLOWING WEATHER WAS RECORDED YESTERDAY.
  NO SIGNIFICANT WEATHER WAS OBSERVED.


RELATIVE HUMIDITY (PERCENT)
 HIGHEST    94           300 AM
 LOWEST     52           400 PM
 AVERAGE    73

..........................................................


THE CHANUTE KS CLIMATE NORMALS FOR TODAY
                         NORMAL    RECORD    YEAR
 MAXIMUM TEMPERATURE (F)   90       108      1939
 MINIMUM TEMPERATURE (F)   70        49      1970


SUNRISE AND SUNSET
JULY 21 2016..........SUNRISE   617 AM CDT   SUNSET   839 PM CDT
JULY 22 2016..........SUNRISE   618 AM CDT   SUNSET   838 PM CDT


-  INDICATES NEGATIVE NUMBERS.
R  INDICATES RECORD WAS SET OR TIED.
MM INDICATES DATA IS MISSING.
T  INDICATES TRACE AMOUNT.




$$
