000
CDUS43 KICT 130633
CLICNU


CLIMATE REPORT
NATIONAL WEATHER SERVICE WICHITA KS
133 AM CDT THU JUL 13 2017


...................................

...THE CHANUTE KS CLIMATE SUMMARY FOR JULY 12 2017...

CLIMATE NORMAL PERIOD 1981 TO 2010
CLIMATE RECORD PERIOD 1894 TO 2017


WEATHER ITEM   OBSERVED TIME   RECORD YEAR NORMAL DEPARTURE LAST
                VALUE   (LST)  VALUE       VALUE  FROM      YEAR
                                                  NORMAL
..................................................................
TEMPERATURE (F)
 YESTERDAY
  MAXIMUM         98    324 PM 113    1954  90      8       83
  MINIMUM         77    554 AM  50    1917  69      8       68
  AVERAGE         88                        80      8       76

PRECIPITATION (IN)
  YESTERDAY        0.00          2.43 1922   0.15  -0.15      T
  MONTH TO DATE    0.66                      1.87  -1.21     0.03
  SINCE JUN 1      2.53                      7.90  -5.37     3.23
  SINCE JAN 1     23.61                     24.30  -0.69    15.02

DEGREE DAYS
 HEATING
  YESTERDAY        0                         0      0        0
  MONTH TO DATE    0                         0      0        0
  SINCE JUN 1      0                         6     -6        0
  SINCE JUL 1      0                         0      0        0

 COOLING
  YESTERDAY       23                        15      8       11
  MONTH TO DATE  174                       167      7      178
  SINCE JUN 1    483                       459     24      612
  SINCE JAN 1    650                       592     58      719
..................................................................


WIND (MPH)
  HIGHEST WIND SPEED    21   HIGHEST WIND DIRECTION     S (200)
  HIGHEST GUST SPEED    54   HIGHEST GUST DIRECTION     W (250)
  AVERAGE WIND SPEED    13.9


SKY COVER
  POSSIBLE SUNSHINE  MM
  AVERAGE SKY COVER 0.0


WEATHER CONDITIONS
 THE FOLLOWING WEATHER WAS RECORDED YESTERDAY.
  NO SIGNIFICANT WEATHER WAS OBSERVED.


RELATIVE HUMIDITY (PERCENT)
 HIGHEST    82           500 AM
 LOWEST     45           300 PM
 AVERAGE    64

..........................................................


THE CHANUTE KS CLIMATE NORMALS FOR TODAY
                         NORMAL    RECORD    YEAR
 MAXIMUM TEMPERATURE (F)   90       114      1954
 MINIMUM TEMPERATURE (F)   69        54      1975


SUNRISE AND SUNSET
JULY 13 2017..........SUNRISE   611 AM CDT   SUNSET   844 PM CDT
JULY 14 2017..........SUNRISE   612 AM CDT   SUNSET   843 PM CDT


-  INDICATES NEGATIVE NUMBERS.
R  INDICATES RECORD WAS SET OR TIED.
MM INDICATES DATA IS MISSING.
T  INDICATES TRACE AMOUNT.




$$
