000
CDUS43 KICT 060634
CLICNU


CLIMATE REPORT
NATIONAL WEATHER SERVICE WICHITA KS
1233 AM CST MON FEB 6 2017


...................................

...THE CHANUTE KS CLIMATE SUMMARY FOR FEBRUARY 5 2017...

CLIMATE NORMAL PERIOD 1981 TO 2010
CLIMATE RECORD PERIOD 1894 TO 2017


WEATHER ITEM   OBSERVED TIME   RECORD YEAR NORMAL DEPARTURE LAST
                VALUE   (LST)  VALUE       VALUE  FROM      YEAR
                                                  NORMAL
..................................................................
TEMPERATURE (F)
 YESTERDAY
  MAXIMUM         61    339 PM  68    1963  45     16       54
  MINIMUM         24    543 AM  -6    1979  24      0       23
  AVERAGE         43                        35      8       39

PRECIPITATION (IN)
  YESTERDAY        0.00          1.08 2008   0.05  -0.05     0.00
  MONTH TO DATE    0.00                      0.25  -0.25     0.29
  SINCE DEC 1      2.62                      3.26  -0.64     4.62
  SINCE JAN 1      1.84                      1.51   0.33     1.07

DEGREE DAYS
 HEATING
  YESTERDAY       22                        30     -8       26
  MONTH TO DATE  147                       154     -7      134
  SINCE DEC 1   1931                      2101   -170     1820
  SINCE JUL 1   2409                      2953   -544     2463

 COOLING
  YESTERDAY        0                         0      0        0
  MONTH TO DATE    0                         0      0        0
  SINCE DEC 1      0                         0      0        0
  SINCE JAN 1      0                         0      0        0
..................................................................


WIND (MPH)
  HIGHEST WIND SPEED    10   HIGHEST WIND DIRECTION     S (180)
  HIGHEST GUST SPEED    13   HIGHEST GUST DIRECTION     S (190)
  AVERAGE WIND SPEED     4.7


SKY COVER
  POSSIBLE SUNSHINE  MM
  AVERAGE SKY COVER 0.0


WEATHER CONDITIONS
 THE FOLLOWING WEATHER WAS RECORDED YESTERDAY.
  FOG


RELATIVE HUMIDITY (PERCENT)
 HIGHEST    92           700 AM
 LOWEST     46           300 PM
 AVERAGE    69

..........................................................


THE CHANUTE KS CLIMATE NORMALS FOR TODAY
                         NORMAL    RECORD    YEAR
 MAXIMUM TEMPERATURE (F)   45        70      2009
                                             1900
 MINIMUM TEMPERATURE (F)   25        -9      1985


SUNRISE AND SUNSET
FEBRUARY  6 2017......SUNRISE   721 AM CST   SUNSET   552 PM CST
FEBRUARY  7 2017......SUNRISE   720 AM CST   SUNSET   553 PM CST


-  INDICATES NEGATIVE NUMBERS.
R  INDICATES RECORD WAS SET OR TIED.
MM INDICATES DATA IS MISSING.
T  INDICATES TRACE AMOUNT.




$$
