000
CDUS43 KICT 140630
CLICNU


CLIMATE REPORT
NATIONAL WEATHER SERVICE WICHITA KS
1229 AM CST FRI NOV 14 2014


...................................

...THE CHANUTE KS CLIMATE SUMMARY FOR NOVEMBER 13 2014...

CLIMATE NORMAL PERIOD 1981 TO 2010
CLIMATE RECORD PERIOD 1894 TO 2014


WEATHER ITEM   OBSERVED TIME   RECORD YEAR NORMAL DEPARTURE LAST
                VALUE   (LST)  VALUE       VALUE  FROM      YEAR
                                                  NORMAL
..................................................................
TEMPERATURE (F)
 YESTERDAY
  MAXIMUM         33    333 PM  82    1999  58    -25       49
  MINIMUM         16    730 AM   6    1940  37    -21       18
  AVERAGE         25                        48    -23       34

PRECIPITATION (IN)
  YESTERDAY        0.00          1.35 1924   0.09  -0.09     0.00
  MONTH TO DATE    1.15                      1.17  -0.02     1.11
  SINCE SEP 1      8.83                      8.50   0.33    11.25
  SINCE JAN 1     29.31                     38.99  -9.68    46.87

DEGREE DAYS
 HEATING
  YESTERDAY       40                        17     23       31
  MONTH TO DATE  230                       191     39      223
  SINCE SEP 1    439                       478    -39      510
  SINCE JUL 1    440                       479    -39      510

 COOLING
  YESTERDAY        0                         0      0        0
  MONTH TO DATE    0                         0      0        0
  SINCE SEP 1    224                       225     -1      293
  SINCE JAN 1   1512                      1529    -17     1560
..................................................................


WIND (MPH)
  HIGHEST WIND SPEED    17   HIGHEST WIND DIRECTION     N (340)
  HIGHEST GUST SPEED    23   HIGHEST GUST DIRECTION    NW (320)
  AVERAGE WIND SPEED     7.6


SKY COVER
  POSSIBLE SUNSHINE  MM
  AVERAGE SKY COVER 0.1


WEATHER CONDITIONS
 THE FOLLOWING WEATHER WAS RECORDED YESTERDAY.
  NO SIGNIFICANT WEATHER WAS OBSERVED.


RELATIVE HUMIDITY (PERCENT)
 HIGHEST    80           700 AM
 LOWEST     39           400 PM
 AVERAGE    60

..........................................................


THE CHANUTE KS CLIMATE NORMALS FOR TODAY
                         NORMAL    RECORD    YEAR
 MAXIMUM TEMPERATURE (F)   58        80      1899
 MINIMUM TEMPERATURE (F)   37        10      1959


SUNRISE AND SUNSET
NOVEMBER 14 2014......SUNRISE   701 AM CST   SUNSET   512 PM CST
NOVEMBER 15 2014......SUNRISE   702 AM CST   SUNSET   511 PM CST


-  INDICATES NEGATIVE NUMBERS.
R  INDICATES RECORD WAS SET OR TIED.
MM INDICATES DATA IS MISSING.
T  INDICATES TRACE AMOUNT.




$$
