000
CDUS43 KICT 120658
CLICNU


CLIMATE REPORT
NATIONAL WEATHER SERVICE WICHITA KS
157 AM CDT SUN MAR 12 2017


...................................

...THE CHANUTE KS CLIMATE SUMMARY FOR MARCH 11 2017...

CLIMATE NORMAL PERIOD 1981 TO 2010
CLIMATE RECORD PERIOD 1894 TO 2017


WEATHER ITEM   OBSERVED TIME   RECORD YEAR NORMAL DEPARTURE LAST
                VALUE   (LST)  VALUE       VALUE  FROM      YEAR
                                                  NORMAL
..................................................................
TEMPERATURE (F)
 YESTERDAY
  MAXIMUM         41    347 PM  88    1967  56    -15       69
  MINIMUM         31   1017 PM  -4    1948  35     -4       35
  AVERAGE         36                        46    -10       52

PRECIPITATION (IN)
  YESTERDAY        0.00          1.74 1990   0.09  -0.09      T
  MONTH TO DATE    0.26                      1.01  -0.75     0.49
  SINCE MAR 1      0.26                      1.01  -0.75     0.49
  SINCE JAN 1      2.41                      4.17  -1.76     1.57

DEGREE DAYS
 HEATING
  YESTERDAY       29                        19     10       13
  MONTH TO DATE  164                       234    -70      128
  SINCE MAR 1    164                       234    -70      128
  SINCE JUL 1   2932                      3806   -874     3093

 COOLING
  YESTERDAY        0                         0      0        0
  MONTH TO DATE    0                         0      0        0
  SINCE MAR 1      0                         0      0        0
  SINCE JAN 1      3                         0      3        0
..................................................................


WIND (MPH)
  HIGHEST WIND SPEED    18   HIGHEST WIND DIRECTION     N (20)
  HIGHEST GUST SPEED    25   HIGHEST GUST DIRECTION     N (20)
  AVERAGE WIND SPEED    12.0


SKY COVER
  POSSIBLE SUNSHINE  MM
  AVERAGE SKY COVER 0.9


WEATHER CONDITIONS
 THE FOLLOWING WEATHER WAS RECORDED YESTERDAY.
  NO SIGNIFICANT WEATHER WAS OBSERVED.


RELATIVE HUMIDITY (PERCENT)
 HIGHEST    85          1000 PM
 LOWEST     48           200 PM
 AVERAGE    67

..........................................................


THE CHANUTE KS CLIMATE NORMALS FOR TODAY
                         NORMAL    RECORD    YEAR
 MAXIMUM TEMPERATURE (F)   57        86      1916
 MINIMUM TEMPERATURE (F)   35         0      1948


SUNRISE AND SUNSET
MARCH 12 2017.........SUNRISE   737 AM CDT   SUNSET   727 PM CDT
MARCH 13 2017.........SUNRISE   736 AM CDT   SUNSET   728 PM CDT


-  INDICATES NEGATIVE NUMBERS.
R  INDICATES RECORD WAS SET OR TIED.
MM INDICATES DATA IS MISSING.
T  INDICATES TRACE AMOUNT.




$$
