000
CDUS43 KICT 200710
CLICNU

CLIMATE REPORT
NATIONAL WEATHER SERVICE WICHITA KS
110 AM CST FRI FEB 20 2015

...................................

...THE CHANUTE KS CLIMATE SUMMARY FOR FEBRUARY 19 2015...

CLIMATE NORMAL PERIOD 1981 TO 2010
CLIMATE RECORD PERIOD 1894 TO 2015


WEATHER ITEM   OBSERVED TIME   RECORD YEAR NORMAL DEPARTURE LAST
                VALUE   (LST)  VALUE       VALUE  FROM      YEAR
                                                  NORMAL
..................................................................
TEMPERATURE (F)
 YESTERDAY
  MAXIMUM         30    314 PM  74    1930  49    -19       60
  MINIMUM         10   1200 AM  -1    1903  28    -18       31
  AVERAGE         20                        39    -19       46

PRECIPITATION (IN)
  YESTERDAY        0.00          1.65 1994   0.08  -0.08      T
  MONTH TO DATE    0.37                      1.18  -0.81     0.71
  SINCE DEC 1      3.37                      4.19  -0.82     0.98
  SINCE JAN 1      1.00                      2.44  -1.44     0.82

DEGREE DAYS
 HEATING
  YESTERDAY       45                        26     19       19
  MONTH TO DATE  615                       551     64      718
  SINCE DEC 1   2407                      2498    -91     2837
  SINCE JUL 1   3349                      3350     -1     3757

 COOLING
  YESTERDAY        0                         0      0        0
  MONTH TO DATE    0                         0      0        0
  SINCE DEC 1      0                         0      0        0
  SINCE JAN 1      0                         0      0        0
..................................................................


WIND (MPH)
  HIGHEST WIND SPEED    16   HIGHEST WIND DIRECTION     E (110)
  HIGHEST GUST SPEED    22   HIGHEST GUST DIRECTION     E (90)
  AVERAGE WIND SPEED     8.1


SKY COVER
  POSSIBLE SUNSHINE  MM
  AVERAGE SKY COVER 0.7


WEATHER CONDITIONS
 THE FOLLOWING WEATHER WAS RECORDED YESTERDAY.
  NO SIGNIFICANT WEATHER WAS OBSERVED.


RELATIVE HUMIDITY (PERCENT)
 HIGHEST    76          1200 AM
 LOWEST     42           100 PM
 AVERAGE    59

..........................................................


THE CHANUTE KS CLIMATE NORMALS FOR TODAY
                         NORMAL    RECORD    YEAR
 MAXIMUM TEMPERATURE (F)   50        80      1981
 MINIMUM TEMPERATURE (F)   28         4      1918


SUNRISE AND SUNSET
FEBRUARY 20 2015......SUNRISE   706 AM CST   SUNSET   606 PM CST
FEBRUARY 21 2015......SUNRISE   704 AM CST   SUNSET   607 PM CST


-  INDICATES NEGATIVE NUMBERS.
R  INDICATES RECORD WAS SET OR TIED.
MM INDICATES DATA IS MISSING.
T  INDICATES TRACE AMOUNT.

$$
