000
CDUS43 KICT 030632
CLICNU


CLIMATE REPORT
NATIONAL WEATHER SERVICE WICHITA KS
130 AM CDT THU AUG 3 2017


...................................

...THE CHANUTE KS CLIMATE SUMMARY FOR AUGUST 2 2017...

CLIMATE NORMAL PERIOD 1981 TO 2010
CLIMATE RECORD PERIOD 1894 TO 2017


WEATHER ITEM   OBSERVED TIME   RECORD YEAR NORMAL DEPARTURE LAST
                VALUE   (LST)  VALUE       VALUE  FROM      YEAR
                                                  NORMAL
..................................................................
TEMPERATURE (F)
 YESTERDAY
  MAXIMUM         91    409 PM 110    2011  91      0       95
  MINIMUM         64    448 AM  51    2009  69     -5       74
  AVERAGE         78                        80     -2       85

PRECIPITATION (IN)
  YESTERDAY        0.00          2.93 1995   0.12  -0.12     0.00
  MONTH TO DATE    0.12                      0.24  -0.12     0.00
  SINCE JUN 1      4.35                     10.64  -6.29     7.69
  SINCE JAN 1     25.43                     27.04  -1.61    19.48

DEGREE DAYS
 HEATING
  YESTERDAY        0                         0      0        0
  MONTH TO DATE    0                         0      0        0
  SINCE JUN 1      0                         6     -6        0
  SINCE JUL 1      0                         0      0        0

 COOLING
  YESTERDAY       13                        15     -2       20
  MONTH TO DATE   23                        30     -7       41
  SINCE JUN 1    844                       771     73      976
  SINCE JAN 1   1011                       904    107     1083
..................................................................


WIND (MPH)
  HIGHEST WIND SPEED     9   HIGHEST WIND DIRECTION     E (80)
  HIGHEST GUST SPEED    12   HIGHEST GUST DIRECTION    SE (130)
  AVERAGE WIND SPEED     3.5


SKY COVER
  POSSIBLE SUNSHINE  MM
  AVERAGE SKY COVER 0.2


WEATHER CONDITIONS
 THE FOLLOWING WEATHER WAS RECORDED YESTERDAY.
  FOG


RELATIVE HUMIDITY (PERCENT)
 HIGHEST   100           200 AM
 LOWEST     37           400 PM
 AVERAGE    69

..........................................................


THE CHANUTE KS CLIMATE NORMALS FOR TODAY
                         NORMAL    RECORD    YEAR
 MAXIMUM TEMPERATURE (F)   91       108      1964
 MINIMUM TEMPERATURE (F)   69        53      1974


SUNRISE AND SUNSET
AUGUST  3 2017........SUNRISE   628 AM CDT   SUNSET   828 PM CDT
AUGUST  4 2017........SUNRISE   628 AM CDT   SUNSET   827 PM CDT


-  INDICATES NEGATIVE NUMBERS.
R  INDICATES RECORD WAS SET OR TIED.
MM INDICATES DATA IS MISSING.
T  INDICATES TRACE AMOUNT.




$$
