000
CDUS43 KICT 070625
CLICNU


CLIMATE REPORT
NATIONAL WEATHER SERVICE WICHITA KS
124 AM CDT THU SEP 7 2017


...................................

...THE CHANUTE KS CLIMATE SUMMARY FOR SEPTEMBER 6 2017...

CLIMATE NORMAL PERIOD 1981 TO 2010
CLIMATE RECORD PERIOD 1894 TO 2017


WEATHER ITEM   OBSERVED TIME   RECORD YEAR NORMAL DEPARTURE LAST
                VALUE   (LST)  VALUE       VALUE  FROM      YEAR
                                                  NORMAL
..................................................................
TEMPERATURE (F)
 YESTERDAY
  MAXIMUM         77    235 PM 105    1936  85     -8       94
  MINIMUM         47    619 AM  46    2011  63    -16       74
  AVERAGE         62                        74    -12       84

PRECIPITATION (IN)
  YESTERDAY        0.00          2.47 1943   0.12  -0.12     0.00
  MONTH TO DATE    0.00                      0.67  -0.67     0.00
  SINCE SEP 1      0.00                      0.67  -0.67     0.00
  SINCE JAN 1     36.64                     31.16   5.48    25.23

DEGREE DAYS
 HEATING
  YESTERDAY        3                         0      3        0
  MONTH TO DATE    3                         0      3        0
  SINCE SEP 1      3                         0      3        0
  SINCE JUL 1      3                         1      2        0

 COOLING
  YESTERDAY        0                         9     -9       19
  MONTH TO DATE   47                        61    -14       65
  SINCE SEP 1     47                        61    -14       65
  SINCE JAN 1   1354                      1365    -11     1546
..................................................................


WIND (MPH)
  HIGHEST WIND SPEED    16   HIGHEST WIND DIRECTION    NW (310)
  HIGHEST GUST SPEED    23   HIGHEST GUST DIRECTION    NW (310)
  AVERAGE WIND SPEED     6.3


SKY COVER
  POSSIBLE SUNSHINE  MM
  AVERAGE SKY COVER 0.1


WEATHER CONDITIONS
 THE FOLLOWING WEATHER WAS RECORDED YESTERDAY.
  NO SIGNIFICANT WEATHER WAS OBSERVED.


RELATIVE HUMIDITY (PERCENT)
 HIGHEST    86           200 AM
 LOWEST     31           300 PM
 AVERAGE    59

..........................................................


THE CHANUTE KS CLIMATE NORMALS FOR TODAY
                         NORMAL    RECORD    YEAR
 MAXIMUM TEMPERATURE (F)   85       105      1998
 MINIMUM TEMPERATURE (F)   63        42      1898


SUNRISE AND SUNSET
SEPTEMBER  7 2017.....SUNRISE   657 AM CDT   SUNSET   742 PM CDT
SEPTEMBER  8 2017.....SUNRISE   658 AM CDT   SUNSET   740 PM CDT


-  INDICATES NEGATIVE NUMBERS.
R  INDICATES RECORD WAS SET OR TIED.
MM INDICATES DATA IS MISSING.
T  INDICATES TRACE AMOUNT.




$$
