000
CDUS43 KICT 100642
CLICNU


CLIMATE REPORT
NATIONAL WEATHER SERVICE WICHITA KS
141 AM CDT WED MAY 10 2017


...................................

...THE CHANUTE KS CLIMATE SUMMARY FOR MAY 9 2017...

CLIMATE NORMAL PERIOD 1981 TO 2010
CLIMATE RECORD PERIOD 1894 TO 2017


WEATHER ITEM   OBSERVED TIME   RECORD YEAR NORMAL DEPARTURE LAST
                VALUE   (LST)  VALUE       VALUE  FROM      YEAR
                                                  NORMAL
..................................................................
TEMPERATURE (F)
 YESTERDAY
  MAXIMUM         84    225 PM  90    1956  74     10       79
  MINIMUM         59    537 AM  33    1923  54      5       58
  AVERAGE         72                        64      8       69

PRECIPITATION (IN)
  YESTERDAY        0.00          1.90 1993   0.16  -0.16     0.01
  MONTH TO DATE    1.39                      1.44  -0.05     0.07
  SINCE MAR 1     14.43                      8.88   5.55     6.95
  SINCE JAN 1     16.58                     12.04   4.54     8.03

DEGREE DAYS
 HEATING
  YESTERDAY        0                         3     -3        0
  MONTH TO DATE   41                        36      5       48
  SINCE MAR 1    660                       866   -206      611
  SINCE JUL 1   3428                      4438  -1010     3576

 COOLING
  YESTERDAY        7                         2      5        4
  MONTH TO DATE   17                        16      1       10
  SINCE MAR 1     72                        47     25       34
  SINCE JAN 1     75                        47     28       34
..................................................................


WIND (MPH)
  HIGHEST WIND SPEED    17   HIGHEST WIND DIRECTION     S (170)
  HIGHEST GUST SPEED    25   HIGHEST GUST DIRECTION     S (190)
  AVERAGE WIND SPEED     8.9


SKY COVER
  POSSIBLE SUNSHINE  MM
  AVERAGE SKY COVER 0.1


WEATHER CONDITIONS
 THE FOLLOWING WEATHER WAS RECORDED YESTERDAY.
  NO SIGNIFICANT WEATHER WAS OBSERVED.


RELATIVE HUMIDITY (PERCENT)
 HIGHEST    90           600 AM
 LOWEST     47           300 PM
 AVERAGE    69

..........................................................


THE CHANUTE KS CLIMATE NORMALS FOR TODAY
                         NORMAL    RECORD    YEAR
 MAXIMUM TEMPERATURE (F)   74        94      1963
 MINIMUM TEMPERATURE (F)   54        35      1909


SUNRISE AND SUNSET
MAY 10 2017...........SUNRISE   617 AM CDT   SUNSET   821 PM CDT
MAY 11 2017...........SUNRISE   616 AM CDT   SUNSET   821 PM CDT


-  INDICATES NEGATIVE NUMBERS.
R  INDICATES RECORD WAS SET OR TIED.
MM INDICATES DATA IS MISSING.
T  INDICATES TRACE AMOUNT.




$$
