000
CDUS43 KICT 220623
CLICNU


CLIMATE REPORT
NATIONAL WEATHER SERVICE WICHITA KS
1222 AM CST SUN FEB 22 2015


...................................

...THE CHANUTE KS CLIMATE SUMMARY FOR FEBRUARY 21 2015...

CLIMATE NORMAL PERIOD 1981 TO 2010
CLIMATE RECORD PERIOD 1894 TO 2015


WEATHER ITEM   OBSERVED TIME   RECORD YEAR NORMAL DEPARTURE LAST
                VALUE   (LST)  VALUE       VALUE  FROM      YEAR
                                                  NORMAL
..................................................................
TEMPERATURE (F)
 YESTERDAY
  MAXIMUM         55    153 PM  77    1935  50      5       60
  MINIMUM         32    431 AM  -7    1939  29      3       23
  AVERAGE         44                        39      5       42

PRECIPITATION (IN)
  YESTERDAY        0.01          1.80 1985   0.08  -0.07     0.00
  MONTH TO DATE    0.41                      1.34  -0.93     0.71
  SINCE DEC 1      3.41                      4.35  -0.94     0.98
  SINCE JAN 1      1.04                      2.60  -1.56     0.82

DEGREE DAYS
 HEATING
  YESTERDAY       21                        26     -5       23
  MONTH TO DATE  672                       603     69      755
  SINCE DEC 1   2464                      2550    -86     2874
  SINCE JUL 1   3406                      3402      4     3794

 COOLING
  YESTERDAY        0                         0      0        0
  MONTH TO DATE    0                         0      0        0
  SINCE DEC 1      0                         0      0        0
  SINCE JAN 1      0                         0      0        0
..................................................................


WIND (MPH)
  HIGHEST WIND SPEED    22   HIGHEST WIND DIRECTION    NE (30)
  HIGHEST GUST SPEED    27   HIGHEST GUST DIRECTION    NE (30)
  AVERAGE WIND SPEED     8.6


SKY COVER
  POSSIBLE SUNSHINE  MM
  AVERAGE SKY COVER 0.6


WEATHER CONDITIONS
 THE FOLLOWING WEATHER WAS RECORDED YESTERDAY.
  FOG
  FOG W/VISIBILITY <= 1/4 MILE


RELATIVE HUMIDITY (PERCENT)
 HIGHEST   100           800 AM
 LOWEST     50           400 PM
 AVERAGE    75

..........................................................


THE CHANUTE KS CLIMATE NORMALS FOR TODAY
                         NORMAL    RECORD    YEAR
 MAXIMUM TEMPERATURE (F)   50        80      1996
 MINIMUM TEMPERATURE (F)   29         8      1912


SUNRISE AND SUNSET
FEBRUARY 22 2015......SUNRISE   703 AM CST   SUNSET   608 PM CST
FEBRUARY 23 2015......SUNRISE   702 AM CST   SUNSET   609 PM CST


-  INDICATES NEGATIVE NUMBERS.
R  INDICATES RECORD WAS SET OR TIED.
MM INDICATES DATA IS MISSING.
T  INDICATES TRACE AMOUNT.




$$
