000
CDUS43 KICT 230633
CLICNU


CLIMATE REPORT
NATIONAL WEATHER SERVICE WICHITA KS
132 AM CDT MON MAY 23 2016


...................................

...THE CHANUTE KS CLIMATE SUMMARY FOR MAY 22 2016...

CLIMATE NORMAL PERIOD 1981 TO 2010
CLIMATE RECORD PERIOD 1894 TO 2016


WEATHER ITEM   OBSERVED TIME   RECORD YEAR NORMAL DEPARTURE LAST
                VALUE   (LST)  VALUE       VALUE  FROM      YEAR
                                                  NORMAL
..................................................................
TEMPERATURE (F)
 YESTERDAY
  MAXIMUM         82    412 PM  94    1956  77      5       64
  MINIMUM         58    513 AM  41    2001  58      0       44
  AVERAGE         70                        68      2       54

PRECIPITATION (IN)
  YESTERDAY        0.00          3.21 1989   0.21  -0.21      T
  MONTH TO DATE    2.48                      3.90  -1.42     6.57
  SINCE MAR 1      9.36                     11.34  -1.98    11.65
  SINCE JAN 1     10.44                     14.50  -4.06    12.96

DEGREE DAYS
 HEATING
  YESTERDAY        0                         2     -2       11
  MONTH TO DATE  119                        67     52       75
  SINCE MAR 1    682                       897   -215      757
  SINCE JUL 1   3647                      4469   -822     4447

 COOLING
  YESTERDAY        5                         4      1        0
  MONTH TO DATE   25                        57    -32       62
  SINCE MAR 1     49                        88    -39       84
  SINCE JAN 1     49                        88    -39       84
..................................................................


WIND (MPH)
  HIGHEST WIND SPEED    18   HIGHEST WIND DIRECTION    SE (150)
  HIGHEST GUST SPEED    29   HIGHEST GUST DIRECTION    SE (120)
  AVERAGE WIND SPEED     9.8


SKY COVER
  POSSIBLE SUNSHINE  MM
  AVERAGE SKY COVER 0.2


WEATHER CONDITIONS
 THE FOLLOWING WEATHER WAS RECORDED YESTERDAY.
  NO SIGNIFICANT WEATHER WAS OBSERVED.


RELATIVE HUMIDITY (PERCENT)
 HIGHEST    86           500 AM
 LOWEST     54           200 PM
 AVERAGE    70

..........................................................


THE CHANUTE KS CLIMATE NORMALS FOR TODAY
                         NORMAL    RECORD    YEAR
 MAXIMUM TEMPERATURE (F)   78        95      1927
 MINIMUM TEMPERATURE (F)   58        38      1917


SUNRISE AND SUNSET
MAY 23 2016...........SUNRISE   606 AM CDT   SUNSET   832 PM CDT
MAY 24 2016...........SUNRISE   606 AM CDT   SUNSET   833 PM CDT


-  INDICATES NEGATIVE NUMBERS.
R  INDICATES RECORD WAS SET OR TIED.
MM INDICATES DATA IS MISSING.
T  INDICATES TRACE AMOUNT.




$$
