017
CDUS43 KICT 090628
CLICNU


CLIMATE REPORT
NATIONAL WEATHER SERVICE WICHITA KS
1227 AM CST FRI DEC 9 2016


...................................

...THE CHANUTE KS CLIMATE SUMMARY FOR DECEMBER 8 2016...

CLIMATE NORMAL PERIOD 1981 TO 2010
CLIMATE RECORD PERIOD 1894 TO 2016


WEATHER ITEM   OBSERVED TIME   RECORD YEAR NORMAL DEPARTURE LAST
                VALUE   (LST)  VALUE       VALUE  FROM      YEAR
                                                  NORMAL
..................................................................
TEMPERATURE (F)
 YESTERDAY
  MAXIMUM         29    337 PM  68    1918  46    -17       61
  MINIMUM         15   1150 PM  -9    1917  27    -12       36
  AVERAGE         22                        36    -14       49

PRECIPITATION (IN)
  YESTERDAY        0.00          0.57 1961   0.06  -0.06     0.00
  MONTH TO DATE    0.33                      0.53  -0.20     0.00
  SINCE DEC 1      0.33                      0.53  -0.20     0.00
  SINCE JAN 1     36.45                     40.85  -4.40    39.69

DEGREE DAYS
 HEATING
  YESTERDAY       43                        29     14       16
  MONTH TO DATE  224                       220      4      181
  SINCE DEC 1    224                       220      4      181
  SINCE JUL 1    702                      1072   -370      824

 COOLING
  YESTERDAY        0                         0      0        0
  MONTH TO DATE    0                         0      0        0
  SINCE DEC 1      0                         0      0        0
  SINCE JAN 1   1846                      1532    314     1612
..................................................................


WIND (MPH)
  HIGHEST WIND SPEED    16   HIGHEST WIND DIRECTION    NW (310)
  HIGHEST GUST SPEED    21   HIGHEST GUST DIRECTION    NW (310)
  AVERAGE WIND SPEED     9.1


SKY COVER
  POSSIBLE SUNSHINE  MM
  AVERAGE SKY COVER 0.0


WEATHER CONDITIONS
 THE FOLLOWING WEATHER WAS RECORDED YESTERDAY.
  NO SIGNIFICANT WEATHER WAS OBSERVED.


RELATIVE HUMIDITY (PERCENT)
 HIGHEST    84          1200 AM
 LOWEST     50           400 PM
 AVERAGE    67

..........................................................


THE CHANUTE KS CLIMATE NORMALS FOR TODAY
                         NORMAL    RECORD    YEAR
 MAXIMUM TEMPERATURE (F)   45        72      1940
 MINIMUM TEMPERATURE (F)   26        -8      2005


SUNRISE AND SUNSET
DECEMBER  9 2016......SUNRISE   726 AM CST   SUNSET   503 PM CST
DECEMBER 10 2016......SUNRISE   726 AM CST   SUNSET   503 PM CST


-  INDICATES NEGATIVE NUMBERS.
R  INDICATES RECORD WAS SET OR TIED.
MM INDICATES DATA IS MISSING.
T  INDICATES TRACE AMOUNT.




$$
