000
CDUS43 KICT 181259
CLICNU


CLIMATE REPORT
NATIONAL WEATHER SERVICE WICHITA KS
658 AM CST SAT NOV 18 2017


...................................

...THE CHANUTE KS CLIMATE SUMMARY FOR NOVEMBER 17 2017...

CLIMATE NORMAL PERIOD 1981 TO 2010
CLIMATE RECORD PERIOD 1894 TO 2017


WEATHER ITEM   OBSERVED TIME   RECORD YEAR NORMAL DEPARTURE LAST
                VALUE   (LST)  VALUE       VALUE  FROM      YEAR
                                                  NORMAL
..................................................................
TEMPERATURE (F)
 YESTERDAY
  MAXIMUM         77    344 PM  78    2016  56     21       78
  MINIMUM         58    530 AM   4    1959  35     23       62
  AVERAGE         68                        46     22       70

PRECIPITATION (IN)
  YESTERDAY        0.00          3.13 1931   0.08  -0.08     0.00
  MONTH TO DATE    0.40                      1.50  -1.10     0.30
  SINCE SEP 1      9.02                      8.83   0.19    10.72
  SINCE JAN 1     45.66                     39.32   6.34    35.95

DEGREE DAYS
 HEATING
  YESTERDAY        0                        19    -19        0
  MONTH TO DATE  274                       265      9      141
  SINCE SEP 1    502                       552    -50      239
  SINCE JUL 1    502                       553    -51      239

 COOLING
  YESTERDAY        3                         0      3        5
  MONTH TO DATE    3                         0      3       20
  SINCE SEP 1    312                       225     87      365
  SINCE JAN 1   1619                      1529     90     1846
..................................................................


WIND (MPH)
  HIGHEST WIND SPEED    26   HIGHEST WIND DIRECTION     S (190)
  HIGHEST GUST SPEED    34   HIGHEST GUST DIRECTION     S (190)
  AVERAGE WIND SPEED    16.3


SKY COVER
  POSSIBLE SUNSHINE  MM
  AVERAGE SKY COVER 0.6


WEATHER CONDITIONS
 THE FOLLOWING WEATHER WAS RECORDED YESTERDAY.
  FOG


RELATIVE HUMIDITY (PERCENT)
 HIGHEST    90           800 AM
 LOWEST     53           500 PM
 AVERAGE    72

..........................................................


THE CHANUTE KS CLIMATE NORMALS FOR TODAY
                         NORMAL    RECORD    YEAR
 MAXIMUM TEMPERATURE (F)   56        78      1942
 MINIMUM TEMPERATURE (F)   35         6      2014


SUNRISE AND SUNSET
NOVEMBER 18 2017......SUNRISE   705 AM CST   SUNSET   509 PM CST
NOVEMBER 19 2017......SUNRISE   706 AM CST   SUNSET   508 PM CST


-  INDICATES NEGATIVE NUMBERS.
R  INDICATES RECORD WAS SET OR TIED.
MM INDICATES DATA IS MISSING.
T  INDICATES TRACE AMOUNT.




$$
