000
CDUS43 KICT 090632
CLICNU


CLIMATE REPORT
NATIONAL WEATHER SERVICE WICHITA KS
131 AM CDT MON MAY 9 2016


...................................

...THE CHANUTE KS CLIMATE SUMMARY FOR MAY 8 2016...

CLIMATE NORMAL PERIOD 1981 TO 2010
CLIMATE RECORD PERIOD 1894 TO 2016


WEATHER ITEM   OBSERVED TIME   RECORD YEAR NORMAL DEPARTURE LAST
                VALUE   (LST)  VALUE       VALUE  FROM      YEAR
                                                  NORMAL
..................................................................
TEMPERATURE (F)
 YESTERDAY
  MAXIMUM         75   1230 PM  91    1962  74      1       78
  MINIMUM         60    535 AM  35    1976  53      7       63
  AVERAGE         68                        64      4       71

PRECIPITATION (IN)
  YESTERDAY        0.06          3.69 2009   0.17  -0.11     0.29
  MONTH TO DATE    0.06                      1.28  -1.22     1.06
  SINCE MAR 1      6.94                      8.72  -1.78     6.14
  SINCE JAN 1      8.02                     11.88  -3.86     7.45

DEGREE DAYS
 HEATING
  YESTERDAY        0                         3     -3        0
  MONTH TO DATE   48                        33     15        7
  SINCE MAR 1    611                       863   -252      689
  SINCE JUL 1   3576                      4435   -859     4379

 COOLING
  YESTERDAY        3                         2      1        6
  MONTH TO DATE    6                        14     -8       35
  SINCE MAR 1     30                        45    -15       57
  SINCE JAN 1     30                        45    -15       57
..................................................................


WIND (MPH)
  HIGHEST WIND SPEED    20   HIGHEST WIND DIRECTION    SE (150)
  HIGHEST GUST SPEED    26   HIGHEST GUST DIRECTION     S (180)
  AVERAGE WIND SPEED    10.8


SKY COVER
  POSSIBLE SUNSHINE  MM
  AVERAGE SKY COVER 0.5


WEATHER CONDITIONS
 THE FOLLOWING WEATHER WAS RECORDED YESTERDAY.
  THUNDERSTORM
  LIGHT RAIN
  FOG
  HAZE


RELATIVE HUMIDITY (PERCENT)
 HIGHEST    87           700 PM
 LOWEST     66           800 AM
 AVERAGE    77

..........................................................


THE CHANUTE KS CLIMATE NORMALS FOR TODAY
                         NORMAL    RECORD    YEAR
 MAXIMUM TEMPERATURE (F)   74        90      1956
 MINIMUM TEMPERATURE (F)   54        33      1923


SUNRISE AND SUNSET
MAY  9 2016...........SUNRISE   617 AM CDT   SUNSET   820 PM CDT
MAY 10 2016...........SUNRISE   616 AM CDT   SUNSET   821 PM CDT


-  INDICATES NEGATIVE NUMBERS.
R  INDICATES RECORD WAS SET OR TIED.
MM INDICATES DATA IS MISSING.
T  INDICATES TRACE AMOUNT.




$$
