326
CDUS43 KICT 090647
CLICNU


CLIMATE REPORT
NATIONAL WEATHER SERVICE WICHITA KS
146 AM CDT WED AUG 9 2017


...................................

...THE CHANUTE KS CLIMATE SUMMARY FOR AUGUST 8 2017...

CLIMATE NORMAL PERIOD 1981 TO 2010
CLIMATE RECORD PERIOD 1894 TO 2017


WEATHER ITEM   OBSERVED TIME   RECORD YEAR NORMAL DEPARTURE LAST
                VALUE   (LST)  VALUE       VALUE  FROM      YEAR
                                                  NORMAL
..................................................................
TEMPERATURE (F)
 YESTERDAY
  MAXIMUM         84    232 PM 108    1970  91     -7       87
  MINIMUM         63    600 AM  52    1989  69     -6       72
  AVERAGE         74                        80     -6       80

PRECIPITATION (IN)
  YESTERDAY        0.00          2.60 1927   0.11  -0.11     0.45
  MONTH TO DATE    4.57                      0.92   3.65     2.20
  SINCE JUN 1      8.80                     11.32  -2.52     9.89
  SINCE JAN 1     29.88                     27.72   2.16    21.68

DEGREE DAYS
 HEATING
  YESTERDAY        0                         0      0        0
  MONTH TO DATE    0                         0      0        0
  SINCE JUN 1      0                         6     -6        0
  SINCE JUL 1      0                         0      0        0

 COOLING
  YESTERDAY        9                        15     -6       15
  MONTH TO DATE   77                       120    -43      135
  SINCE JUN 1    898                       861     37     1070
  SINCE JAN 1   1065                       994     71     1177
..................................................................


WIND (MPH)
  HIGHEST WIND SPEED    13   HIGHEST WIND DIRECTION    NE (50)
  HIGHEST GUST SPEED    19   HIGHEST GUST DIRECTION    NE (50)
  AVERAGE WIND SPEED     7.0


SKY COVER
  POSSIBLE SUNSHINE  MM
  AVERAGE SKY COVER 0.1


WEATHER CONDITIONS
 THE FOLLOWING WEATHER WAS RECORDED YESTERDAY.
  NO SIGNIFICANT WEATHER WAS OBSERVED.


RELATIVE HUMIDITY (PERCENT)
 HIGHEST    93           600 AM
 LOWEST     51           100 PM
 AVERAGE    72

..........................................................


THE CHANUTE KS CLIMATE NORMALS FOR TODAY
                         NORMAL    RECORD    YEAR
 MAXIMUM TEMPERATURE (F)   91       113      1936
 MINIMUM TEMPERATURE (F)   69        53      1989


SUNRISE AND SUNSET
AUGUST  9 2017........SUNRISE   633 AM CDT   SUNSET   821 PM CDT
AUGUST 10 2017........SUNRISE   634 AM CDT   SUNSET   820 PM CDT


-  INDICATES NEGATIVE NUMBERS.
R  INDICATES RECORD WAS SET OR TIED.
MM INDICATES DATA IS MISSING.
T  INDICATES TRACE AMOUNT.




$$
