000
CDUS43 KICT 110621
CLICNU


CLIMATE REPORT
NATIONAL WEATHER SERVICE WICHITA KS
120 AM CDT THU AUG 11 2016


...................................

...THE CHANUTE KS CLIMATE SUMMARY FOR AUGUST 10 2016...

CLIMATE NORMAL PERIOD 1981 TO 2010
CLIMATE RECORD PERIOD 1894 TO 2016


WEATHER ITEM   OBSERVED TIME   RECORD YEAR NORMAL DEPARTURE LAST
                VALUE   (LST)  VALUE       VALUE  FROM      YEAR
                                                  NORMAL
..................................................................
TEMPERATURE (F)
 YESTERDAY
  MAXIMUM         94    215 PM 111    1936  91      3       92
  MINIMUM         73    619 AM  54    1917  69      4       73
  AVERAGE         84                        80      4       83

PRECIPITATION (IN)
  YESTERDAY        0.00          1.55 1977   0.11  -0.11     0.64
  MONTH TO DATE    2.20                      1.15   1.05     2.56
  SINCE JUN 1      9.89                     11.55  -1.66     9.73
  SINCE JAN 1     21.68                     27.95  -6.27    27.70

DEGREE DAYS
 HEATING
  YESTERDAY        0                         0      0        0
  MONTH TO DATE    0                         0      0        0
  SINCE JUN 1      0                         6     -6        0
  SINCE JUL 1      0                         0      0        0

 COOLING
  YESTERDAY       19                        15      4       18
  MONTH TO DATE  173                       150     23      158
  SINCE JUN 1   1108                       891    217     1035
  SINCE JAN 1   1215                      1024    191     1144
..................................................................


WIND (MPH)
  HIGHEST WIND SPEED    24   HIGHEST WIND DIRECTION     S (180)
  HIGHEST GUST SPEED    30   HIGHEST GUST DIRECTION     S (190)
  AVERAGE WIND SPEED     8.2


SKY COVER
  POSSIBLE SUNSHINE  MM
  AVERAGE SKY COVER 0.0


WEATHER CONDITIONS
 THE FOLLOWING WEATHER WAS RECORDED YESTERDAY.
  THUNDERSTORM


RELATIVE HUMIDITY (PERCENT)
 HIGHEST    93           300 AM
 LOWEST     53           500 PM
 AVERAGE    73

..........................................................


THE CHANUTE KS CLIMATE NORMALS FOR TODAY
                         NORMAL    RECORD    YEAR
 MAXIMUM TEMPERATURE (F)   91       107      1936
 MINIMUM TEMPERATURE (F)   69        53      2012


SUNRISE AND SUNSET
AUGUST 11 2016........SUNRISE   635 AM CDT   SUNSET   819 PM CDT
AUGUST 12 2016........SUNRISE   636 AM CDT   SUNSET   818 PM CDT


-  INDICATES NEGATIVE NUMBERS.
R  INDICATES RECORD WAS SET OR TIED.
MM INDICATES DATA IS MISSING.
T  INDICATES TRACE AMOUNT.




$$
