000
CDUS43 KICT 090628
CLICNU

CLIMATE REPORT
NATIONAL WEATHER SERVICE WICHITA KS
127 AM CDT SAT JUL 9 2016


...................................

...THE CHANUTE KS CLIMATE SUMMARY FOR JULY 8 2016...

CLIMATE NORMAL PERIOD 1981 TO 2010
CLIMATE RECORD PERIOD 1894 TO 2016


WEATHER ITEM   OBSERVED TIME   RECORD YEAR NORMAL DEPARTURE LAST
                VALUE   (LST)  VALUE       VALUE  FROM      YEAR
                                                  NORMAL
..................................................................
TEMPERATURE (F)
 YESTERDAY
  MAXIMUM         91    308 PM 105    1917  89      2       72
  MINIMUM         69    205 AM  56    1952  69      0       64
  AVERAGE         80                        79      1       68

PRECIPITATION (IN)
  YESTERDAY        0.01          2.61 2010   0.15  -0.14     1.02
  MONTH TO DATE    0.03                      1.26  -1.23     4.04
  SINCE JUN 1      3.23                      7.29  -4.06     6.41
  SINCE JAN 1     15.02                     23.69  -8.67    24.38

DEGREE DAYS
 HEATING
  YESTERDAY        0                         0      0        0
  MONTH TO DATE    0                         0      0        0
  SINCE JUN 1      0                         6     -6        0
  SINCE JUL 1      0                         0      0        0

 COOLING
  YESTERDAY       15                        14      1        3
  MONTH TO DATE  117                       110      7       90
  SINCE JUN 1    551                       402    149      481
  SINCE JAN 1    658                       535    123      590
..................................................................


WIND (MPH)
  HIGHEST WIND SPEED    17   HIGHEST WIND DIRECTION     S (190)
  HIGHEST GUST SPEED    19   HIGHEST GUST DIRECTION     S (190)
  AVERAGE WIND SPEED     6.6


SKY COVER
  POSSIBLE SUNSHINE  MM
  AVERAGE SKY COVER 0.0


WEATHER CONDITIONS
 THE FOLLOWING WEATHER WAS RECORDED YESTERDAY.
  THUNDERSTORM
  HEAVY RAIN
  LIGHT RAIN
  FOG


RELATIVE HUMIDITY (PERCENT)
 HIGHEST    90           300 AM
 LOWEST     59           400 PM
 AVERAGE    75

..........................................................


THE CHANUTE KS CLIMATE NORMALS FOR TODAY
                         NORMAL    RECORD    YEAR
 MAXIMUM TEMPERATURE (F)   89       107      1980
 MINIMUM TEMPERATURE (F)   69        55      1947


SUNRISE AND SUNSET
JULY  9 2016..........SUNRISE   609 AM CDT   SUNSET   846 PM CDT
JULY 10 2016..........SUNRISE   609 AM CDT   SUNSET   845 PM CDT


-  INDICATES NEGATIVE NUMBERS.
R  INDICATES RECORD WAS SET OR TIED.
MM INDICATES DATA IS MISSING.
T  INDICATES TRACE AMOUNT.




$$
