105
CDUS43 KICT 180625
CLICNU

CLIMATE REPORT
NATIONAL WEATHER SERVICE WICHITA KS
125 AM CDT SUN SEP 18 2016


...................................

...THE CHANUTE KS CLIMATE SUMMARY FOR SEPTEMBER 17 2016...

CLIMATE NORMAL PERIOD 1981 TO 2010
CLIMATE RECORD PERIOD 1894 TO 2016


WEATHER ITEM   OBSERVED TIME   RECORD YEAR NORMAL DEPARTURE LAST
                VALUE   (LST)  VALUE       VALUE  FROM      YEAR
                                                  NORMAL
..................................................................
TEMPERATURE (F)
 YESTERDAY
  MAXIMUM         83    416 PM 101    1931  81      2       89
  MINIMUM         57    605 AM  38    1918  58     -1       71
  AVERAGE         70                        69      1       80

PRECIPITATION (IN)
  YESTERDAY        0.00          1.38 1898   0.12  -0.12     0.00
  MONTH TO DATE    5.88                      1.89   3.99     1.29
  SINCE SEP 1      5.88                      1.89   3.99     1.29
  SINCE JAN 1     31.11                     32.38  -1.27    32.60

DEGREE DAYS
 HEATING
  YESTERDAY        0                         2     -2        0
  MONTH TO DATE    0                         9     -9        6
  SINCE SEP 1      0                         9     -9        6
  SINCE JUL 1      0                        10    -10        6

 COOLING
  YESTERDAY        5                         6     -1       15
  MONTH TO DATE  164                       142     22      180
  SINCE SEP 1    164                       142     22      180
  SINCE JAN 1   1645                      1446    199     1499
..................................................................


WIND (MPH)
  HIGHEST WIND SPEED     7   HIGHEST WIND DIRECTION    SE (120)
  HIGHEST GUST SPEED    11   HIGHEST GUST DIRECTION    NW (300)
  AVERAGE WIND SPEED     1.8


SKY COVER
  POSSIBLE SUNSHINE  MM
  AVERAGE SKY COVER 0.4


WEATHER CONDITIONS
 THE FOLLOWING WEATHER WAS RECORDED YESTERDAY.
  FOG
  FOG W/VISIBILITY <= 1/4 MILE


RELATIVE HUMIDITY (PERCENT)
 HIGHEST   100          1200 AM
 LOWEST     47           400 PM
 AVERAGE    74

..........................................................


THE CHANUTE KS CLIMATE NORMALS FOR TODAY
                         NORMAL    RECORD    YEAR
 MAXIMUM TEMPERATURE (F)   80        99      1931
 MINIMUM TEMPERATURE (F)   58        38      1973


SUNRISE AND SUNSET
SEPTEMBER 18 2016.....SUNRISE   707 AM CDT   SUNSET   724 PM CDT
SEPTEMBER 19 2016.....SUNRISE   708 AM CDT   SUNSET   723 PM CDT


-  INDICATES NEGATIVE NUMBERS.
R  INDICATES RECORD WAS SET OR TIED.
MM INDICATES DATA IS MISSING.
T  INDICATES TRACE AMOUNT.




$$
