000
CDUS43 KICT 070655
CLICNU

CLIMATE REPORT
NATIONAL WEATHER SERVICE WICHITA KS
1253 AM CST SUN DEC 7 2014

...................................

...THE CHANUTE KS CLIMATE SUMMARY FOR DECEMBER 6 2014...

CLIMATE NORMAL PERIOD 1981 TO 2010
CLIMATE RECORD PERIOD 1894 TO 2014


WEATHER ITEM   OBSERVED TIME   RECORD YEAR NORMAL DEPARTURE LAST
                VALUE   (LST)  VALUE       VALUE  FROM      YEAR
                                                  NORMAL
..................................................................
TEMPERATURE (F)
 YESTERDAY
  MAXIMUM         45    215 AM  74    1939  47     -2       20
  MINIMUM         37   1159 PM  -2    1950  27     10       11
  AVERAGE         41                        37      4       16

PRECIPITATION (IN)
  YESTERDAY        0.00          0.74 1974   0.07  -0.07     0.00
  MONTH TO DATE    1.31                      0.41   0.90     0.00
  SINCE DEC 1      1.31                      0.41   0.90     0.00
  SINCE JAN 1     30.82                     40.73  -9.91    47.59

DEGREE DAYS
 HEATING
  YESTERDAY       24                        28     -4       49
  MONTH TO DATE  168                       163      5      179
  SINCE DEC 1    168                       163      5      179
  SINCE JUL 1   1110                      1015     95     1099

 COOLING
  YESTERDAY        0                         0      0        0
  MONTH TO DATE    0                         0      0        0
  SINCE DEC 1      0                         0      0        0
  SINCE JAN 1   1512                      1532    -20     1560
..................................................................


WIND (MPH)
  HIGHEST WIND SPEED    14   HIGHEST WIND DIRECTION     N (10)
  HIGHEST GUST SPEED    18   HIGHEST GUST DIRECTION     N (20)
  AVERAGE WIND SPEED     8.1


SKY COVER
  POSSIBLE SUNSHINE  MM
  AVERAGE SKY COVER 1.0


WEATHER CONDITIONS
 THE FOLLOWING WEATHER WAS RECORDED YESTERDAY.
  FOG


RELATIVE HUMIDITY (PERCENT)
 HIGHEST   100          1200 AM
 LOWEST     86           400 PM
 AVERAGE    93

..........................................................


THE CHANUTE KS CLIMATE NORMALS FOR TODAY
                         NORMAL    RECORD    YEAR
 MAXIMUM TEMPERATURE (F)   46        77      1966
 MINIMUM TEMPERATURE (F)   27        -1      1950


SUNRISE AND SUNSET
DECEMBER  7 2014......SUNRISE   724 AM CST   SUNSET   503 PM CST
DECEMBER  8 2014......SUNRISE   724 AM CST   SUNSET   503 PM CST


-  INDICATES NEGATIVE NUMBERS.
R  INDICATES RECORD WAS SET OR TIED.
MM INDICATES DATA IS MISSING.
T  INDICATES TRACE AMOUNT.

$$
