276
CDUS43 KICT 130623
CLICNU


CLIMATE REPORT
NATIONAL WEATHER SERVICE WICHITA KS
123 AM CDT MON MAR 13 2017


...................................

...THE CHANUTE KS CLIMATE SUMMARY FOR MARCH 12 2017...

CLIMATE NORMAL PERIOD 1981 TO 2010
CLIMATE RECORD PERIOD 1894 TO 2017


WEATHER ITEM   OBSERVED TIME   RECORD YEAR NORMAL DEPARTURE LAST
                VALUE   (LST)  VALUE       VALUE  FROM      YEAR
                                                  NORMAL
..................................................................
TEMPERATURE (F)
 YESTERDAY
  MAXIMUM         46    412 PM  86    1916  57    -11       60
  MINIMUM         30    734 AM   0    1948  35     -5       51
  AVERAGE         38                        46     -8       56

PRECIPITATION (IN)
  YESTERDAY        T             1.57 1947   0.09  -0.09     0.11
  MONTH TO DATE    0.26                      1.10  -0.84     0.60
  SINCE MAR 1      0.26                      1.10  -0.84     0.60
  SINCE JAN 1      2.41                      4.26  -1.85     1.68

DEGREE DAYS
 HEATING
  YESTERDAY       27                        19      8        9
  MONTH TO DATE  191                       253    -62      137
  SINCE MAR 1    191                       253    -62      137
  SINCE JUL 1   2959                      3825   -866     3102

 COOLING
  YESTERDAY        0                         0      0        0
  MONTH TO DATE    0                         0      0        0
  SINCE MAR 1      0                         0      0        0
  SINCE JAN 1      3                         0      3        0
..................................................................


WIND (MPH)
  HIGHEST WIND SPEED    21   HIGHEST WIND DIRECTION     S (190)
  HIGHEST GUST SPEED    25   HIGHEST GUST DIRECTION     S (170)
  AVERAGE WIND SPEED     7.7


SKY COVER
  POSSIBLE SUNSHINE  MM
  AVERAGE SKY COVER 0.8


WEATHER CONDITIONS
 THE FOLLOWING WEATHER WAS RECORDED YESTERDAY.
  LIGHT RAIN


RELATIVE HUMIDITY (PERCENT)
 HIGHEST    85           300 AM
 LOWEST     53           200 PM
 AVERAGE    69

..........................................................


THE CHANUTE KS CLIMATE NORMALS FOR TODAY
                         NORMAL    RECORD    YEAR
 MAXIMUM TEMPERATURE (F)   57        90      1916
 MINIMUM TEMPERATURE (F)   35        11      1950


SUNRISE AND SUNSET
MARCH 13 2017.........SUNRISE   736 AM CDT   SUNSET   728 PM CDT
MARCH 14 2017.........SUNRISE   734 AM CDT   SUNSET   729 PM CDT


-  INDICATES NEGATIVE NUMBERS.
R  INDICATES RECORD WAS SET OR TIED.
MM INDICATES DATA IS MISSING.
T  INDICATES TRACE AMOUNT.




$$
