000
CDUS43 KICT 040652
CLICNU


CLIMATE REPORT
NATIONAL WEATHER SERVICE WICHITA KS
1251 AM CST SAT FEB 4 2017


...................................

...THE CHANUTE KS CLIMATE SUMMARY FOR FEBRUARY 3 2017...

CLIMATE NORMAL PERIOD 1981 TO 2010
CLIMATE RECORD PERIOD 1894 TO 2017


WEATHER ITEM   OBSERVED TIME   RECORD YEAR NORMAL DEPARTURE LAST
                VALUE   (LST)  VALUE       VALUE  FROM      YEAR
                                                  NORMAL
..................................................................
TEMPERATURE (F)
 YESTERDAY
  MAXIMUM         37    359 PM  80    1934  45     -8       40
  MINIMUM         19    303 AM -16    2011  24     -5       21
  AVERAGE         28                        34     -6       31

PRECIPITATION (IN)
  YESTERDAY        0.00          1.74 1986   0.05  -0.05     0.00
  MONTH TO DATE    0.00                      0.15  -0.15     0.29
  SINCE DEC 1      2.62                      3.16  -0.54     4.62
  SINCE JAN 1      1.84                      1.41   0.43     1.07

DEGREE DAYS
 HEATING
  YESTERDAY       37                        31      6       34
  MONTH TO DATE   96                        93      3       75
  SINCE DEC 1   1880                      2040   -160     1761
  SINCE JUL 1   2358                      2892   -534     2404

 COOLING
  YESTERDAY        0                         0      0        0
  MONTH TO DATE    0                         0      0        0
  SINCE DEC 1      0                         0      0        0
  SINCE JAN 1      0                         0      0        0
..................................................................


WIND (MPH)
  HIGHEST WIND SPEED    14   HIGHEST WIND DIRECTION     N (20)
  HIGHEST GUST SPEED    17   HIGHEST GUST DIRECTION    NE (30)
  AVERAGE WIND SPEED     6.1


SKY COVER
  POSSIBLE SUNSHINE  MM
  AVERAGE SKY COVER 0.3


WEATHER CONDITIONS
 THE FOLLOWING WEATHER WAS RECORDED YESTERDAY.
  NO SIGNIFICANT WEATHER WAS OBSERVED.


RELATIVE HUMIDITY (PERCENT)
 HIGHEST    68           400 AM
 LOWEST     38           400 PM
 AVERAGE    53

..........................................................


THE CHANUTE KS CLIMATE NORMALS FOR TODAY
                         NORMAL    RECORD    YEAR
 MAXIMUM TEMPERATURE (F)   45        76      2008
 MINIMUM TEMPERATURE (F)   24        -6      1996


SUNRISE AND SUNSET
FEBRUARY  4 2017......SUNRISE   723 AM CST   SUNSET   549 PM CST
FEBRUARY  5 2017......SUNRISE   722 AM CST   SUNSET   551 PM CST


-  INDICATES NEGATIVE NUMBERS.
R  INDICATES RECORD WAS SET OR TIED.
MM INDICATES DATA IS MISSING.
T  INDICATES TRACE AMOUNT.




$$
