691
CDUS43 KICT 050641
CLICNU


CLIMATE REPORT
NATIONAL WEATHER SERVICE WICHITA KS
1240 AM CST SUN NOV 5 2017


...................................

...THE CHANUTE KS CLIMATE SUMMARY FOR NOVEMBER 4 2017...

CLIMATE NORMAL PERIOD 1981 TO 2010
CLIMATE RECORD PERIOD 1894 TO 2017


WEATHER ITEM   OBSERVED TIME   RECORD YEAR NORMAL DEPARTURE LAST
                VALUE   (LST)  VALUE       VALUE  FROM      YEAR
                                                  NORMAL
..................................................................
TEMPERATURE (F)
 YESTERDAY
  MAXIMUM         56    423 PM  84    1921  63     -7       73
  MINIMUM         46    900 PM  11    1991  41      5       44
  AVERAGE         51                        52     -1       59

PRECIPITATION (IN)
  YESTERDAY        0.00          2.14 1990   0.09  -0.09     0.00
  MONTH TO DATE    T                         0.34  -0.34      T
  SINCE SEP 1      8.62                      7.67   0.95    10.42
  SINCE JAN 1     45.26                     38.16   7.10    35.65

DEGREE DAYS
 HEATING
  YESTERDAY       14                        13      1        6
  MONTH TO DATE   56                        51      5       11
  SINCE SEP 1    284                       338    -54      109
  SINCE JUL 1    284                       339    -55      109

 COOLING
  YESTERDAY        0                         0      0        0
  MONTH TO DATE    0                         0      0       15
  SINCE SEP 1    309                       225     84      360
  SINCE JAN 1   1616                      1529     87     1841
..................................................................


WIND (MPH)
  HIGHEST WIND SPEED    10   HIGHEST WIND DIRECTION    SE (130)
  HIGHEST GUST SPEED    14   HIGHEST GUST DIRECTION     S (180)
  AVERAGE WIND SPEED     3.5


SKY COVER
  POSSIBLE SUNSHINE  MM
  AVERAGE SKY COVER 0.9


WEATHER CONDITIONS
 THE FOLLOWING WEATHER WAS RECORDED YESTERDAY.
  FOG
  FOG W/VISIBILITY <= 1/4 MILE


RELATIVE HUMIDITY (PERCENT)
 HIGHEST   100           800 PM
 LOWEST     77           200 PM
 AVERAGE    89

..........................................................


THE CHANUTE KS CLIMATE NORMALS FOR TODAY
                         NORMAL    RECORD    YEAR
 MAXIMUM TEMPERATURE (F)   62        85      1915
 MINIMUM TEMPERATURE (F)   41        19      1982


SUNRISE AND SUNSET
NOVEMBER  5 2017......SUNRISE   652 AM CST   SUNSET   519 PM CST
NOVEMBER  6 2017......SUNRISE   653 AM CST   SUNSET   518 PM CST


-  INDICATES NEGATIVE NUMBERS.
R  INDICATES RECORD WAS SET OR TIED.
MM INDICATES DATA IS MISSING.
T  INDICATES TRACE AMOUNT.




$$
