821
CDUS43 KICT 050622
CLICNU


CLIMATE REPORT
NATIONAL WEATHER SERVICE WICHITA KS
121 AM CDT SAT AUG 5 2017


...................................

...THE CHANUTE KS CLIMATE SUMMARY FOR AUGUST 4 2017...

CLIMATE NORMAL PERIOD 1981 TO 2010
CLIMATE RECORD PERIOD 1894 TO 2017


WEATHER ITEM   OBSERVED TIME   RECORD YEAR NORMAL DEPARTURE LAST
                VALUE   (LST)  VALUE       VALUE  FROM      YEAR
                                                  NORMAL
..................................................................
TEMPERATURE (F)
 YESTERDAY
  MAXIMUM         80    420 PM 111    1923  91    -11       97
  MINIMUM         61    952 PM  50    1974  69     -8       75
  AVERAGE         71                        80     -9       86

PRECIPITATION (IN)
  YESTERDAY        0.00          5.30 1911   0.11  -0.11     0.00
  MONTH TO DATE    0.92                      0.47   0.45     0.00
  SINCE JUN 1      5.15                     10.87  -5.72     7.69
  SINCE JAN 1     26.23                     27.27  -1.04    19.48

DEGREE DAYS
 HEATING
  YESTERDAY        0                         0      0        0
  MONTH TO DATE    0                         0      0        0
  SINCE JUN 1      0                         6     -6        0
  SINCE JUL 1      0                         0      0        0

 COOLING
  YESTERDAY        6                        15     -9       21
  MONTH TO DATE   43                        60    -17       83
  SINCE JUN 1    864                       801     63     1018
  SINCE JAN 1   1031                       934     97     1125
..................................................................


WIND (MPH)
  HIGHEST WIND SPEED    15   HIGHEST WIND DIRECTION    NE (60)
  HIGHEST GUST SPEED    20   HIGHEST GUST DIRECTION    NE (40)
  AVERAGE WIND SPEED     6.9


SKY COVER
  POSSIBLE SUNSHINE  MM
  AVERAGE SKY COVER 0.2


WEATHER CONDITIONS
 THE FOLLOWING WEATHER WAS RECORDED YESTERDAY.
  NO SIGNIFICANT WEATHER WAS OBSERVED.


RELATIVE HUMIDITY (PERCENT)
 HIGHEST    84          1000 PM
 LOWEST     30           400 PM
 AVERAGE    57

..........................................................


THE CHANUTE KS CLIMATE NORMALS FOR TODAY
                         NORMAL    RECORD    YEAR
 MAXIMUM TEMPERATURE (F)   91       108      1956
 MINIMUM TEMPERATURE (F)   69        55      1948


SUNRISE AND SUNSET
AUGUST  5 2017........SUNRISE   629 AM CDT   SUNSET   826 PM CDT
AUGUST  6 2017........SUNRISE   630 AM CDT   SUNSET   825 PM CDT


-  INDICATES NEGATIVE NUMBERS.
R  INDICATES RECORD WAS SET OR TIED.
MM INDICATES DATA IS MISSING.
T  INDICATES TRACE AMOUNT.




$$
