947
CDUS43 KICT 240635
CLICNU

CLIMATE REPORT
NATIONAL WEATHER SERVICE WICHITA KS
1235 AM CST THU NOV 24 2016


...................................

...THE CHANUTE KS CLIMATE SUMMARY FOR NOVEMBER 23 2016...

CLIMATE NORMAL PERIOD 1981 TO 2010
CLIMATE RECORD PERIOD 1894 TO 2016


WEATHER ITEM   OBSERVED TIME   RECORD YEAR NORMAL DEPARTURE LAST
                VALUE   (LST)  VALUE       VALUE  FROM      YEAR
                                                  NORMAL
..................................................................
TEMPERATURE (F)
 YESTERDAY
  MAXIMUM         56   1201 AM  80    1897  53      3       64
  MINIMUM         42   1159 PM   8    1950  32     10       30
  AVERAGE         49                        43      6       47

PRECIPITATION (IN)
  YESTERDAY        T             1.40 1931   0.08  -0.08     0.00
  MONTH TO DATE    0.36                      1.97  -1.61     2.02
  SINCE SEP 1     10.78                      9.30   1.48     4.91
  SINCE JAN 1     36.01                     39.79  -3.78    36.22

DEGREE DAYS
 HEATING
  YESTERDAY       16                        22     -6       18
  MONTH TO DATE  246                       391   -145      310
  SINCE SEP 1    344                       678   -334      490
  SINCE JUL 1    344                       679   -335      490

 COOLING
  YESTERDAY        0                         0      0        0
  MONTH TO DATE   20                         0     20        0
  SINCE SEP 1    365                       225    140      293
  SINCE JAN 1   1846                      1529    317     1612
..................................................................


WIND (MPH)
  HIGHEST WIND SPEED    21   HIGHEST WIND DIRECTION    NW (320)
  HIGHEST GUST SPEED    27   HIGHEST GUST DIRECTION    NW (320)
  AVERAGE WIND SPEED     9.8


SKY COVER
  POSSIBLE SUNSHINE  MM
  AVERAGE SKY COVER 0.9


WEATHER CONDITIONS
 THE FOLLOWING WEATHER WAS RECORDED YESTERDAY.
  FOG


RELATIVE HUMIDITY (PERCENT)
 HIGHEST    93           500 AM
 LOWEST     70           800 PM
 AVERAGE    82

..........................................................


THE CHANUTE KS CLIMATE NORMALS FOR TODAY
                         NORMAL    RECORD    YEAR
 MAXIMUM TEMPERATURE (F)   52        74      1919
 MINIMUM TEMPERATURE (F)   32         6      1950


SUNRISE AND SUNSET
NOVEMBER 24 2016......SUNRISE   712 AM CST   SUNSET   505 PM CST
NOVEMBER 25 2016......SUNRISE   713 AM CST   SUNSET   505 PM CST


-  INDICATES NEGATIVE NUMBERS.
R  INDICATES RECORD WAS SET OR TIED.
MM INDICATES DATA IS MISSING.
T  INDICATES TRACE AMOUNT.

$$

ES
