000
CDUS43 KICT 090631
CLICNU


CLIMATE REPORT
NATIONAL WEATHER SERVICE WICHITA KS
1230 AM CST THU NOV 9 2017


...................................

...THE CHANUTE KS CLIMATE SUMMARY FOR NOVEMBER 8 2017...

CLIMATE NORMAL PERIOD 1981 TO 2010
CLIMATE RECORD PERIOD 1894 TO 2017


WEATHER ITEM   OBSERVED TIME   RECORD YEAR NORMAL DEPARTURE LAST
                VALUE   (LST)  VALUE       VALUE  FROM      YEAR
                                                  NORMAL
..................................................................
TEMPERATURE (F)
 YESTERDAY
  MAXIMUM         55    336 PM  84    2006  61     -6       65
  MINIMUM         30   1159 PM  10    1991  39     -9       45
  AVERAGE         43                        50     -7       55

PRECIPITATION (IN)
  YESTERDAY        0.00          2.11 1977   0.10  -0.10     0.01
  MONTH TO DATE    T                         0.71  -0.71     0.30
  SINCE SEP 1      8.62                      8.04   0.58    10.72
  SINCE JAN 1     45.26                     38.53   6.73    35.95

DEGREE DAYS
 HEATING
  YESTERDAY       22                        15      7       10
  MONTH TO DATE  140                       109     31       41
  SINCE SEP 1    368                       396    -28      139
  SINCE JUL 1    368                       397    -29      139

 COOLING
  YESTERDAY        0                         0      0        0
  MONTH TO DATE    0                         0      0       15
  SINCE SEP 1    309                       225     84      360
  SINCE JAN 1   1616                      1529     87     1841
..................................................................


WIND (MPH)
  HIGHEST WIND SPEED    12   HIGHEST WIND DIRECTION    NE (40)
  HIGHEST GUST SPEED    15   HIGHEST GUST DIRECTION    NE (30)
  AVERAGE WIND SPEED     4.8


SKY COVER
  POSSIBLE SUNSHINE  MM
  AVERAGE SKY COVER 0.0


WEATHER CONDITIONS
 THE FOLLOWING WEATHER WAS RECORDED YESTERDAY.
  NO SIGNIFICANT WEATHER WAS OBSERVED.


RELATIVE HUMIDITY (PERCENT)
 HIGHEST    92          1000 PM
 LOWEST     32           300 PM
 AVERAGE    62

..........................................................


THE CHANUTE KS CLIMATE NORMALS FOR TODAY
                         NORMAL    RECORD    YEAR
 MAXIMUM TEMPERATURE (F)   60        82      2006
 MINIMUM TEMPERATURE (F)   39        20      1991


SUNRISE AND SUNSET
NOVEMBER  9 2017......SUNRISE   656 AM CST   SUNSET   515 PM CST
NOVEMBER 10 2017......SUNRISE   657 AM CST   SUNSET   514 PM CST


-  INDICATES NEGATIVE NUMBERS.
R  INDICATES RECORD WAS SET OR TIED.
MM INDICATES DATA IS MISSING.
T  INDICATES TRACE AMOUNT.




$$
