000
CDUS43 KICT 190622
CLICNU


CLIMATE REPORT
NATIONAL WEATHER SERVICE WICHITA KS
1221 AM CST THU FEB 19 2015


...................................

...THE CHANUTE KS CLIMATE SUMMARY FOR FEBRUARY 18 2015...

CLIMATE NORMAL PERIOD 1981 TO 2010
CLIMATE RECORD PERIOD 1894 TO 2015


WEATHER ITEM   OBSERVED TIME   RECORD YEAR NORMAL DEPARTURE LAST
                VALUE   (LST)  VALUE       VALUE  FROM      YEAR
                                                  NORMAL
..................................................................
TEMPERATURE (F)
 YESTERDAY
  MAXIMUM         26    329 PM  74    1930  49    -23       70
  MINIMUM         10   1159 PM  -5    1993  28    -18       36
  AVERAGE         18                        38    -20       53

PRECIPITATION (IN)
  YESTERDAY        0.00          3.47 1911   0.07  -0.07     0.00
  MONTH TO DATE    0.37                      1.10  -0.73     0.71
  SINCE DEC 1      3.37                      4.11  -0.74     0.98
  SINCE JAN 1      1.00                      2.36  -1.36     0.82

DEGREE DAYS
 HEATING
  YESTERDAY       47                        27     20       12
  MONTH TO DATE  570                       525     45      699
  SINCE DEC 1   2362                      2472   -110     2818
  SINCE JUL 1   3304                      3324    -20     3738

 COOLING
  YESTERDAY        0                         0      0        0
  MONTH TO DATE    0                         0      0        0
  SINCE DEC 1      0                         0      0        0
  SINCE JAN 1      0                         0      0        0
..................................................................


WIND (MPH)
  HIGHEST WIND SPEED    23   HIGHEST WIND DIRECTION    NW (330)
  HIGHEST GUST SPEED    31   HIGHEST GUST DIRECTION    NW (330)
  AVERAGE WIND SPEED    10.8


SKY COVER
  POSSIBLE SUNSHINE  MM
  AVERAGE SKY COVER 0.0


WEATHER CONDITIONS
 THE FOLLOWING WEATHER WAS RECORDED YESTERDAY.
  NO SIGNIFICANT WEATHER WAS OBSERVED.


RELATIVE HUMIDITY (PERCENT)
 HIGHEST    73           200 AM
 LOWEST     46           400 PM
 AVERAGE    60

..........................................................


THE CHANUTE KS CLIMATE NORMALS FOR TODAY
                         NORMAL    RECORD    YEAR
 MAXIMUM TEMPERATURE (F)   49        74      1930
 MINIMUM TEMPERATURE (F)   28        -1      1903


SUNRISE AND SUNSET
FEBRUARY 19 2015......SUNRISE   707 AM CST   SUNSET   605 PM CST
FEBRUARY 20 2015......SUNRISE   706 AM CST   SUNSET   606 PM CST


-  INDICATES NEGATIVE NUMBERS.
R  INDICATES RECORD WAS SET OR TIED.
MM INDICATES DATA IS MISSING.
T  INDICATES TRACE AMOUNT.




$$
