882
CDUS43 KICT 140642
CLICNU


CLIMATE REPORT
NATIONAL WEATHER SERVICE WICHITA KS
142 AM CDT WED SEP 14 2016


...................................

...THE CHANUTE KS CLIMATE SUMMARY FOR SEPTEMBER 13 2016...

CLIMATE NORMAL PERIOD 1981 TO 2010
CLIMATE RECORD PERIOD 1894 TO 2016


WEATHER ITEM   OBSERVED TIME   RECORD YEAR NORMAL DEPARTURE LAST
                VALUE   (LST)  VALUE       VALUE  FROM      YEAR
                                                  NORMAL
..................................................................
TEMPERATURE (F)
 YESTERDAY
  MAXIMUM         89    310 PM 100    2011  82      7       77
  MINIMUM         66    613 AM  39    2014  60      6       55
  AVERAGE         78                        71      7       66

PRECIPITATION (IN)
  YESTERDAY        0.00          3.88 1961   0.10  -0.10     0.00
  MONTH TO DATE    4.24                      1.43   2.81     1.29
  SINCE SEP 1      4.24                      1.43   2.81     1.29
  SINCE JAN 1     29.47                     31.92  -2.45    32.60

DEGREE DAYS
 HEATING
  YESTERDAY        0                         1     -1        0
  MONTH TO DATE    0                         4     -4        6
  SINCE SEP 1      0                         4     -4        6
  SINCE JUL 1      0                         5     -5        6

 COOLING
  YESTERDAY       13                         7      6        1
  MONTH TO DATE  134                       117     17      138
  SINCE SEP 1    134                       117     17      138
  SINCE JAN 1   1615                      1421    194     1457
..................................................................


WIND (MPH)
  HIGHEST WIND SPEED    14   HIGHEST WIND DIRECTION     S (160)
  HIGHEST GUST SPEED    19   HIGHEST GUST DIRECTION     S (180)
  AVERAGE WIND SPEED     6.9


SKY COVER
  POSSIBLE SUNSHINE  MM
  AVERAGE SKY COVER 0.2


WEATHER CONDITIONS
 THE FOLLOWING WEATHER WAS RECORDED YESTERDAY.
  NO SIGNIFICANT WEATHER WAS OBSERVED.


RELATIVE HUMIDITY (PERCENT)
 HIGHEST    93           400 AM
 LOWEST     50           300 PM
 AVERAGE    72

..........................................................


THE CHANUTE KS CLIMATE NORMALS FOR TODAY
                         NORMAL    RECORD    YEAR
 MAXIMUM TEMPERATURE (F)   82        99      1939
 MINIMUM TEMPERATURE (F)   60        41      1993


SUNRISE AND SUNSET
SEPTEMBER 14 2016.....SUNRISE   703 AM CDT   SUNSET   730 PM CDT
SEPTEMBER 15 2016.....SUNRISE   704 AM CDT   SUNSET   729 PM CDT


-  INDICATES NEGATIVE NUMBERS.
R  INDICATES RECORD WAS SET OR TIED.
MM INDICATES DATA IS MISSING.
T  INDICATES TRACE AMOUNT.




$$
