000
CDUS43 KICT 120628
CLICNU


CLIMATE REPORT
NATIONAL WEATHER SERVICE WICHITA KS
128 AM CDT WED APR 12 2017


...................................

...THE CHANUTE KS CLIMATE SUMMARY FOR APRIL 11 2017...

CLIMATE NORMAL PERIOD 1981 TO 2010
CLIMATE RECORD PERIOD 1894 TO 2017


WEATHER ITEM   OBSERVED TIME   RECORD YEAR NORMAL DEPARTURE LAST
                VALUE   (LST)  VALUE       VALUE  FROM      YEAR
                                                  NORMAL
..................................................................
TEMPERATURE (F)
 YESTERDAY
  MAXIMUM         70    346 PM  91    1930  67      3       61
  MINIMUM         37    543 AM  26    1957  44     -7       42
  AVERAGE         54                        55     -1       52

PRECIPITATION (IN)
  YESTERDAY        0.00          2.55 1994   0.14  -0.14     0.16
  MONTH TO DATE    2.75                      1.41   1.34     1.18
  SINCE MAR 1      4.77                      4.45   0.32     2.59
  SINCE JAN 1      6.92                      7.61  -0.69     3.67

DEGREE DAYS
 HEATING
  YESTERDAY       11                        10      1       13
  MONTH TO DATE   97                       129    -32       93
  SINCE MAR 1    507                       688   -181      481
  SINCE JUL 1   3275                      4260   -985     3446

 COOLING
  YESTERDAY        0                         1     -1        0
  MONTH TO DATE    9                         7      2        9
  SINCE MAR 1     26                        11     15        9
  SINCE JAN 1     29                        11     18        9
..................................................................


WIND (MPH)
  HIGHEST WIND SPEED    12   HIGHEST WIND DIRECTION    SE (120)
  HIGHEST GUST SPEED    16   HIGHEST GUST DIRECTION     E (90)
  AVERAGE WIND SPEED     5.7


SKY COVER
  POSSIBLE SUNSHINE  MM
  AVERAGE SKY COVER 0.0


WEATHER CONDITIONS
 THE FOLLOWING WEATHER WAS RECORDED YESTERDAY.
  NO SIGNIFICANT WEATHER WAS OBSERVED.


RELATIVE HUMIDITY (PERCENT)
 HIGHEST    85           400 AM
 LOWEST     39           300 PM
 AVERAGE    62

..........................................................


THE CHANUTE KS CLIMATE NORMALS FOR TODAY
                         NORMAL    RECORD    YEAR
 MAXIMUM TEMPERATURE (F)   67        95      1972
 MINIMUM TEMPERATURE (F)   45        21      1940


SUNRISE AND SUNSET
APRIL 12 2017.........SUNRISE   651 AM CDT   SUNSET   755 PM CDT
APRIL 13 2017.........SUNRISE   649 AM CDT   SUNSET   756 PM CDT


-  INDICATES NEGATIVE NUMBERS.
R  INDICATES RECORD WAS SET OR TIED.
MM INDICATES DATA IS MISSING.
T  INDICATES TRACE AMOUNT.




$$
