000
CDUS43 KICT 170652
CLICNU


CLIMATE REPORT
NATIONAL WEATHER SERVICE WICHITA KS
152 AM CDT TUE MAR 17 2015


...................................

...THE CHANUTE KS CLIMATE SUMMARY FOR MARCH 16 2015...

CLIMATE NORMAL PERIOD 1981 TO 2010
CLIMATE RECORD PERIOD 1894 TO 2015


WEATHER ITEM   OBSERVED TIME   RECORD YEAR NORMAL DEPARTURE LAST
                VALUE   (LST)  VALUE       VALUE  FROM      YEAR
                                                  NORMAL
..................................................................
TEMPERATURE (F)
 YESTERDAY
  MAXIMUM         82R   317 PM  82    2012  58     24       53
  MINIMUM         46    649 AM  17    1900  36     10       27
  AVERAGE         64                        47     17       40

PRECIPITATION (IN)
  YESTERDAY        0.00          0.95 1970   0.10  -0.10     0.42
  MONTH TO DATE    0.01                      1.48  -1.47     0.74
  SINCE MAR 1      0.01                      1.48  -1.47     0.74
  SINCE JAN 1      1.32                      4.64  -3.32     1.71

DEGREE DAYS
 HEATING
  YESTERDAY        1                        18    -17       25
  MONTH TO DATE  311                       327    -16      415
  SINCE MAR 1    311                       327    -16      415
  SINCE JUL 1   4001                      3899    102     4435

 COOLING
  YESTERDAY        0                         0      0        0
  MONTH TO DATE    0                         0      0        0
  SINCE MAR 1      0                         0      0        0
  SINCE JAN 1      0                         0      0        0
..................................................................


WIND (MPH)
  HIGHEST WIND SPEED    26   HIGHEST WIND DIRECTION     S (200)
  HIGHEST GUST SPEED    34   HIGHEST GUST DIRECTION     S (190)
  AVERAGE WIND SPEED    13.4


SKY COVER
  POSSIBLE SUNSHINE  MM
  AVERAGE SKY COVER 0.0


WEATHER CONDITIONS
 THE FOLLOWING WEATHER WAS RECORDED YESTERDAY.
  NO SIGNIFICANT WEATHER WAS OBSERVED.


RELATIVE HUMIDITY (PERCENT)
 HIGHEST   100           400 AM
 LOWEST     23           400 PM
 AVERAGE    62

..........................................................


THE CHANUTE KS CLIMATE NORMALS FOR TODAY
                         NORMAL    RECORD    YEAR
 MAXIMUM TEMPERATURE (F)   59        84      1994
 MINIMUM TEMPERATURE (F)   37        12      1941


SUNRISE AND SUNSET
MARCH 17 2015.........SUNRISE   730 AM CDT   SUNSET   731 PM CDT
MARCH 18 2015.........SUNRISE   729 AM CDT   SUNSET   732 PM CDT


-  INDICATES NEGATIVE NUMBERS.
R  INDICATES RECORD WAS SET OR TIED.
MM INDICATES DATA IS MISSING.
T  INDICATES TRACE AMOUNT.




$$
