029
CDUS43 KICT 140633
CLICNU


CLIMATE REPORT
NATIONAL WEATHER SERVICE WICHITA KS
133 AM CDT THU SEP 14 2017


...................................

...THE CHANUTE KS CLIMATE SUMMARY FOR SEPTEMBER 13 2017...

CLIMATE NORMAL PERIOD 1981 TO 2010
CLIMATE RECORD PERIOD 1894 TO 2017


WEATHER ITEM   OBSERVED TIME   RECORD YEAR NORMAL DEPARTURE LAST
                VALUE   (LST)  VALUE       VALUE  FROM      YEAR
                                                  NORMAL
..................................................................
TEMPERATURE (F)
 YESTERDAY
  MAXIMUM         86    450 PM 100    2011  82      4       89
  MINIMUM         50    553 AM  39    2014  60    -10       66
  AVERAGE         68                        71     -3       78

PRECIPITATION (IN)
  YESTERDAY        0.00          3.88 1961   0.10  -0.10     0.00
  MONTH TO DATE    0.00                      1.43  -1.43     4.24
  SINCE SEP 1      0.00                      1.43  -1.43     4.24
  SINCE JAN 1     36.64                     31.92   4.72    29.47

DEGREE DAYS
 HEATING
  YESTERDAY        0                         1     -1        0
  MONTH TO DATE    3                         4     -1        0
  SINCE SEP 1      3                         4     -1        0
  SINCE JUL 1      3                         5     -2        0

 COOLING
  YESTERDAY        3                         7     -4       13
  MONTH TO DATE   70                       117    -47      134
  SINCE SEP 1     70                       117    -47      134
  SINCE JAN 1   1377                      1421    -44     1615
..................................................................


WIND (MPH)
  HIGHEST WIND SPEED    10   HIGHEST WIND DIRECTION    NW (300)
  HIGHEST GUST SPEED    18   HIGHEST GUST DIRECTION     W (280)
  AVERAGE WIND SPEED     3.7


SKY COVER
  POSSIBLE SUNSHINE  MM
  AVERAGE SKY COVER 0.0


WEATHER CONDITIONS
 THE FOLLOWING WEATHER WAS RECORDED YESTERDAY.
  FOG
  HAZE


RELATIVE HUMIDITY (PERCENT)
 HIGHEST   100           600 AM
 LOWEST     37           400 PM
 AVERAGE    69

..........................................................


THE CHANUTE KS CLIMATE NORMALS FOR TODAY
                         NORMAL    RECORD    YEAR
 MAXIMUM TEMPERATURE (F)   82        99      1939
 MINIMUM TEMPERATURE (F)   60        41      1993


SUNRISE AND SUNSET
SEPTEMBER 14 2017.....SUNRISE   703 AM CDT   SUNSET   731 PM CDT
SEPTEMBER 15 2017.....SUNRISE   704 AM CDT   SUNSET   729 PM CDT


-  INDICATES NEGATIVE NUMBERS.
R  INDICATES RECORD WAS SET OR TIED.
MM INDICATES DATA IS MISSING.
T  INDICATES TRACE AMOUNT.




$$
