000
CDUS43 KICT 170631
CLICNU


CLIMATE REPORT
NATIONAL WEATHER SERVICE WICHITA KS
130 AM CDT FRI JUL 17 2015


...................................

...THE CHANUTE KS CLIMATE SUMMARY FOR JULY 16 2015...

CLIMATE NORMAL PERIOD 1981 TO 2010
CLIMATE RECORD PERIOD 1894 TO 2015


WEATHER ITEM   OBSERVED TIME   RECORD YEAR NORMAL DEPARTURE LAST
                VALUE   (LST)  VALUE       VALUE  FROM      YEAR
                                                  NORMAL
..................................................................
TEMPERATURE (F)
 YESTERDAY
  MAXIMUM         93    344 PM 113    1936  90      3       76
  MINIMUM         73    659 AM  51    2014  69      4       51
  AVERAGE         83                        80      3       64

PRECIPITATION (IN)
  YESTERDAY        0.00          2.08 1992   0.15  -0.15     0.00
  MONTH TO DATE    4.19                      2.45   1.74     0.79
  SINCE JUN 1      6.56                      8.48  -1.92     8.84
  SINCE JAN 1     24.53                     24.88  -0.35    18.30

DEGREE DAYS
 HEATING
  YESTERDAY        0                         0      0        1
  MONTH TO DATE    0                         0      0        1
  SINCE JUN 1      0                         6     -6        1
  SINCE JUL 1      0                         0      0        1

 COOLING
  YESTERDAY       18                        15      3        0
  MONTH TO DATE  219                       227     -8      159
  SINCE JUN 1    610                       519     91      457
  SINCE JAN 1    719                       652     67      649
..................................................................


WIND (MPH)
  HIGHEST WIND SPEED    18   HIGHEST WIND DIRECTION     S (180)
  HIGHEST GUST SPEED    24   HIGHEST GUST DIRECTION     S (180)
  AVERAGE WIND SPEED    12.0


SKY COVER
  POSSIBLE SUNSHINE  MM
  AVERAGE SKY COVER 0.0


WEATHER CONDITIONS
 THE FOLLOWING WEATHER WAS RECORDED YESTERDAY.
  NO SIGNIFICANT WEATHER WAS OBSERVED.


RELATIVE HUMIDITY (PERCENT)
 HIGHEST    93           400 AM
 LOWEST     56          1200 PM
 AVERAGE    75

..........................................................


THE CHANUTE KS CLIMATE NORMALS FOR TODAY
                         NORMAL    RECORD    YEAR
 MAXIMUM TEMPERATURE (F)   90       111      1980
 MINIMUM TEMPERATURE (F)   69        56      1967


SUNRISE AND SUNSET
JULY 17 2015..........SUNRISE   614 AM CDT   SUNSET   842 PM CDT
JULY 18 2015..........SUNRISE   614 AM CDT   SUNSET   842 PM CDT


-  INDICATES NEGATIVE NUMBERS.
R  INDICATES RECORD WAS SET OR TIED.
MM INDICATES DATA IS MISSING.
T  INDICATES TRACE AMOUNT.




$$
