000
CDUS43 KICT 170641
CLICNU


CLIMATE REPORT
NATIONAL WEATHER SERVICE WICHITA KS
140 AM CDT WED JUN 17 2015


...................................

...THE CHANUTE KS CLIMATE SUMMARY FOR JUNE 16 2015...

CLIMATE NORMAL PERIOD 1981 TO 2010
CLIMATE RECORD PERIOD 1894 TO 2015


WEATHER ITEM   OBSERVED TIME   RECORD YEAR NORMAL DEPARTURE LAST
                VALUE   (LST)  VALUE       VALUE  FROM      YEAR
                                                  NORMAL
..................................................................
TEMPERATURE (F)
 YESTERDAY
  MAXIMUM         83    445 PM 102    1918  85     -2       88
  MINIMUM         68   1232 AM  47    1917  65      3       72
  AVERAGE         76                        75      1       80

PRECIPITATION (IN)
  YESTERDAY        0.11          2.55 1928   0.20  -0.09     0.00
  MONTH TO DATE    2.12                      3.57  -1.45     6.21
  SINCE JUN 1      2.12                      3.57  -1.45     6.21
  SINCE JAN 1     20.09                     19.97   0.12    15.67

DEGREE DAYS
 HEATING
  YESTERDAY        0                         0      0        0
  MONTH TO DATE    0                         4     -4        0
  SINCE JUN 1      0                         4     -4        0
  SINCE JUL 1   4455                      4481    -26     5090

 COOLING
  YESTERDAY       11                        10      1       15
  MONTH TO DATE  194                       128     66      115
  SINCE JUN 1    194                       128     66      115
  SINCE JAN 1    303                       261     42      307
..................................................................


WIND (MPH)
  HIGHEST WIND SPEED     8   HIGHEST WIND DIRECTION     W (260)
  HIGHEST GUST SPEED    13   HIGHEST GUST DIRECTION    SW (240)
  AVERAGE WIND SPEED     4.6


SKY COVER
  POSSIBLE SUNSHINE  MM
  AVERAGE SKY COVER 0.8


WEATHER CONDITIONS
 THE FOLLOWING WEATHER WAS RECORDED YESTERDAY.
  LIGHT RAIN
  FOG


RELATIVE HUMIDITY (PERCENT)
 HIGHEST   100           400 AM
 LOWEST     65           500 PM
 AVERAGE    83

..........................................................


THE CHANUTE KS CLIMATE NORMALS FOR TODAY
                         NORMAL    RECORD    YEAR
 MAXIMUM TEMPERATURE (F)   85       103      1918
 MINIMUM TEMPERATURE (F)   65        50      1999


SUNRISE AND SUNSET
JUNE 17 2015..........SUNRISE   600 AM CDT   SUNSET   846 PM CDT
JUNE 18 2015..........SUNRISE   600 AM CDT   SUNSET   846 PM CDT


-  INDICATES NEGATIVE NUMBERS.
R  INDICATES RECORD WAS SET OR TIED.
MM INDICATES DATA IS MISSING.
T  INDICATES TRACE AMOUNT.




$$
