943
CDUS43 KICT 150622
CLICNU

CLIMATE REPORT
NATIONAL WEATHER SERVICE WICHITA KS
122 AM CDT SAT APR 15 2017


...................................

...THE CHANUTE KS CLIMATE SUMMARY FOR APRIL 14 2017...

CLIMATE NORMAL PERIOD 1981 TO 2010
CLIMATE RECORD PERIOD 1894 TO 2017


WEATHER ITEM   OBSERVED TIME   RECORD YEAR NORMAL DEPARTURE LAST
                VALUE   (LST)  VALUE       VALUE  FROM      YEAR
                                                  NORMAL
..................................................................
TEMPERATURE (F)
 YESTERDAY
  MAXIMUM         81    224 PM  96    1936  68     13       72
  MINIMUM         62    716 AM  23    1950  45     17       39
  AVERAGE         72                        56     16       56

PRECIPITATION (IN)
  YESTERDAY        0.34          1.14 1960   0.15   0.19     0.00
  MONTH TO DATE    3.09                      1.83   1.26     1.18
  SINCE MAR 1      5.11                      4.87   0.24     2.59
  SINCE JAN 1      7.26                      8.03  -0.77     3.67

DEGREE DAYS
 HEATING
  YESTERDAY        0                         9     -9        9
  MONTH TO DATE  101                       158    -57      128
  SINCE MAR 1    511                       717   -206      516
  SINCE JUL 1   3279                      4289  -1010     3481

 COOLING
  YESTERDAY        7                         1      6        0
  MONTH TO DATE   19                        10      9        9
  SINCE MAR 1     36                        14     22        9
  SINCE JAN 1     39                        14     25        9
..................................................................


WIND (MPH)
  HIGHEST WIND SPEED    30   HIGHEST WIND DIRECTION     S (170)
  HIGHEST GUST SPEED    37   HIGHEST GUST DIRECTION     S (190)
  AVERAGE WIND SPEED    15.4


SKY COVER
  POSSIBLE SUNSHINE  MM
  AVERAGE SKY COVER 0.4


WEATHER CONDITIONS
 THE FOLLOWING WEATHER WAS RECORDED YESTERDAY.
  HEAVY RAIN
  RAIN
  LIGHT RAIN
  FOG


RELATIVE HUMIDITY (PERCENT)
 HIGHEST    90           200 AM
 LOWEST     39           400 PM
 AVERAGE    65

..........................................................


THE CHANUTE KS CLIMATE NORMALS FOR TODAY
                         NORMAL    RECORD    YEAR
 MAXIMUM TEMPERATURE (F)   68        91      1936
 MINIMUM TEMPERATURE (F)   46        23      2014


SUNRISE AND SUNSET
APRIL 15 2017.........SUNRISE   647 AM CDT   SUNSET   758 PM CDT
APRIL 16 2017.........SUNRISE   645 AM CDT   SUNSET   759 PM CDT


-  INDICATES NEGATIVE NUMBERS.
R  INDICATES RECORD WAS SET OR TIED.
MM INDICATES DATA IS MISSING.
T  INDICATES TRACE AMOUNT.




$$
