750
CDUS43 KICT 160630
CLICNU


CLIMATE REPORT
NATIONAL WEATHER SERVICE WICHITA KS
127 AM CDT THU MAR 16 2017


...................................

...THE CHANUTE KS CLIMATE SUMMARY FOR MARCH 15 2017...

CLIMATE NORMAL PERIOD 1981 TO 2010
CLIMATE RECORD PERIOD 1894 TO 2017


WEATHER ITEM   OBSERVED TIME   RECORD YEAR NORMAL DEPARTURE LAST
                VALUE   (LST)  VALUE       VALUE  FROM      YEAR
                                                  NORMAL
..................................................................
TEMPERATURE (F)
 YESTERDAY
  MAXIMUM         46    403 PM  84    1914  58    -12       72
  MINIMUM         19   1254 AM  11    1900  36    -17       45
  AVERAGE         33                        47    -14       59

PRECIPITATION (IN)
  YESTERDAY        0.00          1.85 1928   0.10  -0.10     0.00
  MONTH TO DATE    0.26                      1.38  -1.12     0.60
  SINCE MAR 1      0.26                      1.38  -1.12     0.60
  SINCE JAN 1      2.41                      4.54  -2.13     1.68

DEGREE DAYS
 HEATING
  YESTERDAY       32                        18     14        6
  MONTH TO DATE  291                       309    -18      156
  SINCE MAR 1    291                       309    -18      156
  SINCE JUL 1   3059                      3881   -822     3121

 COOLING
  YESTERDAY        0                         0      0        0
  MONTH TO DATE    0                         0      0        0
  SINCE MAR 1      0                         0      0        0
  SINCE JAN 1      3                         0      3        0
..................................................................


WIND (MPH)
  HIGHEST WIND SPEED    15   HIGHEST WIND DIRECTION     S (160)
  HIGHEST GUST SPEED    19   HIGHEST GUST DIRECTION    SE (140)
  AVERAGE WIND SPEED     7.4


SKY COVER
  POSSIBLE SUNSHINE  MM
  AVERAGE SKY COVER 0.5


WEATHER CONDITIONS
 THE FOLLOWING WEATHER WAS RECORDED YESTERDAY.
  NO SIGNIFICANT WEATHER WAS OBSERVED.


RELATIVE HUMIDITY (PERCENT)
 HIGHEST    91           100 AM
 LOWEST     33           300 PM
 AVERAGE    62

..........................................................


THE CHANUTE KS CLIMATE NORMALS FOR TODAY
                         NORMAL    RECORD    YEAR
 MAXIMUM TEMPERATURE (F)   58        82      2015
                                             2012
 MINIMUM TEMPERATURE (F)   36        17      1900


SUNRISE AND SUNSET
MARCH 16 2017.........SUNRISE   731 AM CDT   SUNSET   730 PM CDT
MARCH 17 2017.........SUNRISE   730 AM CDT   SUNSET   731 PM CDT


-  INDICATES NEGATIVE NUMBERS.
R  INDICATES RECORD WAS SET OR TIED.
MM INDICATES DATA IS MISSING.
T  INDICATES TRACE AMOUNT.




$$
