000
CDUS43 KICT 210635
CLICNU


CLIMATE REPORT
NATIONAL WEATHER SERVICE WICHITA KS
135 AM CDT FRI JUL 21 2017


...................................

...THE CHANUTE KS CLIMATE SUMMARY FOR JULY 20 2017...

CLIMATE NORMAL PERIOD 1981 TO 2010
CLIMATE RECORD PERIOD 1894 TO 2017


WEATHER ITEM   OBSERVED TIME   RECORD YEAR NORMAL DEPARTURE LAST
                VALUE   (LST)  VALUE       VALUE  FROM      YEAR
                                                  NORMAL
..................................................................
TEMPERATURE (F)
 YESTERDAY
  MAXIMUM        100    352 PM 108    1934  90     10       94
  MINIMUM         76    337 AM  52    1971  70      6       76
  AVERAGE         88                        80      8       85

PRECIPITATION (IN)
  YESTERDAY        0.00          1.68 2000   0.14  -0.14     0.00
  MONTH TO DATE    1.29                      3.02  -1.73     1.56
  SINCE JUN 1      3.16                      9.05  -5.89     4.76
  SINCE JAN 1     24.24                     25.45  -1.21    16.55

DEGREE DAYS
 HEATING
  YESTERDAY        0                         0      0        0
  MONTH TO DATE    0                         0      0        0
  SINCE JUN 1      0                         6     -6        0
  SINCE JUL 1      0                         0      0        0

 COOLING
  YESTERDAY       23                        15      8       20
  MONTH TO DATE  317                       287     30      309
  SINCE JUN 1    626                       579     47      743
  SINCE JAN 1    793                       712     81      850
..................................................................


WIND (MPH)
  HIGHEST WIND SPEED    20   HIGHEST WIND DIRECTION     S (200)
  HIGHEST GUST SPEED    33   HIGHEST GUST DIRECTION     W (250)
  AVERAGE WIND SPEED    11.2


SKY COVER
  POSSIBLE SUNSHINE  MM
  AVERAGE SKY COVER 0.0


WEATHER CONDITIONS
 THE FOLLOWING WEATHER WAS RECORDED YESTERDAY.
  NO SIGNIFICANT WEATHER WAS OBSERVED.


RELATIVE HUMIDITY (PERCENT)
 HIGHEST    88           400 AM
 LOWEST     37           400 PM
 AVERAGE    63

..........................................................


THE CHANUTE KS CLIMATE NORMALS FOR TODAY
                         NORMAL    RECORD    YEAR
 MAXIMUM TEMPERATURE (F)   90       108      1939
 MINIMUM TEMPERATURE (F)   70        49      1970


SUNRISE AND SUNSET
JULY 21 2017..........SUNRISE   617 AM CDT   SUNSET   839 PM CDT
JULY 22 2017..........SUNRISE   618 AM CDT   SUNSET   839 PM CDT


-  INDICATES NEGATIVE NUMBERS.
R  INDICATES RECORD WAS SET OR TIED.
MM INDICATES DATA IS MISSING.
T  INDICATES TRACE AMOUNT.




$$
