041
CDUS43 KICT 020631
CLICNU


CLIMATE REPORT
NATIONAL WEATHER SERVICE WICHITA KS
1230 AM CST TUE JAN 2 2018


...................................

...THE CHANUTE KS CLIMATE SUMMARY FOR JANUARY 1 2018...

CLIMATE NORMAL PERIOD 1981 TO 2010
CLIMATE RECORD PERIOD 1894 TO 2018


WEATHER ITEM   OBSERVED TIME   RECORD YEAR NORMAL DEPARTURE LAST
                VALUE   (LST)  VALUE       VALUE  FROM      YEAR
                                                  NORMAL
..................................................................
TEMPERATURE (F)
 YESTERDAY
  MAXIMUM         16    350 PM  73    2006  42    -26       56
  MINIMUM         -3    814 AM  -8    1974  23    -26       26
  AVERAGE          7                        32    -25       41

PRECIPITATION (IN)
  YESTERDAY        0.00          0.89 1936   0.04  -0.04     0.00
  MONTH TO DATE    0.00                      0.04  -0.04     0.00
  SINCE DEC 1      0.24                      1.79  -1.55     0.78
  SINCE JAN 1      0.00                      0.04  -0.04     0.00

DEGREE DAYS
 HEATING
  YESTERDAY       58                        33     25       24
  MONTH TO DATE   58                        33     25       24
  SINCE DEC 1    920                       974    -54      966
  SINCE JUL 1   1621                      1826   -205     1444

 COOLING
  YESTERDAY        0                         0      0        0
  MONTH TO DATE    0                         0      0        0
  SINCE DEC 1      0                         0      0        0
  SINCE JAN 1      0                         0      0        0
..................................................................


WIND (MPH)
  HIGHEST WIND SPEED    14   HIGHEST WIND DIRECTION     N (360)
  HIGHEST GUST SPEED    18   HIGHEST GUST DIRECTION     N (350)
  AVERAGE WIND SPEED     7.3


SKY COVER
  POSSIBLE SUNSHINE  MM
  AVERAGE SKY COVER 0.0


WEATHER CONDITIONS
 THE FOLLOWING WEATHER WAS RECORDED YESTERDAY.
  NO SIGNIFICANT WEATHER WAS OBSERVED.


RELATIVE HUMIDITY (PERCENT)
 HIGHEST    72           200 AM
 LOWEST     36           300 PM
 AVERAGE    54

..........................................................


THE CHANUTE KS CLIMATE NORMALS FOR TODAY
                         NORMAL    RECORD    YEAR
 MAXIMUM TEMPERATURE (F)   42        71      1997
 MINIMUM TEMPERATURE (F)   23       -11      2001


SUNRISE AND SUNSET
JANUARY  2 2018.......SUNRISE   737 AM CST   SUNSET   515 PM CST
JANUARY  3 2018.......SUNRISE   737 AM CST   SUNSET   516 PM CST


-  INDICATES NEGATIVE NUMBERS.
R  INDICATES RECORD WAS SET OR TIED.
MM INDICATES DATA IS MISSING.
T  INDICATES TRACE AMOUNT.




$$
