000
CDUS43 KICT 110724
CLICNU


CLIMATE REPORT
NATIONAL WEATHER SERVICE WICHITA KS
121 AM CST TUE NOV 11 2014


...................................

...THE CHANUTE KS CLIMATE SUMMARY FOR NOVEMBER 10 2014...

CLIMATE NORMAL PERIOD 1981 TO 2010
CLIMATE RECORD PERIOD 1894 TO 2014


WEATHER ITEM   OBSERVED TIME   RECORD YEAR NORMAL DEPARTURE LAST
                VALUE   (LST)  VALUE       VALUE  FROM      YEAR
                                                  NORMAL
..................................................................
TEMPERATURE (F)
 YESTERDAY
  MAXIMUM         74    409 PM  78    1911  60     14       63
  MINIMUM         36   1159 PM  15    1950  39     -3       38
  AVERAGE         55                        49      6       51

PRECIPITATION (IN)
  YESTERDAY        0.00          1.05 2004   0.09  -0.09     0.00
  MONTH TO DATE    1.15                      0.89   0.26     1.11
  SINCE SEP 1      8.83                      8.22   0.61    11.25
  SINCE JAN 1     29.31                     38.71  -9.40    46.87

DEGREE DAYS
 HEATING
  YESTERDAY       10                        16     -6       14
  MONTH TO DATE  120                       141    -21      138
  SINCE SEP 1    329                       428    -99      425
  SINCE JUL 1    330                       429    -99      425

 COOLING
  YESTERDAY        0                         0      0        0
  MONTH TO DATE    0                         0      0        0
  SINCE SEP 1    224                       225     -1      293
  SINCE JAN 1   1512                      1529    -17     1560
..................................................................


WIND (MPH)
  HIGHEST WIND SPEED    32   HIGHEST WIND DIRECTION     S (190)
  HIGHEST GUST SPEED    44   HIGHEST GUST DIRECTION     S (190)
  AVERAGE WIND SPEED    17.5


SKY COVER
  POSSIBLE SUNSHINE  MM
  AVERAGE SKY COVER 0.2


WEATHER CONDITIONS
 THE FOLLOWING WEATHER WAS RECORDED YESTERDAY.
  NO SIGNIFICANT WEATHER WAS OBSERVED.


RELATIVE HUMIDITY (PERCENT)
 HIGHEST    76          1100 PM
 LOWEST     38           400 PM
 AVERAGE    57

..........................................................


THE CHANUTE KS CLIMATE NORMALS FOR TODAY
                         NORMAL    RECORD    YEAR
 MAXIMUM TEMPERATURE (F)   59        82      1989
 MINIMUM TEMPERATURE (F)   38        14      1911


SUNRISE AND SUNSET
NOVEMBER 11 2014......SUNRISE   658 AM CST   SUNSET   514 PM CST
NOVEMBER 12 2014......SUNRISE   659 AM CST   SUNSET   513 PM CST


-  INDICATES NEGATIVE NUMBERS.
R  INDICATES RECORD WAS SET OR TIED.
MM INDICATES DATA IS MISSING.
T  INDICATES TRACE AMOUNT.




$$
