000
CDUS43 KICT 060628
CLICNU


CLIMATE REPORT
NATIONAL WEATHER SERVICE WICHITA KS
1227 AM CST FRI JAN 6 2017


...................................

...THE CHANUTE KS CLIMATE SUMMARY FOR JANUARY 5 2017...

CLIMATE NORMAL PERIOD 1981 TO 2010
CLIMATE RECORD PERIOD 1894 TO 2017


WEATHER ITEM   OBSERVED TIME   RECORD YEAR NORMAL DEPARTURE LAST
                VALUE   (LST)  VALUE       VALUE  FROM      YEAR
                                                  NORMAL
..................................................................
TEMPERATURE (F)
 YESTERDAY
  MAXIMUM         22    200 PM  66    2012  42    -20       39
                                      2008
  MINIMUM         11   1159 PM -11    1959  23    -12       20
  AVERAGE         17                        32    -15       30

PRECIPITATION (IN)
  YESTERDAY        T             1.18 2005   0.04  -0.04     0.00
  MONTH TO DATE    0.01                      0.20  -0.19     0.00
  SINCE DEC 1      0.79                      1.95  -1.16     3.55
  SINCE JAN 1      0.01                      0.20  -0.19     0.00

DEGREE DAYS
 HEATING
  YESTERDAY       48                        33     15       35
  MONTH TO DATE  156                       165     -9      169
  SINCE DEC 1   1098                      1106     -8      881
  SINCE JUL 1   1576                      1958   -382     1524

 COOLING
  YESTERDAY        0                         0      0        0
  MONTH TO DATE    0                         0      0        0
  SINCE DEC 1      0                         0      0        0
  SINCE JAN 1      0                         0      0        0
..................................................................


WIND (MPH)
  HIGHEST WIND SPEED    21   HIGHEST WIND DIRECTION     N (360)
  HIGHEST GUST SPEED    27   HIGHEST GUST DIRECTION     N (20)
  AVERAGE WIND SPEED    11.8


SKY COVER
  POSSIBLE SUNSHINE  MM
  AVERAGE SKY COVER 0.6


WEATHER CONDITIONS
 THE FOLLOWING WEATHER WAS RECORDED YESTERDAY.
  LIGHT SNOW
  FOG


RELATIVE HUMIDITY (PERCENT)
 HIGHEST    80           300 AM
 LOWEST     49           400 PM
 AVERAGE    65

..........................................................


THE CHANUTE KS CLIMATE NORMALS FOR TODAY
                         NORMAL    RECORD    YEAR
 MAXIMUM TEMPERATURE (F)   42        72      2008
 MINIMUM TEMPERATURE (F)   23       -10      2014
                                             1912


SUNRISE AND SUNSET
JANUARY  6 2017.......SUNRISE   737 AM CST   SUNSET   519 PM CST
JANUARY  7 2017.......SUNRISE   737 AM CST   SUNSET   520 PM CST


-  INDICATES NEGATIVE NUMBERS.
R  INDICATES RECORD WAS SET OR TIED.
MM INDICATES DATA IS MISSING.
T  INDICATES TRACE AMOUNT.




$$
