000
CDUS43 KICT 190707
CLICNU


CLIMATE REPORT
NATIONAL WEATHER SERVICE WICHITA KS
206 AM CDT FRI JUN 19 2015


...................................

...THE CHANUTE KS CLIMATE SUMMARY FOR JUNE 18 2015...

CLIMATE NORMAL PERIOD 1981 TO 2010
CLIMATE RECORD PERIOD 1894 TO 2015


WEATHER ITEM   OBSERVED TIME   RECORD YEAR NORMAL DEPARTURE LAST
                VALUE   (LST)  VALUE       VALUE  FROM      YEAR
                                                  NORMAL
..................................................................
TEMPERATURE (F)
 YESTERDAY
  MAXIMUM         80    411 PM 104    1918  85     -5       87
  MINIMUM         71    723 AM  52    2000  66      5       74
  AVERAGE         76                        75      1       81

PRECIPITATION (IN)
  YESTERDAY        0.09          2.01 1993   0.18  -0.09     0.00
  MONTH TO DATE    2.21                      3.94  -1.73     6.21
  SINCE JUN 1      2.21                      3.94  -1.73     6.21
  SINCE JAN 1     20.18                     20.34  -0.16    15.67

DEGREE DAYS
 HEATING
  YESTERDAY        0                         0      0        0
  MONTH TO DATE    0                         4     -4        0
  SINCE JUN 1      0                         4     -4        0
  SINCE JUL 1   4455                      4481    -26     5090

 COOLING
  YESTERDAY       11                        11      0       16
  MONTH TO DATE  216                       149     67      148
  SINCE JUN 1    216                       149     67      148
  SINCE JAN 1    325                       282     43      340
..................................................................


WIND (MPH)
  HIGHEST WIND SPEED    14   HIGHEST WIND DIRECTION    NE (60)
  HIGHEST GUST SPEED    20   HIGHEST GUST DIRECTION     E (70)
  AVERAGE WIND SPEED     7.1


SKY COVER
  POSSIBLE SUNSHINE  MM
  AVERAGE SKY COVER 0.2


WEATHER CONDITIONS
 THE FOLLOWING WEATHER WAS RECORDED YESTERDAY.
  LIGHT RAIN
  FOG


RELATIVE HUMIDITY (PERCENT)
 HIGHEST    93           200 AM
 LOWEST     74           400 PM
 AVERAGE    84

..........................................................


THE CHANUTE KS CLIMATE NORMALS FOR TODAY
                         NORMAL    RECORD    YEAR
 MAXIMUM TEMPERATURE (F)   86       105      1918
 MINIMUM TEMPERATURE (F)   66        49      1912


SUNRISE AND SUNSET
JUNE 19 2015..........SUNRISE   600 AM CDT   SUNSET   846 PM CDT
JUNE 20 2015..........SUNRISE   600 AM CDT   SUNSET   847 PM CDT


-  INDICATES NEGATIVE NUMBERS.
R  INDICATES RECORD WAS SET OR TIED.
MM INDICATES DATA IS MISSING.
T  INDICATES TRACE AMOUNT.




$$
