000
CDUS43 KICT 310643
CLICNU


CLIMATE REPORT
NATIONAL WEATHER SERVICE WICHITA KS
143 AM CDT FRI MAR 31 2017


...................................

...THE CHANUTE KS CLIMATE SUMMARY FOR MARCH 30 2017...

CLIMATE NORMAL PERIOD 1981 TO 2010
CLIMATE RECORD PERIOD 1894 TO 2017


WEATHER ITEM   OBSERVED TIME   RECORD YEAR NORMAL DEPARTURE LAST
                VALUE   (LST)  VALUE       VALUE  FROM      YEAR
                                                  NORMAL
..................................................................
TEMPERATURE (F)
 YESTERDAY
  MAXIMUM         52   1029 AM  83    1968  63    -11       73
  MINIMUM         45    824 AM  16    1964  40      5       57
  AVERAGE         49                        52     -3       65

PRECIPITATION (IN)
  YESTERDAY        0.15          1.43 1989   0.12   0.03     0.10
  MONTH TO DATE    2.02                      2.93  -0.91     1.41
  SINCE MAR 1      2.02                      2.93  -0.91     1.41
  SINCE JAN 1      4.17                      6.09  -1.92     2.49

DEGREE DAYS
 HEATING
  YESTERDAY       16                        14      2        0
  MONTH TO DATE  396                       546   -150      377
  SINCE MAR 1    396                       546   -150      377
  SINCE JUL 1   3164                      4118   -954     3342

 COOLING
  YESTERDAY        0                         0      0        0
  MONTH TO DATE   17                         0     17        0
  SINCE MAR 1     17                         0     17        0
  SINCE JAN 1     20                         0     20        0
..................................................................


WIND (MPH)
  HIGHEST WIND SPEED    23   HIGHEST WIND DIRECTION    NW (300)
  HIGHEST GUST SPEED    28   HIGHEST GUST DIRECTION     W (290)
  AVERAGE WIND SPEED    13.5


SKY COVER
  POSSIBLE SUNSHINE  MM
  AVERAGE SKY COVER 1.0


WEATHER CONDITIONS
 THE FOLLOWING WEATHER WAS RECORDED YESTERDAY.
  HEAVY RAIN
  RAIN
  LIGHT RAIN
  FOG


RELATIVE HUMIDITY (PERCENT)
 HIGHEST    93           300 AM
 LOWEST     86          1200 AM
 AVERAGE    90

..........................................................


THE CHANUTE KS CLIMATE NORMALS FOR TODAY
                         NORMAL    RECORD    YEAR
 MAXIMUM TEMPERATURE (F)   63        90      1940
 MINIMUM TEMPERATURE (F)   41        20      1923


SUNRISE AND SUNSET
MARCH 31 2017.........SUNRISE   708 AM CDT   SUNSET   744 PM CDT
APRIL  1 2017.........SUNRISE   707 AM CDT   SUNSET   745 PM CDT


-  INDICATES NEGATIVE NUMBERS.
R  INDICATES RECORD WAS SET OR TIED.
MM INDICATES DATA IS MISSING.
T  INDICATES TRACE AMOUNT.




$$
