000
CDUS43 KICT 280641
CLICNU


CLIMATE REPORT
NATIONAL WEATHER SERVICE WICHITA KS
141 AM CDT SAT OCT 28 2017


...................................

...THE CHANUTE KS CLIMATE SUMMARY FOR OCTOBER 27 2017...

CLIMATE NORMAL PERIOD 1981 TO 2010
CLIMATE RECORD PERIOD 1894 TO 2017


WEATHER ITEM   OBSERVED TIME   RECORD YEAR NORMAL DEPARTURE LAST
                VALUE   (LST)  VALUE       VALUE  FROM      YEAR
                                                  NORMAL
..................................................................
TEMPERATURE (F)
 YESTERDAY
  MAXIMUM         48    316 PM  87    1927  66    -18       70
  MINIMUM         33   1159 PM  24    1957  44    -11       50
  AVERAGE         41                        55    -14       60

PRECIPITATION (IN)
  YESTERDAY        0.00          2.23 1919   0.09  -0.09     0.00
  MONTH TO DATE    5.03                      3.27   1.76     3.51
  SINCE SEP 1      8.62                      6.94   1.68    10.42
  SINCE JAN 1     45.26                     37.43   7.83    35.65

DEGREE DAYS
 HEATING
  YESTERDAY       24                        11     13        5
  MONTH TO DATE  124                       195    -71       84
  SINCE SEP 1    131                       241   -110       95
  SINCE JUL 1    131                       242   -111       95

 COOLING
  YESTERDAY        0                         0      0        0
  MONTH TO DATE   79                        31     48       67
  SINCE SEP 1    309                       224     85      328
  SINCE JAN 1   1616                      1528     88     1809
..................................................................


WIND (MPH)
  HIGHEST WIND SPEED    26   HIGHEST WIND DIRECTION     N (350)
  HIGHEST GUST SPEED    36   HIGHEST GUST DIRECTION     N (350)
  AVERAGE WIND SPEED    12.6


SKY COVER
  POSSIBLE SUNSHINE  MM
  AVERAGE SKY COVER 0.3


WEATHER CONDITIONS
 THE FOLLOWING WEATHER WAS RECORDED YESTERDAY.
  NO SIGNIFICANT WEATHER WAS OBSERVED.


RELATIVE HUMIDITY (PERCENT)
 HIGHEST    70           900 PM
 LOWEST     38           400 PM
 AVERAGE    54

..........................................................


THE CHANUTE KS CLIMATE NORMALS FOR TODAY
                         NORMAL    RECORD    YEAR
 MAXIMUM TEMPERATURE (F)   65        85      1927
 MINIMUM TEMPERATURE (F)   44        19      1925


SUNRISE AND SUNSET
OCTOBER 28 2017.......SUNRISE   743 AM CDT   SUNSET   628 PM CDT
OCTOBER 29 2017.......SUNRISE   744 AM CDT   SUNSET   626 PM CDT


-  INDICATES NEGATIVE NUMBERS.
R  INDICATES RECORD WAS SET OR TIED.
MM INDICATES DATA IS MISSING.
T  INDICATES TRACE AMOUNT.




$$
