000
CDUS43 KICT 040622
CLICNU


CLIMATE REPORT
NATIONAL WEATHER SERVICE WICHITA KS
122 AM CDT THU SEP 4 2014


...................................

...THE CHANUTE KS CLIMATE SUMMARY FOR SEPTEMBER 3 2014...

CLIMATE NORMAL PERIOD 1981 TO 2010
CLIMATE RECORD PERIOD 1894 TO 2014


WEATHER ITEM   OBSERVED TIME   RECORD YEAR NORMAL DEPARTURE LAST
                VALUE   (LST)  VALUE       VALUE  FROM      YEAR
                                                  NORMAL
..................................................................
TEMPERATURE (F)
 YESTERDAY
  MAXIMUM         92    258 PM 106    1947  86      6       88
  MINIMUM         72    929 AM  45    1974  64      8       54
  AVERAGE         82                        75      7       71

PRECIPITATION (IN)
  YESTERDAY        0.01          3.47 1961   0.10  -0.09     0.00
  MONTH TO DATE    0.13                      0.32  -0.19     0.00
  SINCE SEP 1      0.13                      0.32  -0.19     0.00
  SINCE JAN 1     20.61                     30.81 -10.20    35.62

DEGREE DAYS
 HEATING
  YESTERDAY        0                         0      0        0
  MONTH TO DATE    0                         0      0        0
  SINCE SEP 1      0                         0      0        0
  SINCE JUL 1      1                         1      0        0

 COOLING
  YESTERDAY       17                        10      7        6
  MONTH TO DATE   39                        32      7       29
  SINCE SEP 1     39                        32      7       29
  SINCE JAN 1   1327                      1336     -9     1296
..................................................................


WIND (MPH)
  HIGHEST WIND SPEED    24   HIGHEST WIND DIRECTION     S (180)
  HIGHEST GUST SPEED    31   HIGHEST GUST DIRECTION     S (180)
  AVERAGE WIND SPEED    14.2


SKY COVER
  POSSIBLE SUNSHINE  MM
  AVERAGE SKY COVER 0.3


WEATHER CONDITIONS
 THE FOLLOWING WEATHER WAS RECORDED YESTERDAY.
  THUNDERSTORM
  LIGHT RAIN


RELATIVE HUMIDITY (PERCENT)
 HIGHEST    90           600 AM
 LOWEST     52           400 PM
 AVERAGE    71

..........................................................


THE CHANUTE KS CLIMATE NORMALS FOR TODAY
                         NORMAL    RECORD    YEAR
 MAXIMUM TEMPERATURE (F)   86       102      1978
 MINIMUM TEMPERATURE (F)   64        42      1974


SUNRISE AND SUNSET
SEPTEMBER  4 2014.....SUNRISE   655 AM CDT   SUNSET   747 PM CDT
SEPTEMBER  5 2014.....SUNRISE   655 AM CDT   SUNSET   745 PM CDT


-  INDICATES NEGATIVE NUMBERS.
R  INDICATES RECORD WAS SET OR TIED.
MM INDICATES DATA IS MISSING.
T  INDICATES TRACE AMOUNT.




$$
