829
CDUS43 KICT 030649
CLICNU


CLIMATE REPORT
NATIONAL WEATHER SERVICE WICHITA KS
1248 AM CST TUE JAN 3 2017


...................................

...THE CHANUTE KS CLIMATE SUMMARY FOR JANUARY 2 2017...

CLIMATE NORMAL PERIOD 1981 TO 2010
CLIMATE RECORD PERIOD 1894 TO 2017


WEATHER ITEM   OBSERVED TIME   RECORD YEAR NORMAL DEPARTURE LAST
                VALUE   (LST)  VALUE       VALUE  FROM      YEAR
                                                  NORMAL
..................................................................
TEMPERATURE (F)
 YESTERDAY
  MAXIMUM         57    417 PM  71    1997  42     15       46
  MINIMUM         48    501 AM -11    2001  23     25       24
  AVERAGE         53                        32     21       35

PRECIPITATION (IN)
  YESTERDAY        0.01          0.96 1951   0.04  -0.03     0.00
  MONTH TO DATE    0.01                      0.08  -0.07     0.00
  SINCE DEC 1      0.79                      1.83  -1.04     3.55
  SINCE JAN 1      0.01                      0.08  -0.07     0.00

DEGREE DAYS
 HEATING
  YESTERDAY       12                        33    -21       30
  MONTH TO DATE   36                        66    -30       63
  SINCE DEC 1    978                      1007    -29      775
  SINCE JUL 1   1456                      1859   -403     1418

 COOLING
  YESTERDAY        0                         0      0        0
  MONTH TO DATE    0                         0      0        0
  SINCE DEC 1      0                         0      0        0
  SINCE JAN 1      0                         0      0        0
..................................................................


WIND (MPH)
  HIGHEST WIND SPEED    15   HIGHEST WIND DIRECTION    SE (130)
  HIGHEST GUST SPEED    18   HIGHEST GUST DIRECTION    SE (130)
  AVERAGE WIND SPEED     6.6


SKY COVER
  POSSIBLE SUNSHINE  MM
  AVERAGE SKY COVER 1.0


WEATHER CONDITIONS
 THE FOLLOWING WEATHER WAS RECORDED YESTERDAY.
  LIGHT RAIN
  FOG
  FOG W/VISIBILITY <= 1/4 MILE


RELATIVE HUMIDITY (PERCENT)
 HIGHEST   100           600 AM
 LOWEST     71          1200 AM
 AVERAGE    86

..........................................................


THE CHANUTE KS CLIMATE NORMALS FOR TODAY
                         NORMAL    RECORD    YEAR
 MAXIMUM TEMPERATURE (F)   42        71      1997
 MINIMUM TEMPERATURE (F)   23       -11      1928


SUNRISE AND SUNSET
JANUARY  3 2017.......SUNRISE   737 AM CST   SUNSET   516 PM CST
JANUARY  4 2017.......SUNRISE   737 AM CST   SUNSET   517 PM CST


-  INDICATES NEGATIVE NUMBERS.
R  INDICATES RECORD WAS SET OR TIED.
MM INDICATES DATA IS MISSING.
T  INDICATES TRACE AMOUNT.




$$
