000
CDUS43 KICT 260719
CLICNU


CLIMATE REPORT
NATIONAL WEATHER SERVICE WICHITA KS
218 AM CDT TUE SEP 26 2017


...................................

...THE CHANUTE KS CLIMATE SUMMARY FOR SEPTEMBER 25 2017...

CLIMATE NORMAL PERIOD 1981 TO 2010
CLIMATE RECORD PERIOD 1894 TO 2017


WEATHER ITEM   OBSERVED TIME   RECORD YEAR NORMAL DEPARTURE LAST
                VALUE   (LST)  VALUE       VALUE  FROM      YEAR
                                                  NORMAL
..................................................................
TEMPERATURE (F)
 YESTERDAY
  MAXIMUM         87    117 PM  95    1939  77     10       72
  MINIMUM         67    620 AM  37    1989  55     12       61
  AVERAGE         77                        66     11       67

PRECIPITATION (IN)
  YESTERDAY        0.01          2.28 2012   0.14  -0.13     0.78
  MONTH TO DATE    2.57                      2.98  -0.41     6.91
  SINCE SEP 1      2.57                      2.98  -0.41     6.91
  SINCE JAN 1     39.21                     33.47   5.74    32.14

DEGREE DAYS
 HEATING
  YESTERDAY        0                         3     -3        0
  MONTH TO DATE    3                        28    -25        0
  SINCE SEP 1      3                        28    -25        0
  SINCE JUL 1      3                        29    -26        0

 COOLING
  YESTERDAY       12                         4      8        2
  MONTH TO DATE  225                       179     46      260
  SINCE SEP 1    225                       179     46      260
  SINCE JAN 1   1532                      1483     49     1741
..................................................................


WIND (MPH)
  HIGHEST WIND SPEED    18   HIGHEST WIND DIRECTION     S (160)
  HIGHEST GUST SPEED    22   HIGHEST GUST DIRECTION     W (290)
  AVERAGE WIND SPEED     9.2


SKY COVER
  POSSIBLE SUNSHINE  MM
  AVERAGE SKY COVER 0.2


WEATHER CONDITIONS
 THE FOLLOWING WEATHER WAS RECORDED YESTERDAY.
  LIGHT RAIN


RELATIVE HUMIDITY (PERCENT)
 HIGHEST    90           200 AM
 LOWEST     51           100 PM
 AVERAGE    71

..........................................................


THE CHANUTE KS CLIMATE NORMALS FOR TODAY
                         NORMAL    RECORD    YEAR
 MAXIMUM TEMPERATURE (F)   76        94      1938
 MINIMUM TEMPERATURE (F)   54        32      1912


SUNRISE AND SUNSET
SEPTEMBER 26 2017.....SUNRISE   713 AM CDT   SUNSET   712 PM CDT
SEPTEMBER 27 2017.....SUNRISE   714 AM CDT   SUNSET   711 PM CDT


-  INDICATES NEGATIVE NUMBERS.
R  INDICATES RECORD WAS SET OR TIED.
MM INDICATES DATA IS MISSING.
T  INDICATES TRACE AMOUNT.




$$
