000
CDUS43 KICT 210626
CLICNU

CLIMATE REPORT
NATIONAL WEATHER SERVICE WICHITA KS
125 AM CDT SUN JUN 21 2015


...................................

...THE CHANUTE KS CLIMATE SUMMARY FOR JUNE 20 2015...

CLIMATE NORMAL PERIOD 1981 TO 2010
CLIMATE RECORD PERIOD 1894 TO 2015


WEATHER ITEM   OBSERVED TIME   RECORD YEAR NORMAL DEPARTURE LAST
                VALUE   (LST)  VALUE       VALUE  FROM      YEAR
                                                  NORMAL
..................................................................
TEMPERATURE (F)
 YESTERDAY
  MAXIMUM         92    358 PM 108    1918  86      6       90
  MINIMUM         69    414 AM  50    1976  66      3       70
  AVERAGE         81                        76      5       80

PRECIPITATION (IN)
  YESTERDAY        0.00          1.79 1978   0.18  -0.18     0.00
  MONTH TO DATE    2.21                      4.30  -2.09     6.21
  SINCE JUN 1      2.21                      4.30  -2.09     6.21
  SINCE JAN 1     20.18                     20.70  -0.52    15.67

DEGREE DAYS
 HEATING
  YESTERDAY        0                         0      0        0
  MONTH TO DATE    0                         4     -4        0
  SINCE JUN 1      0                         4     -4        0
  SINCE JUL 1   4455                      4481    -26     5090

 COOLING
  YESTERDAY       16                        11      5       15
  MONTH TO DATE  244                       171     73      177
  SINCE JUN 1    244                       171     73      177
  SINCE JAN 1    353                       304     49      369
..................................................................


WIND (MPH)
  HIGHEST WIND SPEED    24   HIGHEST WIND DIRECTION    SW (210)
  HIGHEST GUST SPEED    32   HIGHEST GUST DIRECTION     S (190)
  AVERAGE WIND SPEED    12.3


SKY COVER
  POSSIBLE SUNSHINE  MM
  AVERAGE SKY COVER 0.0


WEATHER CONDITIONS
 THE FOLLOWING WEATHER WAS RECORDED YESTERDAY.
  NO SIGNIFICANT WEATHER WAS OBSERVED.


RELATIVE HUMIDITY (PERCENT)
 HIGHEST    90          1200 AM
 LOWEST     52           400 PM
 AVERAGE    71

..........................................................


THE CHANUTE KS CLIMATE NORMALS FOR TODAY
                         NORMAL    RECORD    YEAR
 MAXIMUM TEMPERATURE (F)   86       105      1936
 MINIMUM TEMPERATURE (F)   66        52      1961


SUNRISE AND SUNSET
JUNE 21 2015..........SUNRISE   601 AM CDT   SUNSET   847 PM CDT
JUNE 22 2015..........SUNRISE   601 AM CDT   SUNSET   847 PM CDT


-  INDICATES NEGATIVE NUMBERS.
R  INDICATES RECORD WAS SET OR TIED.
MM INDICATES DATA IS MISSING.
T  INDICATES TRACE AMOUNT.




$$
