000
CDUS43 KICT 100620
CLICNU

CLIMATE REPORT
NATIONAL WEATHER SERVICE WICHITA KS
119 AM CDT THU JUL 10 2014


...................................

...THE CHANUTE KS CLIMATE SUMMARY FOR JULY 9 2014...

CLIMATE NORMAL PERIOD 1981 TO 2010
CLIMATE RECORD PERIOD 1894 TO 2014


WEATHER ITEM   OBSERVED TIME   RECORD YEAR NORMAL DEPARTURE LAST
                VALUE   (LST)  VALUE       VALUE  FROM      YEAR
                                                  NORMAL
..................................................................
TEMPERATURE (F)
 YESTERDAY
  MAXIMUM         88    323 PM 107    1980  89     -1      100
  MINIMUM         62    551 AM  55    1947  69     -7       76
  AVERAGE         75                        79     -4       88

PRECIPITATION (IN)
  YESTERDAY        0.00          2.04 1909   0.16  -0.16     0.00
  MONTH TO DATE    0.67                      1.42  -0.75      T
  SINCE JUN 1      8.72                      7.45   1.27     4.12
  SINCE JAN 1     18.18                     23.85  -5.67    22.68

DEGREE DAYS
 HEATING
  YESTERDAY        0                         0      0        0
  MONTH TO DATE    0                         0      0        0
  SINCE JUN 1      0                         6     -6       10
  SINCE JUL 1      0                         0      0        0

 COOLING
  YESTERDAY       10                        14     -4       23
  MONTH TO DATE   89                       124    -35      105
  SINCE JUN 1    387                       416    -29      419
  SINCE JAN 1    579                       549     30      542
..................................................................


WIND (MPH)
  HIGHEST WIND SPEED     9   HIGHEST WIND DIRECTION    SE (120)
  HIGHEST GUST SPEED    14   HIGHEST GUST DIRECTION     E (90)
  AVERAGE WIND SPEED     3.2


SKY COVER
  POSSIBLE SUNSHINE  MM
  AVERAGE SKY COVER 0.0


WEATHER CONDITIONS
 THE FOLLOWING WEATHER WAS RECORDED YESTERDAY.
  NO SIGNIFICANT WEATHER WAS OBSERVED.


RELATIVE HUMIDITY (PERCENT)
 HIGHEST    93           200 AM
 LOWEST     34          1100 AM
 AVERAGE    64

..........................................................


THE CHANUTE KS CLIMATE NORMALS FOR TODAY
                         NORMAL    RECORD    YEAR
 MAXIMUM TEMPERATURE (F)   90       109      1980
 MINIMUM TEMPERATURE (F)   69        56      1961


SUNRISE AND SUNSET
JULY 10 2014..........SUNRISE   609 AM CDT   SUNSET   845 PM CDT
JULY 11 2014..........SUNRISE   610 AM CDT   SUNSET   845 PM CDT


-  INDICATES NEGATIVE NUMBERS.
R  INDICATES RECORD WAS SET OR TIED.
MM INDICATES DATA IS MISSING.
T  INDICATES TRACE AMOUNT.




$$
