000
CDUS43 KICT 190630
CLICNU


CLIMATE REPORT
NATIONAL WEATHER SERVICE WICHITA KS
130 AM CDT SUN JUL 19 2015


...................................

...THE CHANUTE KS CLIMATE SUMMARY FOR JULY 18 2015...

CLIMATE NORMAL PERIOD 1981 TO 2010
CLIMATE RECORD PERIOD 1894 TO 2015


WEATHER ITEM   OBSERVED TIME   RECORD YEAR NORMAL DEPARTURE LAST
                VALUE   (LST)  VALUE       VALUE  FROM      YEAR
                                                  NORMAL
..................................................................
TEMPERATURE (F)
 YESTERDAY
  MAXIMUM         94    353 PM 116    1936  90      4       79
  MINIMUM         77    533 AM  53    2009  70      7       60
  AVERAGE         86                        80      6       70

PRECIPITATION (IN)
  YESTERDAY        0.00          4.75 1921   0.15  -0.15     0.00
  MONTH TO DATE    4.19                      2.74   1.45     0.86
  SINCE JUN 1      6.56                      8.77  -2.21     8.91
  SINCE JAN 1     24.53                     25.17  -0.64    18.37

DEGREE DAYS
 HEATING
  YESTERDAY        0                         0      0        0
  MONTH TO DATE    0                         0      0        1
  SINCE JUN 1      0                         6     -6        1
  SINCE JUL 1      0                         0      0        1

 COOLING
  YESTERDAY       21                        15      6        5
  MONTH TO DATE  258                       257      1      166
  SINCE JUN 1    649                       549    100      464
  SINCE JAN 1    758                       682     76      656
..................................................................


WIND (MPH)
  HIGHEST WIND SPEED    23   HIGHEST WIND DIRECTION     S (190)
  HIGHEST GUST SPEED    30   HIGHEST GUST DIRECTION     S (180)
  AVERAGE WIND SPEED    14.0


SKY COVER
  POSSIBLE SUNSHINE  MM
  AVERAGE SKY COVER 0.0


WEATHER CONDITIONS
 THE FOLLOWING WEATHER WAS RECORDED YESTERDAY.
  NO SIGNIFICANT WEATHER WAS OBSERVED.


RELATIVE HUMIDITY (PERCENT)
 HIGHEST    85          1000 PM
 LOWEST     52           200 PM
 AVERAGE    69

..........................................................


THE CHANUTE KS CLIMATE NORMALS FOR TODAY
                         NORMAL    RECORD    YEAR
 MAXIMUM TEMPERATURE (F)   90       110      1936
 MINIMUM TEMPERATURE (F)   70        53      2009


SUNRISE AND SUNSET
JULY 19 2015..........SUNRISE   615 AM CDT   SUNSET   841 PM CDT
JULY 20 2015..........SUNRISE   616 AM CDT   SUNSET   840 PM CDT


-  INDICATES NEGATIVE NUMBERS.
R  INDICATES RECORD WAS SET OR TIED.
MM INDICATES DATA IS MISSING.
T  INDICATES TRACE AMOUNT.




$$
