189
CDUS43 KICT 030630
CLICNU


CLIMATE REPORT
NATIONAL WEATHER SERVICE WICHITA KS
1230 AM CST WED JAN 3 2018


...................................

...THE CHANUTE KS CLIMATE SUMMARY FOR JANUARY 2 2018...

CLIMATE NORMAL PERIOD 1981 TO 2010
CLIMATE RECORD PERIOD 1894 TO 2018


WEATHER ITEM   OBSERVED TIME   RECORD YEAR NORMAL DEPARTURE LAST
                VALUE   (LST)  VALUE       VALUE  FROM      YEAR
                                                  NORMAL
..................................................................
TEMPERATURE (F)
 YESTERDAY
  MAXIMUM         21    338 PM  71    1997  42    -21       57
  MINIMUM          3    744 AM -11    2001  23    -20       48
  AVERAGE         12                        32    -20       53

PRECIPITATION (IN)
  YESTERDAY        0.00          0.96 1951   0.04  -0.04     0.01
  MONTH TO DATE    0.00                      0.08  -0.08     0.01
  SINCE DEC 1      0.24                      1.83  -1.59     0.79
  SINCE JAN 1      0.00                      0.08  -0.08     0.01

DEGREE DAYS
 HEATING
  YESTERDAY       53                        33     20       12
  MONTH TO DATE  111                        66     45       36
  SINCE DEC 1    973                      1007    -34      978
  SINCE JUL 1   1674                      1859   -185     1456

 COOLING
  YESTERDAY        0                         0      0        0
  MONTH TO DATE    0                         0      0        0
  SINCE DEC 1      0                         0      0        0
  SINCE JAN 1      0                         0      0        0
..................................................................


WIND (MPH)
  HIGHEST WIND SPEED    13   HIGHEST WIND DIRECTION    SW (230)
  HIGHEST GUST SPEED    17   HIGHEST GUST DIRECTION    SW (220)
  AVERAGE WIND SPEED     5.8


SKY COVER
  POSSIBLE SUNSHINE  MM
  AVERAGE SKY COVER 0.0


WEATHER CONDITIONS
 THE FOLLOWING WEATHER WAS RECORDED YESTERDAY.
  NO SIGNIFICANT WEATHER WAS OBSERVED.


RELATIVE HUMIDITY (PERCENT)
 HIGHEST    68           700 AM
 LOWEST     36           100 PM
 AVERAGE    52

..........................................................


THE CHANUTE KS CLIMATE NORMALS FOR TODAY
                         NORMAL    RECORD    YEAR
 MAXIMUM TEMPERATURE (F)   42        71      1997
 MINIMUM TEMPERATURE (F)   23       -11      1928


SUNRISE AND SUNSET
JANUARY  3 2018.......SUNRISE   737 AM CST   SUNSET   516 PM CST
JANUARY  4 2018.......SUNRISE   737 AM CST   SUNSET   517 PM CST


-  INDICATES NEGATIVE NUMBERS.
R  INDICATES RECORD WAS SET OR TIED.
MM INDICATES DATA IS MISSING.
T  INDICATES TRACE AMOUNT.




$$
