000
CDUS43 KICT 070654
CLICNU


CLIMATE REPORT
NATIONAL WEATHER SERVICE WICHITA KS
1246 AM CST MON NOV 7 2016


...................................

...THE CHANUTE KS CLIMATE SUMMARY FOR NOVEMBER 6 2016...

CLIMATE NORMAL PERIOD 1981 TO 2010
CLIMATE RECORD PERIOD 1894 TO 2016


WEATHER ITEM   OBSERVED TIME   RECORD YEAR NORMAL DEPARTURE LAST
                VALUE   (LST)  VALUE       VALUE  FROM      YEAR
                                                  NORMAL
..................................................................
TEMPERATURE (F)
 YESTERDAY
  MAXIMUM         68    225 PM  89    1915  62      6       65
  MINIMUM         43    541 AM  14    1959  40      3       36
  AVERAGE         56                        51      5       51

PRECIPITATION (IN)
  YESTERDAY        0.00          2.84 1925   0.09  -0.09     0.00
  MONTH TO DATE    T                         0.52  -0.52      T
  SINCE SEP 1     10.42                      7.85   2.57     2.89
  SINCE JAN 1     35.65                     38.34  -2.69    34.20

DEGREE DAYS
 HEATING
  YESTERDAY        9                        14     -5       14
  MONTH TO DATE   26                        79    -53       44
  SINCE SEP 1    124                       366   -242      224
  SINCE JUL 1    124                       367   -243      224

 COOLING
  YESTERDAY        0                         0      0        0
  MONTH TO DATE   15                         0     15        0
  SINCE SEP 1    360                       225    135      293
  SINCE JAN 1   1841                      1529    312     1612
..................................................................


WIND (MPH)
  HIGHEST WIND SPEED    13   HIGHEST WIND DIRECTION    SE (130)
  HIGHEST GUST SPEED    16   HIGHEST GUST DIRECTION    SE (140)
  AVERAGE WIND SPEED     6.8


SKY COVER
  POSSIBLE SUNSHINE  MM
  AVERAGE SKY COVER 0.0


WEATHER CONDITIONS
 THE FOLLOWING WEATHER WAS RECORDED YESTERDAY.
  NO SIGNIFICANT WEATHER WAS OBSERVED.


RELATIVE HUMIDITY (PERCENT)
 HIGHEST    89           200 AM
 LOWEST     42           200 PM
 AVERAGE    66

..........................................................


THE CHANUTE KS CLIMATE NORMALS FOR TODAY
                         NORMAL    RECORD    YEAR
 MAXIMUM TEMPERATURE (F)   61        82      2005
 MINIMUM TEMPERATURE (F)   40        16      1991


SUNRISE AND SUNSET
NOVEMBER  7 2016......SUNRISE   654 AM CST   SUNSET   517 PM CST
NOVEMBER  8 2016......SUNRISE   655 AM CST   SUNSET   516 PM CST


-  INDICATES NEGATIVE NUMBERS.
R  INDICATES RECORD WAS SET OR TIED.
MM INDICATES DATA IS MISSING.
T  INDICATES TRACE AMOUNT.




$$
