000
CDUS43 KICT 180629
CLICNU


CLIMATE REPORT
NATIONAL WEATHER SERVICE WICHITA KS
129 AM CDT FRI AUG 18 2017


...................................

...THE CHANUTE KS CLIMATE SUMMARY FOR AUGUST 17 2017...

CLIMATE NORMAL PERIOD 1981 TO 2010
CLIMATE RECORD PERIOD 1894 TO 2017


WEATHER ITEM   OBSERVED TIME   RECORD YEAR NORMAL DEPARTURE LAST
                VALUE   (LST)  VALUE       VALUE  FROM      YEAR
                                                  NORMAL
..................................................................
TEMPERATURE (F)
 YESTERDAY
  MAXIMUM         85    435 PM 110    1956  90     -5       89
  MINIMUM         67   1159 PM  53    1992  68     -1       66
  AVERAGE         76                        79     -3       78

PRECIPITATION (IN)
  YESTERDAY        0.00          2.55 1968   0.13  -0.13     0.00
  MONTH TO DATE   11.12                      2.06   9.06     2.23
  SINCE JUN 1     15.35                     12.46   2.89     9.92
  SINCE JAN 1     36.43                     28.86   7.57    21.71

DEGREE DAYS
 HEATING
  YESTERDAY        0                         0      0        0
  MONTH TO DATE    0                         0      0        0
  SINCE JUN 1      0                         6     -6        0
  SINCE JUL 1      0                         0      0        0

 COOLING
  YESTERDAY       11                        14     -3       13
  MONTH TO DATE  177                       251    -74      264
  SINCE JUN 1    998                       992      6     1199
  SINCE JAN 1   1165                      1125     40     1306
..................................................................


WIND (MPH)
  HIGHEST WIND SPEED    14   HIGHEST WIND DIRECTION     W (290)
  HIGHEST GUST SPEED    18   HIGHEST GUST DIRECTION     E (80)
  AVERAGE WIND SPEED     6.2


SKY COVER
  POSSIBLE SUNSHINE  MM
  AVERAGE SKY COVER 0.2


WEATHER CONDITIONS
 THE FOLLOWING WEATHER WAS RECORDED YESTERDAY.
  FOG
  FOG W/VISIBILITY <= 1/4 MILE


RELATIVE HUMIDITY (PERCENT)
 HIGHEST   100           600 AM
 LOWEST     40           500 PM
 AVERAGE    70

..........................................................


THE CHANUTE KS CLIMATE NORMALS FOR TODAY
                         NORMAL    RECORD    YEAR
 MAXIMUM TEMPERATURE (F)   90       106      1956
 MINIMUM TEMPERATURE (F)   68        50      1943


SUNRISE AND SUNSET
AUGUST 18 2017........SUNRISE   640 AM CDT   SUNSET   810 PM CDT
AUGUST 19 2017........SUNRISE   641 AM CDT   SUNSET   809 PM CDT


-  INDICATES NEGATIVE NUMBERS.
R  INDICATES RECORD WAS SET OR TIED.
MM INDICATES DATA IS MISSING.
T  INDICATES TRACE AMOUNT.




$$
