000
CDUS43 KICT 270631
CLICNU


CLIMATE REPORT
NATIONAL WEATHER SERVICE WICHITA KS
130 AM CDT SAT AUG 27 2016


...................................

...THE CHANUTE KS CLIMATE SUMMARY FOR AUGUST 26 2016...

CLIMATE NORMAL PERIOD 1981 TO 2010
CLIMATE RECORD PERIOD 1894 TO 2016


WEATHER ITEM   OBSERVED TIME   RECORD YEAR NORMAL DEPARTURE LAST
                VALUE   (LST)  VALUE       VALUE  FROM      YEAR
                                                  NORMAL
..................................................................
TEMPERATURE (F)
 YESTERDAY
  MAXIMUM         88    230 PM 105    1901  89     -1       86
  MINIMUM         68    446 AM  46    1910  67      1       56
  AVERAGE         78                        78      0       71

PRECIPITATION (IN)
  YESTERDAY        0.04          2.26 1994   0.11  -0.07     0.00
  MONTH TO DATE    5.44                      3.12   2.32     3.60
  SINCE JUN 1     13.13                     13.52  -0.39    10.77
  SINCE JAN 1     24.92                     29.92  -5.00    28.74

DEGREE DAYS
 HEATING
  YESTERDAY        0                         0      0        0
  MONTH TO DATE    0                         0      0        0
  SINCE JUN 1      0                         6     -6        0
  SINCE JUL 1      0                         0      0        0

 COOLING
  YESTERDAY       13                        13      0        6
  MONTH TO DATE  366                       372     -6      285
  SINCE JUN 1   1301                      1113    188     1162
  SINCE JAN 1   1408                      1246    162     1271
..................................................................


WIND (MPH)
  HIGHEST WIND SPEED    17   HIGHEST WIND DIRECTION     S (180)
  HIGHEST GUST SPEED    27   HIGHEST GUST DIRECTION     S (180)
  AVERAGE WIND SPEED     6.8


SKY COVER
  POSSIBLE SUNSHINE  MM
  AVERAGE SKY COVER 0.4


WEATHER CONDITIONS
 THE FOLLOWING WEATHER WAS RECORDED YESTERDAY.
  THUNDERSTORM
  LIGHT RAIN
  FOG


RELATIVE HUMIDITY (PERCENT)
 HIGHEST    97           600 AM
 LOWEST     61          1200 PM
 AVERAGE    79

..........................................................


THE CHANUTE KS CLIMATE NORMALS FOR TODAY
                         NORMAL    RECORD    YEAR
 MAXIMUM TEMPERATURE (F)   89       106      2000
 MINIMUM TEMPERATURE (F)   66        45      1910


SUNRISE AND SUNSET
AUGUST 27 2016........SUNRISE   648 AM CDT   SUNSET   758 PM CDT
AUGUST 28 2016........SUNRISE   649 AM CDT   SUNSET   756 PM CDT


-  INDICATES NEGATIVE NUMBERS.
R  INDICATES RECORD WAS SET OR TIED.
MM INDICATES DATA IS MISSING.
T  INDICATES TRACE AMOUNT.




$$
