000
CDUS43 KICT 280635
CLICNU

CLIMATE REPORT
NATIONAL WEATHER SERVICE WICHITA KS
134 AM CDT THU JUL 28 2016

...................................

...THE CHANUTE KS CLIMATE SUMMARY FOR JULY 27 2016...

CLIMATE NORMAL PERIOD 1981 TO 2010
CLIMATE RECORD PERIOD 1894 TO 2016


WEATHER ITEM   OBSERVED TIME   RECORD YEAR NORMAL DEPARTURE LAST
                VALUE   (LST)  VALUE       VALUE  FROM      YEAR
                                                  NORMAL
..................................................................
TEMPERATURE (F)
 YESTERDAY
  MAXIMUM         93    412 PM 107    1936  91      2       95
  MINIMUM         72    542 AM  51    2004  69      3       73
  AVERAGE         83                        80      3       84

PRECIPITATION (IN)
  YESTERDAY        0.00          1.20 1958   0.11  -0.11     0.00
  MONTH TO DATE    3.05                      3.90  -0.85     4.80
  SINCE JUN 1      6.25                      9.93  -3.68     7.17
  SINCE JAN 1     18.04                     26.33  -8.29    25.14

DEGREE DAYS
 HEATING
  YESTERDAY        0                         0      0        0
  MONTH TO DATE    0                         0      0        0
  SINCE JUN 1      0                         6     -6        0
  SINCE JUL 1      0                         0      0        0

 COOLING
  YESTERDAY       18                        15      3       19
  MONTH TO DATE  440                       392     48      421
  SINCE JUN 1    874                       684    190      812
  SINCE JAN 1    981                       817    164      921
..................................................................


WIND (MPH)
  HIGHEST WIND SPEED    10   HIGHEST WIND DIRECTION     S (190)
  HIGHEST GUST SPEED    13   HIGHEST GUST DIRECTION     S (190)
  AVERAGE WIND SPEED     2.5


SKY COVER
  POSSIBLE SUNSHINE  MM
  AVERAGE SKY COVER 0.2


WEATHER CONDITIONS
 THE FOLLOWING WEATHER WAS RECORDED YESTERDAY.
  NO SIGNIFICANT WEATHER WAS OBSERVED.


RELATIVE HUMIDITY (PERCENT)
 HIGHEST   100           300 AM
 LOWEST     56           400 PM
 AVERAGE    78

..........................................................


THE CHANUTE KS CLIMATE NORMALS FOR TODAY
                         NORMAL    RECORD    YEAR
 MAXIMUM TEMPERATURE (F)   91       107      1930
 MINIMUM TEMPERATURE (F)   69        54      2005


SUNRISE AND SUNSET
JULY 28 2016..........SUNRISE   623 AM CDT   SUNSET   834 PM CDT
JULY 29 2016..........SUNRISE   624 AM CDT   SUNSET   833 PM CDT


-  INDICATES NEGATIVE NUMBERS.
R  INDICATES RECORD WAS SET OR TIED.
MM INDICATES DATA IS MISSING.
T  INDICATES TRACE AMOUNT.

$$
