000
CDUS43 KICT 060636
CLICNU


CLIMATE REPORT
NATIONAL WEATHER SERVICE WICHITA KS
135 AM CDT WED SEP 6 2017


...................................

...THE CHANUTE KS CLIMATE SUMMARY FOR SEPTEMBER 5 2017...

CLIMATE NORMAL PERIOD 1981 TO 2010
CLIMATE RECORD PERIOD 1894 TO 2017


WEATHER ITEM   OBSERVED TIME   RECORD YEAR NORMAL DEPARTURE LAST
                VALUE   (LST)  VALUE       VALUE  FROM      YEAR
                                                  NORMAL
..................................................................
TEMPERATURE (F)
 YESTERDAY
  MAXIMUM         79    326 PM 105    1913  86     -7       94
  MINIMUM         56   1159 PM  44    1974  63     -7       69
  AVERAGE         68                        74     -6       82

PRECIPITATION (IN)
  YESTERDAY        0.00          2.73 1926   0.11  -0.11     0.00
  MONTH TO DATE    0.00                      0.55  -0.55     0.00
  SINCE SEP 1      0.00                      0.55  -0.55     0.00
  SINCE JAN 1     36.64                     31.04   5.60    25.23

DEGREE DAYS
 HEATING
  YESTERDAY        0                         0      0        0
  MONTH TO DATE    0                         0      0        0
  SINCE SEP 1      0                         0      0        0
  SINCE JUL 1      0                         1     -1        0

 COOLING
  YESTERDAY        3                        10     -7       17
  MONTH TO DATE   47                        52     -5       46
  SINCE SEP 1     47                        52     -5       46
  SINCE JAN 1   1354                      1356     -2     1527
..................................................................


WIND (MPH)
  HIGHEST WIND SPEED    22   HIGHEST WIND DIRECTION     N (350)
  HIGHEST GUST SPEED    27   HIGHEST GUST DIRECTION     N (360)
  AVERAGE WIND SPEED     8.8


SKY COVER
  POSSIBLE SUNSHINE  MM
  AVERAGE SKY COVER 0.2


WEATHER CONDITIONS
 THE FOLLOWING WEATHER WAS RECORDED YESTERDAY.
  NO SIGNIFICANT WEATHER WAS OBSERVED.


RELATIVE HUMIDITY (PERCENT)
 HIGHEST    84           500 AM
 LOWEST     25           200 PM
 AVERAGE    55

..........................................................


THE CHANUTE KS CLIMATE NORMALS FOR TODAY
                         NORMAL    RECORD    YEAR
 MAXIMUM TEMPERATURE (F)   85       105      1936
 MINIMUM TEMPERATURE (F)   63        46      2011


SUNRISE AND SUNSET
SEPTEMBER  6 2017.....SUNRISE   657 AM CDT   SUNSET   743 PM CDT
SEPTEMBER  7 2017.....SUNRISE   657 AM CDT   SUNSET   742 PM CDT


-  INDICATES NEGATIVE NUMBERS.
R  INDICATES RECORD WAS SET OR TIED.
MM INDICATES DATA IS MISSING.
T  INDICATES TRACE AMOUNT.




$$
