000
CDUS43 KICT 130653
CLICNU

CLIMATE REPORT
NATIONAL WEATHER SERVICE WICHITA KS
1252 AM CST FRI FEB 13 2015

...................................

...THE CHANUTE KS CLIMATE SUMMARY FOR FEBRUARY 12 2015...

CLIMATE NORMAL PERIOD 1981 TO 2010
CLIMATE RECORD PERIOD 1894 TO 2015


WEATHER ITEM   OBSERVED TIME   RECORD YEAR NORMAL DEPARTURE LAST
                VALUE   (LST)  VALUE       VALUE  FROM      YEAR
                                                  NORMAL
..................................................................
TEMPERATURE (F)
 YESTERDAY
  MAXIMUM         31    252 PM  83    1962  47    -16       35
  MINIMUM         18    855 AM  -6    1980  26     -8        0
  AVERAGE         25                        36    -11       18

PRECIPITATION (IN)
  YESTERDAY        0.00          1.78 1914   0.07  -0.07     0.00
  MONTH TO DATE    0.23                      0.70  -0.47     0.71
  SINCE DEC 1      3.23                      3.71  -0.48     0.98
  SINCE JAN 1      0.86                      1.96  -1.10     0.82

DEGREE DAYS
 HEATING
  YESTERDAY       40                        29     11       47
  MONTH TO DATE  351                       360     -9      562
  SINCE DEC 1   2143                      2307   -164     2681
  SINCE JUL 1   3085                      3159    -74     3601

 COOLING
  YESTERDAY        0                         0      0        0
  MONTH TO DATE    0                         0      0        0
  SINCE DEC 1      0                         0      0        0
  SINCE JAN 1      0                         0      0        0
..................................................................


WIND (MPH)
  HIGHEST WIND SPEED    23   HIGHEST WIND DIRECTION     N (10)
  HIGHEST GUST SPEED    31   HIGHEST GUST DIRECTION     N (10)
  AVERAGE WIND SPEED     8.9


SKY COVER
  POSSIBLE SUNSHINE  MM
  AVERAGE SKY COVER 0.1


WEATHER CONDITIONS
 THE FOLLOWING WEATHER WAS RECORDED YESTERDAY.
  NO SIGNIFICANT WEATHER WAS OBSERVED.


RELATIVE HUMIDITY (PERCENT)
 HIGHEST    88           100 AM
 LOWEST     32           300 PM
 AVERAGE    60

..........................................................


THE CHANUTE KS CLIMATE NORMALS FOR TODAY
                         NORMAL    RECORD    YEAR
 MAXIMUM TEMPERATURE (F)   47        77      1921
 MINIMUM TEMPERATURE (F)   26         3      1899


SUNRISE AND SUNSET
FEBRUARY 13 2015......SUNRISE   714 AM CST   SUNSET   559 PM CST
FEBRUARY 14 2015......SUNRISE   713 AM CST   SUNSET   600 PM CST


-  INDICATES NEGATIVE NUMBERS.
R  INDICATES RECORD WAS SET OR TIED.
MM INDICATES DATA IS MISSING.
T  INDICATES TRACE AMOUNT.

$$
