000
CDUS43 KICT 180645
CLICNU


CLIMATE REPORT
NATIONAL WEATHER SERVICE WICHITA KS
145 AM CDT THU JUN 18 2015


...................................

...THE CHANUTE KS CLIMATE SUMMARY FOR JUNE 17 2015...

CLIMATE NORMAL PERIOD 1981 TO 2010
CLIMATE RECORD PERIOD 1894 TO 2015


WEATHER ITEM   OBSERVED TIME   RECORD YEAR NORMAL DEPARTURE LAST
                VALUE   (LST)  VALUE       VALUE  FROM      YEAR
                                                  NORMAL
..................................................................
TEMPERATURE (F)
 YESTERDAY
  MAXIMUM         80    440 PM 103    1918  85     -5       88
  MINIMUM         72    936 PM  50    1999  65      7       75
  AVERAGE         76                        75      1       82

PRECIPITATION (IN)
  YESTERDAY        T             3.01 1912   0.19  -0.19     0.00
  MONTH TO DATE    2.12                      3.76  -1.64     6.21
  SINCE JUN 1      2.12                      3.76  -1.64     6.21
  SINCE JAN 1     20.09                     20.16  -0.07    15.67

DEGREE DAYS
 HEATING
  YESTERDAY        0                         0      0        0
  MONTH TO DATE    0                         4     -4        0
  SINCE JUN 1      0                         4     -4        0
  SINCE JUL 1   4455                      4481    -26     5090

 COOLING
  YESTERDAY       11                        10      1       17
  MONTH TO DATE  205                       138     67      132
  SINCE JUN 1    205                       138     67      132
  SINCE JAN 1    314                       271     43      324
..................................................................


WIND (MPH)
  HIGHEST WIND SPEED    15   HIGHEST WIND DIRECTION     S (200)
  HIGHEST GUST SPEED    23   HIGHEST GUST DIRECTION    SW (210)
  AVERAGE WIND SPEED     7.3


SKY COVER
  POSSIBLE SUNSHINE  MM
  AVERAGE SKY COVER 0.6


WEATHER CONDITIONS
 THE FOLLOWING WEATHER WAS RECORDED YESTERDAY.
  LIGHT RAIN
  FOG


RELATIVE HUMIDITY (PERCENT)
 HIGHEST   100           400 AM
 LOWEST     74           200 PM
 AVERAGE    87

..........................................................


THE CHANUTE KS CLIMATE NORMALS FOR TODAY
                         NORMAL    RECORD    YEAR
 MAXIMUM TEMPERATURE (F)   85       104      1918
 MINIMUM TEMPERATURE (F)   66        52      2000


SUNRISE AND SUNSET
JUNE 18 2015..........SUNRISE   600 AM CDT   SUNSET   846 PM CDT
JUNE 19 2015..........SUNRISE   600 AM CDT   SUNSET   846 PM CDT


-  INDICATES NEGATIVE NUMBERS.
R  INDICATES RECORD WAS SET OR TIED.
MM INDICATES DATA IS MISSING.
T  INDICATES TRACE AMOUNT.




$$
