914
CDUS43 KICT 090622
CLICNU


CLIMATE REPORT
NATIONAL WEATHER SERVICE WICHITA KS
1221 AM CST FRI FEB 9 2018


...................................

...THE CHANUTE KS CLIMATE SUMMARY FOR FEBRUARY 8 2018...

CLIMATE NORMAL PERIOD 1981 TO 2010
CLIMATE RECORD PERIOD 1894 TO 2018


WEATHER ITEM   OBSERVED TIME   RECORD YEAR NORMAL DEPARTURE LAST
                VALUE   (LST)  VALUE       VALUE  FROM      YEAR
                                                  NORMAL
..................................................................
TEMPERATURE (F)
 YESTERDAY
  MAXIMUM         56    427 PM  73    2015  46     10       37
  MINIMUM         18    604 AM -12    1933  25     -7       21
  AVERAGE         37                        35      2       29

PRECIPITATION (IN)
  YESTERDAY        0.00          0.50 1910   0.07  -0.07     0.00
                                      1910
                                      2011
  MONTH TO DATE    0.01                      0.43  -0.42     0.00
  SINCE DEC 1      0.86                      3.44  -2.58     2.62
  SINCE JAN 1      0.62                      1.69  -1.07     1.84

DEGREE DAYS
 HEATING
  YESTERDAY       28                        30     -2       36
  MONTH TO DATE  299                       244     55      212
  SINCE DEC 1   2139                      2191    -52     1996
  SINCE JUL 1   2840                      3043   -203     2474

 COOLING
  YESTERDAY        0                         0      0        0
  MONTH TO DATE    0                         0      0        0
  SINCE DEC 1      0                         0      0        0
  SINCE JAN 1      0                         0      0        0
..................................................................


WIND (MPH)
  HIGHEST WIND SPEED    22   HIGHEST WIND DIRECTION     S (190)
  HIGHEST GUST SPEED    29   HIGHEST GUST DIRECTION     S (190)
  AVERAGE WIND SPEED    12.8


SKY COVER
  POSSIBLE SUNSHINE  MM
  AVERAGE SKY COVER 0.0


WEATHER CONDITIONS
 THE FOLLOWING WEATHER WAS RECORDED YESTERDAY.
  NO SIGNIFICANT WEATHER WAS OBSERVED.


RELATIVE HUMIDITY (PERCENT)
 HIGHEST    92           600 AM
 LOWEST     27           300 PM
 AVERAGE    60

..........................................................


THE CHANUTE KS CLIMATE NORMALS FOR TODAY
                         NORMAL    RECORD    YEAR
 MAXIMUM TEMPERATURE (F)   46        74      1932
 MINIMUM TEMPERATURE (F)   25       -11      1979


SUNRISE AND SUNSET
FEBRUARY  9 2018......SUNRISE   718 AM CST   SUNSET   555 PM CST
FEBRUARY 10 2018......SUNRISE   717 AM CST   SUNSET   556 PM CST


-  INDICATES NEGATIVE NUMBERS.
R  INDICATES RECORD WAS SET OR TIED.
MM INDICATES DATA IS MISSING.
T  INDICATES TRACE AMOUNT.




$$
