000
CDUS43 KICT 290618
CLICNU


CLIMATE REPORT
NATIONAL WEATHER SERVICE WICHITA KS
118 AM CDT SUN OCT 29 2017


...................................

...THE CHANUTE KS CLIMATE SUMMARY FOR OCTOBER 28 2017...

CLIMATE NORMAL PERIOD 1981 TO 2010
CLIMATE RECORD PERIOD 1894 TO 2017


WEATHER ITEM   OBSERVED TIME   RECORD YEAR NORMAL DEPARTURE LAST
                VALUE   (LST)  VALUE       VALUE  FROM      YEAR
                                                  NORMAL
..................................................................
TEMPERATURE (F)
 YESTERDAY
  MAXIMUM         52    359 PM  85    1927  65    -13       83
  MINIMUM         26    633 AM  19    1925  44    -18       56
  AVERAGE         39                        54    -15       70

PRECIPITATION (IN)
  YESTERDAY        0.00          1.60 1929   0.10  -0.10     0.00
  MONTH TO DATE    5.03                      3.37   1.66     3.51
  SINCE SEP 1      8.62                      7.04   1.58    10.42
  SINCE JAN 1     45.26                     37.53   7.73    35.65

DEGREE DAYS
 HEATING
  YESTERDAY       26                        11     15        0
  MONTH TO DATE  150                       206    -56       84
  SINCE SEP 1    157                       252    -95       95
  SINCE JUL 1    157                       253    -96       95

 COOLING
  YESTERDAY        0                         0      0        5
  MONTH TO DATE   79                        31     48       72
  SINCE SEP 1    309                       224     85      333
  SINCE JAN 1   1616                      1528     88     1814
..................................................................


WIND (MPH)
  HIGHEST WIND SPEED    16   HIGHEST WIND DIRECTION    NW (300)
  HIGHEST GUST SPEED    20   HIGHEST GUST DIRECTION    NW (310)
  AVERAGE WIND SPEED     7.9


SKY COVER
  POSSIBLE SUNSHINE  MM
  AVERAGE SKY COVER 0.0


WEATHER CONDITIONS
 THE FOLLOWING WEATHER WAS RECORDED YESTERDAY.
  NO SIGNIFICANT WEATHER WAS OBSERVED.


RELATIVE HUMIDITY (PERCENT)
 HIGHEST    81           600 AM
 LOWEST     21           400 PM
 AVERAGE    51

..........................................................


THE CHANUTE KS CLIMATE NORMALS FOR TODAY
                         NORMAL    RECORD    YEAR
 MAXIMUM TEMPERATURE (F)   65        90      1937
 MINIMUM TEMPERATURE (F)   43        20      1910


SUNRISE AND SUNSET
OCTOBER 29 2017.......SUNRISE   744 AM CDT   SUNSET   626 PM CDT
OCTOBER 30 2017.......SUNRISE   745 AM CDT   SUNSET   625 PM CDT


-  INDICATES NEGATIVE NUMBERS.
R  INDICATES RECORD WAS SET OR TIED.
MM INDICATES DATA IS MISSING.
T  INDICATES TRACE AMOUNT.




$$
