000
CDUS43 KICT 140629
CLICNU


CLIMATE REPORT
NATIONAL WEATHER SERVICE WICHITA KS
127 AM CDT SUN MAY 14 2017


...................................

...THE CHANUTE KS CLIMATE SUMMARY FOR MAY 13 2017...

CLIMATE NORMAL PERIOD 1981 TO 2010
CLIMATE RECORD PERIOD 1894 TO 2017


WEATHER ITEM   OBSERVED TIME   RECORD YEAR NORMAL DEPARTURE LAST
                VALUE   (LST)  VALUE       VALUE  FROM      YEAR
                                                  NORMAL
..................................................................
TEMPERATURE (F)
 YESTERDAY
  MAXIMUM         77    416 PM  91    1956  75      2       83
  MINIMUM         50    545 AM  39    1910  55     -5       48
  AVERAGE         64                        65     -1       66

PRECIPITATION (IN)
  YESTERDAY        0.00          2.61 2005   0.18  -0.18     0.09
  MONTH TO DATE    5.03                      2.16   2.87     0.27
  SINCE MAR 1     18.07                      9.60   8.47     7.15
  SINCE JAN 1     20.22                     12.76   7.46     8.23

DEGREE DAYS
 HEATING
  YESTERDAY        1                         3     -2        0
  MONTH TO DATE   43                        48     -5       49
  SINCE MAR 1    662                       878   -216      612
  SINCE JUL 1   3430                      4450  -1020     3577

 COOLING
  YESTERDAY        0                         3     -3        1
  MONTH TO DATE   27                        26      1       20
  SINCE MAR 1     82                        57     25       44
  SINCE JAN 1     85                        57     28       44
..................................................................


WIND (MPH)
  HIGHEST WIND SPEED    15   HIGHEST WIND DIRECTION     S (170)
  HIGHEST GUST SPEED    21   HIGHEST GUST DIRECTION    SW (230)
  AVERAGE WIND SPEED     6.2


SKY COVER
  POSSIBLE SUNSHINE  MM
  AVERAGE SKY COVER 0.0


WEATHER CONDITIONS
 THE FOLLOWING WEATHER WAS RECORDED YESTERDAY.
  NO SIGNIFICANT WEATHER WAS OBSERVED.


RELATIVE HUMIDITY (PERCENT)
 HIGHEST    89           300 AM
 LOWEST     46           100 PM
 AVERAGE    68

..........................................................


THE CHANUTE KS CLIMATE NORMALS FOR TODAY
                         NORMAL    RECORD    YEAR
 MAXIMUM TEMPERATURE (F)   75        91      1963
 MINIMUM TEMPERATURE (F)   55        39      2000


SUNRISE AND SUNSET
MAY 14 2017...........SUNRISE   613 AM CDT   SUNSET   824 PM CDT
MAY 15 2017...........SUNRISE   612 AM CDT   SUNSET   825 PM CDT


-  INDICATES NEGATIVE NUMBERS.
R  INDICATES RECORD WAS SET OR TIED.
MM INDICATES DATA IS MISSING.
T  INDICATES TRACE AMOUNT.




$$
