000
CDUS43 KICT 050641
CLICNU


CLIMATE REPORT
NATIONAL WEATHER SERVICE WICHITA KS
1241 AM CST WED NOV 5 2014


...................................

...THE CHANUTE KS CLIMATE SUMMARY FOR NOVEMBER 4 2014...

CLIMATE NORMAL PERIOD 1981 TO 2010
CLIMATE RECORD PERIOD 1894 TO 2014


WEATHER ITEM   OBSERVED TIME   RECORD YEAR NORMAL DEPARTURE LAST
                VALUE   (LST)  VALUE       VALUE  FROM      YEAR
                                                  NORMAL
..................................................................
TEMPERATURE (F)
 YESTERDAY
  MAXIMUM         59   1206 AM  84    1921  63     -4       61
  MINIMUM         43   1030 PM  11    1991  41      2       51
  AVERAGE         51                        52     -1       56

PRECIPITATION (IN)
  YESTERDAY        0.25          2.14 1990   0.09   0.16      T
  MONTH TO DATE    1.15                      0.34   0.81      T
  SINCE SEP 1      8.83                      7.67   1.16    10.14
  SINCE JAN 1     29.31                     38.16  -8.85    45.76

DEGREE DAYS
 HEATING
  YESTERDAY       14                        13      1        9
  MONTH TO DATE   22                        51    -29       54
  SINCE SEP 1    231                       338   -107      341
  SINCE JUL 1    232                       339   -107      341

 COOLING
  YESTERDAY        0                         0      0        0
  MONTH TO DATE    0                         0      0        0
  SINCE SEP 1    224                       225     -1      293
  SINCE JAN 1   1512                      1529    -17     1560
..................................................................


WIND (MPH)
  HIGHEST WIND SPEED    16   HIGHEST WIND DIRECTION    NW (310)
  HIGHEST GUST SPEED    22   HIGHEST GUST DIRECTION    NW (310)
  AVERAGE WIND SPEED     5.8


SKY COVER
  POSSIBLE SUNSHINE  MM
  AVERAGE SKY COVER 0.4


WEATHER CONDITIONS
 THE FOLLOWING WEATHER WAS RECORDED YESTERDAY.
  HEAVY RAIN
  RAIN
  LIGHT RAIN
  FOG


RELATIVE HUMIDITY (PERCENT)
 HIGHEST   100          1200 AM
 LOWEST     74           200 PM
 AVERAGE    87

..........................................................


THE CHANUTE KS CLIMATE NORMALS FOR TODAY
                         NORMAL    RECORD    YEAR
 MAXIMUM TEMPERATURE (F)   62        85      1915
 MINIMUM TEMPERATURE (F)   41        19      1982


SUNRISE AND SUNSET
NOVEMBER  5 2014......SUNRISE   651 AM CST   SUNSET   519 PM CST
NOVEMBER  6 2014......SUNRISE   652 AM CST   SUNSET   518 PM CST


-  INDICATES NEGATIVE NUMBERS.
R  INDICATES RECORD WAS SET OR TIED.
MM INDICATES DATA IS MISSING.
T  INDICATES TRACE AMOUNT.




$$
