229
CDUS43 KICT 040633
CLICNU


CLIMATE REPORT
NATIONAL WEATHER SERVICE WICHITA KS
1228 AM CST WED JAN 4 2017


...................................

...THE CHANUTE KS CLIMATE SUMMARY FOR JANUARY 3 2017...

CLIMATE NORMAL PERIOD 1981 TO 2010
CLIMATE RECORD PERIOD 1894 TO 2017


WEATHER ITEM   OBSERVED TIME   RECORD YEAR NORMAL DEPARTURE LAST
                VALUE   (LST)  VALUE       VALUE  FROM      YEAR
                                                  NORMAL
..................................................................
TEMPERATURE (F)
 YESTERDAY
  MAXIMUM         52    128 AM  71    1997  42     10       43
  MINIMUM         20   1159 PM -11    1928  23     -3       25
  AVERAGE         36                        32      4       34

PRECIPITATION (IN)
  YESTERDAY        T             1.98 1971   0.04  -0.04     0.00
  MONTH TO DATE    0.01                      0.12  -0.11     0.00
  SINCE DEC 1      0.79                      1.87  -1.08     3.55
  SINCE JAN 1      0.01                      0.12  -0.11     0.00

DEGREE DAYS
 HEATING
  YESTERDAY       29                        33     -4       31
  MONTH TO DATE   65                        99    -34       94
  SINCE DEC 1   1007                      1040    -33      806
  SINCE JUL 1   1485                      1892   -407     1449

 COOLING
  YESTERDAY        0                         0      0        0
  MONTH TO DATE    0                         0      0        0
  SINCE DEC 1      0                         0      0        0
  SINCE JAN 1      0                         0      0        0
..................................................................


WIND (MPH)
  HIGHEST WIND SPEED    25   HIGHEST WIND DIRECTION    NW (330)
  HIGHEST GUST SPEED    31   HIGHEST GUST DIRECTION     N (340)
  AVERAGE WIND SPEED    17.6


SKY COVER
  POSSIBLE SUNSHINE  MM
  AVERAGE SKY COVER 0.7


WEATHER CONDITIONS
 THE FOLLOWING WEATHER WAS RECORDED YESTERDAY.
  LIGHT RAIN
  FOG


RELATIVE HUMIDITY (PERCENT)
 HIGHEST    96           100 AM
 LOWEST     53           500 PM
 AVERAGE    75

..........................................................


THE CHANUTE KS CLIMATE NORMALS FOR TODAY
                         NORMAL    RECORD    YEAR
 MAXIMUM TEMPERATURE (F)   42        64      1955
 MINIMUM TEMPERATURE (F)   23       -16      1947


SUNRISE AND SUNSET
JANUARY  4 2017.......SUNRISE   737 AM CST   SUNSET   517 PM CST
JANUARY  5 2017.......SUNRISE   737 AM CST   SUNSET   518 PM CST


-  INDICATES NEGATIVE NUMBERS.
R  INDICATES RECORD WAS SET OR TIED.
MM INDICATES DATA IS MISSING.
T  INDICATES TRACE AMOUNT.




$$
