000
CDUS43 KICT 200651
CLICNU


CLIMATE REPORT
NATIONAL WEATHER SERVICE WICHITA KS
150 AM CDT SAT JUN 20 2015


...................................

...THE CHANUTE KS CLIMATE SUMMARY FOR JUNE 19 2015...

CLIMATE NORMAL PERIOD 1981 TO 2010
CLIMATE RECORD PERIOD 1894 TO 2015


WEATHER ITEM   OBSERVED TIME   RECORD YEAR NORMAL DEPARTURE LAST
                VALUE   (LST)  VALUE       VALUE  FROM      YEAR
                                                  NORMAL
..................................................................
TEMPERATURE (F)
 YESTERDAY
  MAXIMUM         87    545 PM 105    1918  86      1       85
  MINIMUM         67    543 AM  49    1912  66      1       72
  AVERAGE         77                        76      1       79

PRECIPITATION (IN)
  YESTERDAY        0.00          3.82 1927   0.18  -0.18      T
  MONTH TO DATE    2.21                      4.12  -1.91     6.21
  SINCE JUN 1      2.21                      4.12  -1.91     6.21
  SINCE JAN 1     20.18                     20.52  -0.34    15.67

DEGREE DAYS
 HEATING
  YESTERDAY        0                         0      0        0
  MONTH TO DATE    0                         4     -4        0
  SINCE JUN 1      0                         4     -4        0
  SINCE JUL 1   4455                      4481    -26     5090

 COOLING
  YESTERDAY       12                        11      1       14
  MONTH TO DATE  228                       160     68      162
  SINCE JUN 1    228                       160     68      162
  SINCE JAN 1    337                       293     44      354
..................................................................


WIND (MPH)
  HIGHEST WIND SPEED    15   HIGHEST WIND DIRECTION     N (350)
  HIGHEST GUST SPEED    20   HIGHEST GUST DIRECTION     N (20)
  AVERAGE WIND SPEED     6.8


SKY COVER
  POSSIBLE SUNSHINE  MM
  AVERAGE SKY COVER 0.1


WEATHER CONDITIONS
 THE FOLLOWING WEATHER WAS RECORDED YESTERDAY.
  NO SIGNIFICANT WEATHER WAS OBSERVED.


RELATIVE HUMIDITY (PERCENT)
 HIGHEST   100           500 AM
 LOWEST     40           500 PM
 AVERAGE    70

..........................................................


THE CHANUTE KS CLIMATE NORMALS FOR TODAY
                         NORMAL    RECORD    YEAR
 MAXIMUM TEMPERATURE (F)   86       108      1918
 MINIMUM TEMPERATURE (F)   66        50      1976


SUNRISE AND SUNSET
JUNE 20 2015..........SUNRISE   600 AM CDT   SUNSET   847 PM CDT
JUNE 21 2015..........SUNRISE   601 AM CDT   SUNSET   847 PM CDT


-  INDICATES NEGATIVE NUMBERS.
R  INDICATES RECORD WAS SET OR TIED.
MM INDICATES DATA IS MISSING.
T  INDICATES TRACE AMOUNT.




$$
