000
CDUS43 KICT 120639
CLICNU


CLIMATE REPORT
NATIONAL WEATHER SERVICE WICHITA KS
139 AM CDT WED JUL 12 2017


...................................

...THE CHANUTE KS CLIMATE SUMMARY FOR JULY 11 2017...

CLIMATE NORMAL PERIOD 1981 TO 2010
CLIMATE RECORD PERIOD 1894 TO 2017


WEATHER ITEM   OBSERVED TIME   RECORD YEAR NORMAL DEPARTURE LAST
                VALUE   (LST)  VALUE       VALUE  FROM      YEAR
                                                  NORMAL
..................................................................
TEMPERATURE (F)
 YESTERDAY
  MAXIMUM         96    307 PM 108    1954  90      6       91
  MINIMUM         74    458 AM  57    1926  69      5       73
  AVERAGE         85                        79      6       82

PRECIPITATION (IN)
  YESTERDAY        0.00          4.29 1992   0.15  -0.15      T
  MONTH TO DATE    0.66                      1.72  -1.06     0.03
  SINCE JUN 1      2.53                      7.75  -5.22     3.23
  SINCE JAN 1     23.61                     24.15  -0.54    15.02

DEGREE DAYS
 HEATING
  YESTERDAY        0                         0      0        0
  MONTH TO DATE    0                         0      0        0
  SINCE JUN 1      0                         6     -6        0
  SINCE JUL 1      0                         0      0        0

 COOLING
  YESTERDAY       20                        14      6       17
  MONTH TO DATE  151                       152     -1      167
  SINCE JUN 1    460                       444     16      601
  SINCE JAN 1    627                       577     50      708
..................................................................


WIND (MPH)
  HIGHEST WIND SPEED    21   HIGHEST WIND DIRECTION     S (170)
  HIGHEST GUST SPEED    28   HIGHEST GUST DIRECTION     S (190)
  AVERAGE WIND SPEED    13.6


SKY COVER
  POSSIBLE SUNSHINE  MM
  AVERAGE SKY COVER 0.0


WEATHER CONDITIONS
 THE FOLLOWING WEATHER WAS RECORDED YESTERDAY.
  NO SIGNIFICANT WEATHER WAS OBSERVED.


RELATIVE HUMIDITY (PERCENT)
 HIGHEST    87           300 AM
 LOWEST     49           200 PM
 AVERAGE    68

..........................................................


THE CHANUTE KS CLIMATE NORMALS FOR TODAY
                         NORMAL    RECORD    YEAR
 MAXIMUM TEMPERATURE (F)   90       113      1954
 MINIMUM TEMPERATURE (F)   69        50      1917


SUNRISE AND SUNSET
JULY 12 2017..........SUNRISE   610 AM CDT   SUNSET   844 PM CDT
JULY 13 2017..........SUNRISE   611 AM CDT   SUNSET   844 PM CDT


-  INDICATES NEGATIVE NUMBERS.
R  INDICATES RECORD WAS SET OR TIED.
MM INDICATES DATA IS MISSING.
T  INDICATES TRACE AMOUNT.




$$
