014
CDUS43 KICT 120634
CLICNU


CLIMATE REPORT
NATIONAL WEATHER SERVICE WICHITA KS
133 AM CDT FRI AUG 12 2016


...................................

...THE CHANUTE KS CLIMATE SUMMARY FOR AUGUST 11 2016...

CLIMATE NORMAL PERIOD 1981 TO 2010
CLIMATE RECORD PERIOD 1894 TO 2016


WEATHER ITEM   OBSERVED TIME   RECORD YEAR NORMAL DEPARTURE LAST
                VALUE   (LST)  VALUE       VALUE  FROM      YEAR
                                                  NORMAL
..................................................................
TEMPERATURE (F)
 YESTERDAY
  MAXIMUM         98    328 PM 107    1936  91      7       85
  MINIMUM         76    437 AM  53    2012  69      7       65
  AVERAGE         87                        80      7       75

PRECIPITATION (IN)
  YESTERDAY        0.00          2.22 1977   0.13  -0.13     0.00
  MONTH TO DATE    2.20                      1.28   0.92     2.56
  SINCE JUN 1      9.89                     11.68  -1.79     9.73
  SINCE JAN 1     21.68                     28.08  -6.40    27.70

DEGREE DAYS
 HEATING
  YESTERDAY        0                         0      0        0
  MONTH TO DATE    0                         0      0        0
  SINCE JUN 1      0                         6     -6        0
  SINCE JUL 1      0                         0      0        0

 COOLING
  YESTERDAY       22                        15      7       10
  MONTH TO DATE  195                       165     30      168
  SINCE JUN 1   1130                       906    224     1045
  SINCE JAN 1   1237                      1039    198     1154
..................................................................


WIND (MPH)
  HIGHEST WIND SPEED    16   HIGHEST WIND DIRECTION     S (190)
  HIGHEST GUST SPEED    22   HIGHEST GUST DIRECTION     S (180)
  AVERAGE WIND SPEED     9.9


SKY COVER
  POSSIBLE SUNSHINE  MM
  AVERAGE SKY COVER 0.0


WEATHER CONDITIONS
 THE FOLLOWING WEATHER WAS RECORDED YESTERDAY.
  NO SIGNIFICANT WEATHER WAS OBSERVED.


RELATIVE HUMIDITY (PERCENT)
 HIGHEST    94           300 AM
 LOWEST     48           200 PM
 AVERAGE    71

..........................................................


THE CHANUTE KS CLIMATE NORMALS FOR TODAY
                         NORMAL    RECORD    YEAR
 MAXIMUM TEMPERATURE (F)   91       109      1934
 MINIMUM TEMPERATURE (F)   69        47      2004


SUNRISE AND SUNSET
AUGUST 12 2016........SUNRISE   636 AM CDT   SUNSET   818 PM CDT
AUGUST 13 2016........SUNRISE   636 AM CDT   SUNSET   816 PM CDT


-  INDICATES NEGATIVE NUMBERS.
R  INDICATES RECORD WAS SET OR TIED.
MM INDICATES DATA IS MISSING.
T  INDICATES TRACE AMOUNT.




$$
