000
CDUS43 KICT 020628
CLICNU


CLIMATE REPORT
NATIONAL WEATHER SERVICE WICHITA KS
1227 AM CST TUE DEC 2 2014


...................................

...THE CHANUTE KS CLIMATE SUMMARY FOR DECEMBER 1 2014...

CLIMATE NORMAL PERIOD 1981 TO 2010
CLIMATE RECORD PERIOD 1894 TO 2014


WEATHER ITEM   OBSERVED TIME   RECORD YEAR NORMAL DEPARTURE LAST
                VALUE   (LST)  VALUE       VALUE  FROM      YEAR
                                                  NORMAL
..................................................................
TEMPERATURE (F)
 YESTERDAY
  MAXIMUM         30    438 PM  73    1950  49    -19       61
  MINIMUM         19    723 AM   3    2006  29    -10       27
  AVERAGE         25                        39    -14       44

PRECIPITATION (IN)
  YESTERDAY        0.00          0.92 1912   0.07  -0.07     0.00
  MONTH TO DATE    0.00                      0.07  -0.07     0.00
  SINCE DEC 1      0.00                      0.07  -0.07     0.00
  SINCE JAN 1     29.51                     40.39 -10.88    47.59

DEGREE DAYS
 HEATING
  YESTERDAY       40                        26     14       21
  MONTH TO DATE   40                        26     14       21
  SINCE DEC 1     40                        26     14       21
  SINCE JUL 1    982                       878    104      941

 COOLING
  YESTERDAY        0                         0      0        0
  MONTH TO DATE    0                         0      0        0
  SINCE DEC 1      0                         0      0        0
  SINCE JAN 1   1512                      1532    -20     1560
..................................................................


WIND (MPH)
  HIGHEST WIND SPEED    22   HIGHEST WIND DIRECTION     N (10)
  HIGHEST GUST SPEED    31   HIGHEST GUST DIRECTION     N (10)
  AVERAGE WIND SPEED    12.4


SKY COVER
  POSSIBLE SUNSHINE  MM
  AVERAGE SKY COVER 0.9


WEATHER CONDITIONS
 THE FOLLOWING WEATHER WAS RECORDED YESTERDAY.
  NO SIGNIFICANT WEATHER WAS OBSERVED.


RELATIVE HUMIDITY (PERCENT)
 HIGHEST    62           300 AM
 LOWEST     28           300 PM
 AVERAGE    45

..........................................................


THE CHANUTE KS CLIMATE NORMALS FOR TODAY
                         NORMAL    RECORD    YEAR
 MAXIMUM TEMPERATURE (F)   48        73      1995
 MINIMUM TEMPERATURE (F)   29        -2      2006


SUNRISE AND SUNSET
DECEMBER  2 2014......SUNRISE   719 AM CST   SUNSET   503 PM CST
DECEMBER  3 2014......SUNRISE   720 AM CST   SUNSET   503 PM CST


-  INDICATES NEGATIVE NUMBERS.
R  INDICATES RECORD WAS SET OR TIED.
MM INDICATES DATA IS MISSING.
T  INDICATES TRACE AMOUNT.




$$

JMBW
