000
CDUS43 KICT 230658
CLICNU

CLIMATE REPORT
NATIONAL WEATHER SERVICE WICHITA KS
1257 AM CST THU FEB 23 2017

...................................

...THE CHANUTE KS CLIMATE SUMMARY FOR FEBRUARY 22 2017...

CLIMATE NORMAL PERIOD 1981 TO 2010
CLIMATE RECORD PERIOD 1894 TO 2017


WEATHER ITEM   OBSERVED TIME   RECORD YEAR NORMAL DEPARTURE LAST
                VALUE   (LST)  VALUE       VALUE  FROM      YEAR
                                                  NORMAL
..................................................................
TEMPERATURE (F)
 YESTERDAY
  MAXIMUM         82R   321 PM  80    1996  50     32       56
  MINIMUM         39    351 AM   8    1912  29     10       31
  AVERAGE         61                        40     21       44

PRECIPITATION (IN)
  YESTERDAY        0.00          1.76 1915   0.08  -0.08     0.00
  MONTH TO DATE    0.03                      1.42  -1.39     0.30
  SINCE DEC 1      2.65                      4.43  -1.78     4.63
  SINCE JAN 1      1.87                      2.68  -0.81     1.08

DEGREE DAYS
 HEATING
  YESTERDAY        4                        25    -21       21
  MONTH TO DATE  396                       628   -232      494
  SINCE DEC 1   2180                      2575   -395     2180
  SINCE JUL 1   2658                      3427   -769     2823

 COOLING
  YESTERDAY        0                         0      0        0
  MONTH TO DATE    3                         0      3        0
  SINCE DEC 1      3                         0      3        0
  SINCE JAN 1      3                         0      3        0
..................................................................


WIND (MPH)
  HIGHEST WIND SPEED    28   HIGHEST WIND DIRECTION     S (190)
  HIGHEST GUST SPEED    33   HIGHEST GUST DIRECTION    SW (210)
  AVERAGE WIND SPEED    10.3


SKY COVER
  POSSIBLE SUNSHINE  MM
  AVERAGE SKY COVER 0.0


WEATHER CONDITIONS
 THE FOLLOWING WEATHER WAS RECORDED YESTERDAY.
  NO SIGNIFICANT WEATHER WAS OBSERVED.


RELATIVE HUMIDITY (PERCENT)
 HIGHEST    92           400 AM
 LOWEST     17           400 PM
 AVERAGE    55

..........................................................


THE CHANUTE KS CLIMATE NORMALS FOR TODAY
                         NORMAL    RECORD    YEAR
 MAXIMUM TEMPERATURE (F)   51        78      1918
 MINIMUM TEMPERATURE (F)   29         2      1899


SUNRISE AND SUNSET
FEBRUARY 23 2017......SUNRISE   701 AM CST   SUNSET   610 PM CST
FEBRUARY 24 2017......SUNRISE   700 AM CST   SUNSET   611 PM CST


-  INDICATES NEGATIVE NUMBERS.
R  INDICATES RECORD WAS SET OR TIED.
MM INDICATES DATA IS MISSING.
T  INDICATES TRACE AMOUNT.

$$
