000
CDUS43 KICT 130721
CLICNU

CLIMATE REPORT
NATIONAL WEATHER SERVICE WICHITA KS
119 AM CST TUE JAN 13 2015

...................................

...THE CHANUTE KS CLIMATE SUMMARY FOR JANUARY 12 2015...

CLIMATE NORMAL PERIOD 1981 TO 2010
CLIMATE RECORD PERIOD 1894 TO 2015


WEATHER ITEM   OBSERVED TIME   RECORD YEAR NORMAL DEPARTURE LAST
                VALUE   (LST)  VALUE       VALUE  FROM      YEAR
                                                  NORMAL
..................................................................
TEMPERATURE (F)
 YESTERDAY
  MAXIMUM         35    206 PM  70    1960  42     -7       67
  MINIMUM         19   1159 PM -19    1918  23     -4       31
  AVERAGE         27                        32     -5       49

PRECIPITATION (IN)
  YESTERDAY        0.00          0.74 1927   0.04  -0.04     0.00
  MONTH TO DATE    0.20                      0.47  -0.27     0.11
  SINCE DEC 1      2.57                      2.22   0.35     0.27
  SINCE JAN 1      0.20                      0.47  -0.27     0.11

DEGREE DAYS
 HEATING
  YESTERDAY       38                        33      5       16
  MONTH TO DATE  493                       396     97      455
  SINCE DEC 1   1328                      1337     -9     1488
  SINCE JUL 1   2270                      2189     81     2408

 COOLING
  YESTERDAY        0                         0      0        0
  MONTH TO DATE    0                         0      0        0
  SINCE DEC 1      0                         0      0        0
  SINCE JAN 1      0                         0      0        0
..................................................................


WIND (MPH)
  HIGHEST WIND SPEED    22   HIGHEST WIND DIRECTION     N (20)
  HIGHEST GUST SPEED    29   HIGHEST GUST DIRECTION     N (360)
  AVERAGE WIND SPEED    12.4


SKY COVER
  POSSIBLE SUNSHINE  MM
  AVERAGE SKY COVER 0.5


WEATHER CONDITIONS
 THE FOLLOWING WEATHER WAS RECORDED YESTERDAY.
  FOG


RELATIVE HUMIDITY (PERCENT)
 HIGHEST   100          1200 AM
 LOWEST     41           100 PM
 AVERAGE    71

..........................................................


THE CHANUTE KS CLIMATE NORMALS FOR TODAY
                         NORMAL    RECORD    YEAR
 MAXIMUM TEMPERATURE (F)   42        69      1996
 MINIMUM TEMPERATURE (F)   23       -11      1916


SUNRISE AND SUNSET
JANUARY 13 2015.......SUNRISE   736 AM CST   SUNSET   525 PM CST
JANUARY 14 2015.......SUNRISE   736 AM CST   SUNSET   526 PM CST


-  INDICATES NEGATIVE NUMBERS.
R  INDICATES RECORD WAS SET OR TIED.
MM INDICATES DATA IS MISSING.
T  INDICATES TRACE AMOUNT.

$$
