000
CDUS43 KICT 210641
CLICNU

CLIMATE REPORT
NATIONAL WEATHER SERVICE WICHITA KS
140 AM CDT FRI MAR 21 2014


...................................

...THE CHANUTE KS CLIMATE SUMMARY FOR MARCH 20 2014...

CLIMATE NORMAL PERIOD 1981 TO 2010
CLIMATE RECORD PERIOD 1894 TO 2014


WEATHER ITEM   OBSERVED TIME   RECORD YEAR NORMAL DEPARTURE LAST
                VALUE   (LST)  VALUE       VALUE  FROM      YEAR
                                                  NORMAL
..................................................................
TEMPERATURE (F)
 YESTERDAY
  MAXIMUM         72    415 PM  82    1953  60     12       45
  MINIMUM         31    637 AM  12    1965  37     -6       28
  AVERAGE         52                        48      4       37

PRECIPITATION (IN)
  YESTERDAY        0.00          2.18 1909   0.10  -0.10     0.00
  MONTH TO DATE    0.73                      1.88  -1.15     0.78
  SINCE MAR 1      0.73                      1.88  -1.15     0.78
  SINCE JAN 1      1.70                      5.04  -3.34     6.54

DEGREE DAYS
 HEATING
  YESTERDAY       13                        17     -4       28
  MONTH TO DATE  487                       396     91      452
  SINCE MAR 1    487                       396     91      452
  SINCE JUL 1   4507                      3968    539     3544

 COOLING
  YESTERDAY        0                         0      0        0
  MONTH TO DATE    0                         0      0        0
  SINCE MAR 1      0                         0      0        0
  SINCE JAN 1      0                         0      0        1
..................................................................


WIND (MPH)
  HIGHEST WIND SPEED    28   HIGHEST WIND DIRECTION    SW (210)
  HIGHEST GUST SPEED    35   HIGHEST GUST DIRECTION     S (190)
  AVERAGE WIND SPEED    14.2


SKY COVER
  POSSIBLE SUNSHINE  MM
  AVERAGE SKY COVER 0.0


WEATHER CONDITIONS
 THE FOLLOWING WEATHER WAS RECORDED YESTERDAY.
  NO SIGNIFICANT WEATHER WAS OBSERVED.


RELATIVE HUMIDITY (PERCENT)
 HIGHEST    78           700 AM
 LOWEST     17           400 PM
 AVERAGE    48

..........................................................


THE CHANUTE KS CLIMATE NORMALS FOR TODAY
                         NORMAL    RECORD    YEAR
 MAXIMUM TEMPERATURE (F)   60        95      1916
 MINIMUM TEMPERATURE (F)   38        10      1913


SUNRISE AND SUNSET
MARCH 21 2014.........SUNRISE   724 AM CDT   SUNSET   735 PM CDT
MARCH 22 2014.........SUNRISE   722 AM CDT   SUNSET   736 PM CDT


-  INDICATES NEGATIVE NUMBERS.
R  INDICATES RECORD WAS SET OR TIED.
MM INDICATES DATA IS MISSING.
T  INDICATES TRACE AMOUNT.




$$
