000
CDUS43 KICT 100627
CLICNU


CLIMATE REPORT
NATIONAL WEATHER SERVICE WICHITA KS
127 AM CDT FRI JUL 10 2015


...................................

...THE CHANUTE KS CLIMATE SUMMARY FOR JULY 9 2015...

CLIMATE NORMAL PERIOD 1981 TO 2010
CLIMATE RECORD PERIOD 1894 TO 2015


WEATHER ITEM   OBSERVED TIME   RECORD YEAR NORMAL DEPARTURE LAST
                VALUE   (LST)  VALUE       VALUE  FROM      YEAR
                                                  NORMAL
..................................................................
TEMPERATURE (F)
 YESTERDAY
  MAXIMUM         75    406 PM 107    1980  89    -14       88
  MINIMUM         66    529 AM  55    1947  69     -3       62
  AVERAGE         71                        79     -8       75

PRECIPITATION (IN)
  YESTERDAY        0.06          2.04 1909   0.16  -0.10     0.00
  MONTH TO DATE    4.10                      1.42   2.68     0.67
  SINCE JUN 1      6.47                      7.45  -0.98     8.72
  SINCE JAN 1     24.44                     23.85   0.59    18.18

DEGREE DAYS
 HEATING
  YESTERDAY        0                         0      0        0
  MONTH TO DATE    0                         0      0        0
  SINCE JUN 1      0                         6     -6        0
  SINCE JUL 1      0                         0      0        0

 COOLING
  YESTERDAY        6                        14     -8       10
  MONTH TO DATE   96                       124    -28       89
  SINCE JUN 1    487                       416     71      387
  SINCE JAN 1    596                       549     47      579
..................................................................


WIND (MPH)
  HIGHEST WIND SPEED    13   HIGHEST WIND DIRECTION     E (110)
  HIGHEST GUST SPEED    17   HIGHEST GUST DIRECTION    SE (130)
  AVERAGE WIND SPEED     4.2


SKY COVER
  POSSIBLE SUNSHINE  MM
  AVERAGE SKY COVER 0.9


WEATHER CONDITIONS
 THE FOLLOWING WEATHER WAS RECORDED YESTERDAY.
  LIGHT RAIN
  FOG


RELATIVE HUMIDITY (PERCENT)
 HIGHEST   100          1000 PM
 LOWEST     84           100 PM
 AVERAGE    92

..........................................................


THE CHANUTE KS CLIMATE NORMALS FOR TODAY
                         NORMAL    RECORD    YEAR
 MAXIMUM TEMPERATURE (F)   90       109      1980
 MINIMUM TEMPERATURE (F)   69        56      1961


SUNRISE AND SUNSET
JULY 10 2015..........SUNRISE   609 AM CDT   SUNSET   845 PM CDT
JULY 11 2015..........SUNRISE   609 AM CDT   SUNSET   845 PM CDT


-  INDICATES NEGATIVE NUMBERS.
R  INDICATES RECORD WAS SET OR TIED.
MM INDICATES DATA IS MISSING.
T  INDICATES TRACE AMOUNT.




$$
