000
CDUS43 KICT 270631
CLICNU


CLIMATE REPORT
NATIONAL WEATHER SERVICE WICHITA KS
131 AM CDT SUN MAR 27 2016


...................................

...THE CHANUTE KS CLIMATE SUMMARY FOR MARCH 26 2016...

CLIMATE NORMAL PERIOD 1981 TO 2010
CLIMATE RECORD PERIOD 1894 TO 2016


WEATHER ITEM   OBSERVED TIME   RECORD YEAR NORMAL DEPARTURE LAST
                VALUE   (LST)  VALUE       VALUE  FROM      YEAR
                                                  NORMAL
..................................................................
TEMPERATURE (F)
 YESTERDAY
  MAXIMUM         69    247 PM  85    1918  62      7       56
  MINIMUM         40   1238 AM   6    1955  39      1       37
  AVERAGE         55                        50      5       47

PRECIPITATION (IN)
  YESTERDAY        0.04          1.52 1983   0.10  -0.06     0.01
  MONTH TO DATE    0.64                      2.48  -1.84     0.55
  SINCE MAR 1      0.64                      2.48  -1.84     0.55
  SINCE JAN 1      1.72                      5.64  -3.92     1.86

DEGREE DAYS
 HEATING
  YESTERDAY       10                        15     -5       18
  MONTH TO DATE  334                       489   -155      437
  SINCE MAR 1    334                       489   -155      437
  SINCE JUL 1   3299                      4061   -762     4127

 COOLING
  YESTERDAY        0                         0      0        0
  MONTH TO DATE    0                         0      0        0
  SINCE MAR 1      0                         0      0        0
  SINCE JAN 1      0                         0      0        0
..................................................................


WIND (MPH)
  HIGHEST WIND SPEED    23   HIGHEST WIND DIRECTION     N (350)
  HIGHEST GUST SPEED    32   HIGHEST GUST DIRECTION     N (350)
  AVERAGE WIND SPEED    11.6


SKY COVER
  POSSIBLE SUNSHINE  MM
  AVERAGE SKY COVER 0.5


WEATHER CONDITIONS
 THE FOLLOWING WEATHER WAS RECORDED YESTERDAY.
  THUNDERSTORM
  LIGHT RAIN


RELATIVE HUMIDITY (PERCENT)
 HIGHEST    77          1000 AM
 LOWEST     42           200 PM
 AVERAGE    60

..........................................................


THE CHANUTE KS CLIMATE NORMALS FOR TODAY
                         NORMAL    RECORD    YEAR
 MAXIMUM TEMPERATURE (F)   62        86      1910
 MINIMUM TEMPERATURE (F)   39        17      1955


SUNRISE AND SUNSET
MARCH 27 2016.........SUNRISE   714 AM CDT   SUNSET   741 PM CDT
MARCH 28 2016.........SUNRISE   713 AM CDT   SUNSET   742 PM CDT


-  INDICATES NEGATIVE NUMBERS.
R  INDICATES RECORD WAS SET OR TIED.
MM INDICATES DATA IS MISSING.
T  INDICATES TRACE AMOUNT.




$$
