000
CDUS43 KICT 310621
CLICNU

CLIMATE REPORT
NATIONAL WEATHER SERVICE WICHITA KS
120 AM CDT THU AUG 31 2017


...................................

...THE CHANUTE KS CLIMATE SUMMARY FOR AUGUST 30 2017...

CLIMATE NORMAL PERIOD 1981 TO 2010
CLIMATE RECORD PERIOD 1894 TO 2017


WEATHER ITEM   OBSERVED TIME   RECORD YEAR NORMAL DEPARTURE LAST
                VALUE   (LST)  VALUE       VALUE  FROM      YEAR
                                                  NORMAL
..................................................................
TEMPERATURE (F)
 YESTERDAY
  MAXIMUM         84    404 PM 103    1947  88     -4       92
  MINIMUM         58    516 AM  48    1911  65     -7       71
  AVERAGE         71                        77     -6       82

PRECIPITATION (IN)
  YESTERDAY        0.00          2.76 1920   0.12  -0.12     0.18
  MONTH TO DATE   11.33                      3.58   7.75     5.73
  SINCE JUN 1     15.56                     13.98   1.58    13.42
  SINCE JAN 1     36.64                     30.38   6.26    25.21

DEGREE DAYS
 HEATING
  YESTERDAY        0                         0      0        0
  MONTH TO DATE    0                         0      0        0
  SINCE JUN 1      0                         6     -6        0
  SINCE JUL 1      0                         0      0        0

 COOLING
  YESTERDAY        6                        12     -6       17
  MONTH TO DATE  311                       420   -109      427
  SINCE JUN 1   1132                      1161    -29     1362
  SINCE JAN 1   1299                      1294      5     1469
..................................................................


WIND (MPH)
  HIGHEST WIND SPEED    15   HIGHEST WIND DIRECTION    NE (40)
  HIGHEST GUST SPEED    23   HIGHEST GUST DIRECTION     N (20)
  AVERAGE WIND SPEED     6.9


SKY COVER
  POSSIBLE SUNSHINE  MM
  AVERAGE SKY COVER 0.2


WEATHER CONDITIONS
 THE FOLLOWING WEATHER WAS RECORDED YESTERDAY.
  NO SIGNIFICANT WEATHER WAS OBSERVED.


RELATIVE HUMIDITY (PERCENT)
 HIGHEST    97          1200 AM
 LOWEST     47           400 PM
 AVERAGE    72

..........................................................


THE CHANUTE KS CLIMATE NORMALS FOR TODAY
                         NORMAL    RECORD    YEAR
 MAXIMUM TEMPERATURE (F)   87       106      2011
 MINIMUM TEMPERATURE (F)   65        46      2009
                                             1915


SUNRISE AND SUNSET
AUGUST 31 2017........SUNRISE   651 AM CDT   SUNSET   752 PM CDT
SEPTEMBER  1 2017.....SUNRISE   652 AM CDT   SUNSET   751 PM CDT


-  INDICATES NEGATIVE NUMBERS.
R  INDICATES RECORD WAS SET OR TIED.
MM INDICATES DATA IS MISSING.
T  INDICATES TRACE AMOUNT.




$$
