000
CDUS43 KICT 080622
CLICNU


CLIMATE REPORT
NATIONAL WEATHER SERVICE WICHITA KS
122 AM CDT THU SEP 8 2016


...................................

...THE CHANUTE KS CLIMATE SUMMARY FOR SEPTEMBER 7 2016...

CLIMATE NORMAL PERIOD 1981 TO 2010
CLIMATE RECORD PERIOD 1894 TO 2016


WEATHER ITEM   OBSERVED TIME   RECORD YEAR NORMAL DEPARTURE LAST
                VALUE   (LST)  VALUE       VALUE  FROM      YEAR
                                                  NORMAL
..................................................................
TEMPERATURE (F)
 YESTERDAY
  MAXIMUM         94    225 PM 105    1998  85      9       88
  MINIMUM         76    348 AM  42    1898  63     13       74
  AVERAGE         85                        74     11       81

PRECIPITATION (IN)
  YESTERDAY        0.00          3.04 1937   0.11  -0.11      T
  MONTH TO DATE    0.00                      0.78  -0.78      T
  SINCE SEP 1      0.00                      0.78  -0.78      T
  SINCE JAN 1     25.23                     31.27  -6.04    31.31

DEGREE DAYS
 HEATING
  YESTERDAY        0                         0      0        0
  MONTH TO DATE    0                         0      0        0
  SINCE SEP 1      0                         0      0        0
  SINCE JUL 1      0                         1     -1        0

 COOLING
  YESTERDAY       20                         9     11       16
  MONTH TO DATE   85                        70     15      103
  SINCE SEP 1     85                        70     15      103
  SINCE JAN 1   1566                      1374    192     1422
..................................................................


WIND (MPH)
  HIGHEST WIND SPEED    24   HIGHEST WIND DIRECTION     S (190)
  HIGHEST GUST SPEED    29   HIGHEST GUST DIRECTION     S (190)
  AVERAGE WIND SPEED    14.3


SKY COVER
  POSSIBLE SUNSHINE  MM
  AVERAGE SKY COVER 0.1


WEATHER CONDITIONS
 THE FOLLOWING WEATHER WAS RECORDED YESTERDAY.
  NO SIGNIFICANT WEATHER WAS OBSERVED.


RELATIVE HUMIDITY (PERCENT)
 HIGHEST    82           200 AM
 LOWEST     52           200 PM
 AVERAGE    67

..........................................................


THE CHANUTE KS CLIMATE NORMALS FOR TODAY
                         NORMAL    RECORD    YEAR
 MAXIMUM TEMPERATURE (F)   85       103      1925
 MINIMUM TEMPERATURE (F)   62        42      1898


SUNRISE AND SUNSET
SEPTEMBER  8 2016.....SUNRISE   658 AM CDT   SUNSET   740 PM CDT
SEPTEMBER  9 2016.....SUNRISE   659 AM CDT   SUNSET   738 PM CDT


-  INDICATES NEGATIVE NUMBERS.
R  INDICATES RECORD WAS SET OR TIED.
MM INDICATES DATA IS MISSING.
T  INDICATES TRACE AMOUNT.




$$
