000
CDUS43 KICT 200744
CLICNU


CLIMATE REPORT
NATIONAL WEATHER SERVICE WICHITA KS
243 AM CDT THU MAR 20 2014


...................................

...THE CHANUTE KS CLIMATE SUMMARY FOR MARCH 19 2014...

CLIMATE NORMAL PERIOD 1981 TO 2010
CLIMATE RECORD PERIOD 1894 TO 2014


WEATHER ITEM   OBSERVED TIME   RECORD YEAR NORMAL DEPARTURE LAST
                VALUE   (LST)  VALUE       VALUE  FROM      YEAR
                                                  NORMAL
..................................................................
TEMPERATURE (F)
 YESTERDAY
  MAXIMUM         58    408 PM  83    1995  59     -1       51
  MINIMUM         33   1028 PM   4    1923  37     -4       24
  AVERAGE         46                        48     -2       38

PRECIPITATION (IN)
  YESTERDAY        0.00          2.16 2012   0.10  -0.10      T
  MONTH TO DATE    0.73                      1.78  -1.05     0.78
  SINCE MAR 1      0.73                      1.78  -1.05     0.78
  SINCE JAN 1      1.70                      4.94  -3.24     6.54

DEGREE DAYS
 HEATING
  YESTERDAY       19                        17      2       27
  MONTH TO DATE  474                       379     95      424
  SINCE MAR 1    474                       379     95      424
  SINCE JUL 1   4494                      3951    543     3516

 COOLING
  YESTERDAY        0                         0      0        0
  MONTH TO DATE    0                         0      0        0
  SINCE MAR 1      0                         0      0        0
  SINCE JAN 1      0                         0      0        1
..................................................................


WIND (MPH)
  HIGHEST WIND SPEED    29   HIGHEST WIND DIRECTION    NW (320)
  HIGHEST GUST SPEED    38   HIGHEST GUST DIRECTION    NW (310)
  AVERAGE WIND SPEED    12.7


SKY COVER
  POSSIBLE SUNSHINE  MM
  AVERAGE SKY COVER 0.4


WEATHER CONDITIONS
 THE FOLLOWING WEATHER WAS RECORDED YESTERDAY.
  NO SIGNIFICANT WEATHER WAS OBSERVED.


RELATIVE HUMIDITY (PERCENT)
 HIGHEST    76           300 AM
 LOWEST     26           500 PM
 AVERAGE    51

..........................................................


THE CHANUTE KS CLIMATE NORMALS FOR TODAY
                         NORMAL    RECORD    YEAR
 MAXIMUM TEMPERATURE (F)   60        82      1953
 MINIMUM TEMPERATURE (F)   37        12      1965


SUNRISE AND SUNSET
MARCH 20 2014.........SUNRISE   725 AM CDT   SUNSET   734 PM CDT
MARCH 21 2014.........SUNRISE   724 AM CDT   SUNSET   735 PM CDT


-  INDICATES NEGATIVE NUMBERS.
R  INDICATES RECORD WAS SET OR TIED.
MM INDICATES DATA IS MISSING.
T  INDICATES TRACE AMOUNT.




$$
