000
CDUS43 KICT 150638
CLICNU


CLIMATE REPORT
NATIONAL WEATHER SERVICE WICHITA KS
1238 AM CST TUE NOV 15 2016


...................................

...THE CHANUTE KS CLIMATE SUMMARY FOR NOVEMBER 14 2016...

CLIMATE NORMAL PERIOD 1981 TO 2010
CLIMATE RECORD PERIOD 1894 TO 2016


WEATHER ITEM   OBSERVED TIME   RECORD YEAR NORMAL DEPARTURE LAST
                VALUE   (LST)  VALUE       VALUE  FROM      YEAR
                                                  NORMAL
..................................................................
TEMPERATURE (F)
 YESTERDAY
  MAXIMUM         70    358 PM  80    1899  58     12       68
  MINIMUM         41   1159 PM  10    1959  37      4       37
  AVERAGE         56                        47      9       53

PRECIPITATION (IN)
  YESTERDAY        0.00          1.73 1985   0.09  -0.09     0.00
  MONTH TO DATE    0.30                      1.26  -0.96      T
  SINCE SEP 1     10.72                      8.59   2.13     2.89
  SINCE JAN 1     35.95                     39.08  -3.13    34.20

DEGREE DAYS
 HEATING
  YESTERDAY        9                        18     -9       12
  MONTH TO DATE  126                       209    -83      156
  SINCE SEP 1    224                       496   -272      336
  SINCE JUL 1    224                       497   -273      336

 COOLING
  YESTERDAY        0                         0      0        0
  MONTH TO DATE   15                         0     15        0
  SINCE SEP 1    360                       225    135      293
  SINCE JAN 1   1841                      1529    312     1612
..................................................................


WIND (MPH)
  HIGHEST WIND SPEED    14   HIGHEST WIND DIRECTION     S (200)
  HIGHEST GUST SPEED    17   HIGHEST GUST DIRECTION     S (200)
  AVERAGE WIND SPEED     5.0


SKY COVER
  POSSIBLE SUNSHINE  MM
  AVERAGE SKY COVER 0.0


WEATHER CONDITIONS
 THE FOLLOWING WEATHER WAS RECORDED YESTERDAY.
  NO SIGNIFICANT WEATHER WAS OBSERVED.


RELATIVE HUMIDITY (PERCENT)
 HIGHEST    89          1100 PM
 LOWEST     47           400 PM
 AVERAGE    68

..........................................................


THE CHANUTE KS CLIMATE NORMALS FOR TODAY
                         NORMAL    RECORD    YEAR
 MAXIMUM TEMPERATURE (F)   57        81      1899
 MINIMUM TEMPERATURE (F)   36         6      1940


SUNRISE AND SUNSET
NOVEMBER 15 2016......SUNRISE   702 AM CST   SUNSET   510 PM CST
NOVEMBER 16 2016......SUNRISE   704 AM CST   SUNSET   510 PM CST


-  INDICATES NEGATIVE NUMBERS.
R  INDICATES RECORD WAS SET OR TIED.
MM INDICATES DATA IS MISSING.
T  INDICATES TRACE AMOUNT.




$$
