000
CDUS43 KICT 120628
CLICNU


CLIMATE REPORT
NATIONAL WEATHER SERVICE WICHITA KS
128 AM CDT THU MAR 12 2015


...................................

...THE CHANUTE KS CLIMATE SUMMARY FOR MARCH 11 2015...

CLIMATE NORMAL PERIOD 1981 TO 2010
CLIMATE RECORD PERIOD 1894 TO 2015


WEATHER ITEM   OBSERVED TIME   RECORD YEAR NORMAL DEPARTURE LAST
                VALUE   (LST)  VALUE       VALUE  FROM      YEAR
                                                  NORMAL
..................................................................
TEMPERATURE (F)
 YESTERDAY
  MAXIMUM         77    201 PM  88    1967  56     21       79
  MINIMUM         37    456 AM  -4    1948  35      2       40
  AVERAGE         57                        46     11       60

PRECIPITATION (IN)
  YESTERDAY        0.00          1.74 1990   0.09  -0.09     0.00
  MONTH TO DATE    0.01                      1.01  -1.00     0.10
  SINCE MAR 1      0.01                      1.01  -1.00     0.10
  SINCE JAN 1      1.32                      4.17  -2.85     1.07

DEGREE DAYS
 HEATING
  YESTERDAY        8                        19    -11        5
  MONTH TO DATE  263                       234     29      326
  SINCE MAR 1    263                       234     29      326
  SINCE JUL 1   3953                      3806    147     4346

 COOLING
  YESTERDAY        0                         0      0        0
  MONTH TO DATE    0                         0      0        0
  SINCE MAR 1      0                         0      0        0
  SINCE JAN 1      0                         0      0        0
..................................................................


WIND (MPH)
  HIGHEST WIND SPEED    15   HIGHEST WIND DIRECTION    SE (150)
  HIGHEST GUST SPEED    19   HIGHEST GUST DIRECTION    SW (210)
  AVERAGE WIND SPEED     5.5


SKY COVER
  POSSIBLE SUNSHINE  MM
  AVERAGE SKY COVER 0.0


WEATHER CONDITIONS
 THE FOLLOWING WEATHER WAS RECORDED YESTERDAY.
  FOG


RELATIVE HUMIDITY (PERCENT)
 HIGHEST   100           400 AM
 LOWEST     23           300 PM
 AVERAGE    62

..........................................................


THE CHANUTE KS CLIMATE NORMALS FOR TODAY
                         NORMAL    RECORD    YEAR
 MAXIMUM TEMPERATURE (F)   57        86      1916
 MINIMUM TEMPERATURE (F)   35         0      1948


SUNRISE AND SUNSET
MARCH 12 2015.........SUNRISE   738 AM CDT   SUNSET   726 PM CDT
MARCH 13 2015.........SUNRISE   736 AM CDT   SUNSET   727 PM CDT


-  INDICATES NEGATIVE NUMBERS.
R  INDICATES RECORD WAS SET OR TIED.
MM INDICATES DATA IS MISSING.
T  INDICATES TRACE AMOUNT.




$$
