261
CDUS43 KICT 050630
CLICNU


CLIMATE REPORT
NATIONAL WEATHER SERVICE WICHITA KS
1230 AM CST MON FEB 5 2018


...................................

...THE CHANUTE KS CLIMATE SUMMARY FOR FEBRUARY 4 2018...

CLIMATE NORMAL PERIOD 1981 TO 2010
CLIMATE RECORD PERIOD 1894 TO 2018


WEATHER ITEM   OBSERVED TIME   RECORD YEAR NORMAL DEPARTURE LAST
                VALUE   (LST)  VALUE       VALUE  FROM      YEAR
                                                  NORMAL
..................................................................
TEMPERATURE (F)
 YESTERDAY
  MAXIMUM         36   1232 AM  76    2008  45     -9       49
  MINIMUM          6   1157 PM  -6    1996  24    -18       23
  AVERAGE         21                        34    -13       36

PRECIPITATION (IN)
  YESTERDAY        0.01          1.24 1960   0.05  -0.04     0.00
  MONTH TO DATE    0.01                      0.20  -0.19     0.00
  SINCE DEC 1      0.86                      3.21  -2.35     2.62
  SINCE JAN 1      0.62                      1.46  -0.84     1.84

DEGREE DAYS
 HEATING
  YESTERDAY       44                        31     13       29
  MONTH TO DATE  142                       124     18      125
  SINCE DEC 1   1982                      2071    -89     1909
  SINCE JUL 1   2683                      2923   -240     2387

 COOLING
  YESTERDAY        0                         0      0        0
  MONTH TO DATE    0                         0      0        0
  SINCE DEC 1      0                         0      0        0
  SINCE JAN 1      0                         0      0        0
..................................................................


WIND (MPH)
  HIGHEST WIND SPEED    26   HIGHEST WIND DIRECTION     N (340)
  HIGHEST GUST SPEED    36   HIGHEST GUST DIRECTION     N (340)
  AVERAGE WIND SPEED    12.5


SKY COVER
  POSSIBLE SUNSHINE  MM
  AVERAGE SKY COVER 0.5


WEATHER CONDITIONS
 THE FOLLOWING WEATHER WAS RECORDED YESTERDAY.
  SNOW
  LIGHT SNOW
  FOG


RELATIVE HUMIDITY (PERCENT)
 HIGHEST    80           100 PM
 LOWEST     56           500 PM
 AVERAGE    68

..........................................................


THE CHANUTE KS CLIMATE NORMALS FOR TODAY
                         NORMAL    RECORD    YEAR
 MAXIMUM TEMPERATURE (F)   45        68      1963
 MINIMUM TEMPERATURE (F)   24        -6      1979


SUNRISE AND SUNSET
FEBRUARY  5 2018......SUNRISE   722 AM CST   SUNSET   550 PM CST
FEBRUARY  6 2018......SUNRISE   721 AM CST   SUNSET   551 PM CST


-  INDICATES NEGATIVE NUMBERS.
R  INDICATES RECORD WAS SET OR TIED.
MM INDICATES DATA IS MISSING.
T  INDICATES TRACE AMOUNT.




$$
