000
CDUS43 KICT 020632
CLICNU


CLIMATE REPORT
NATIONAL WEATHER SERVICE WICHITA KS
1231 AM CST SUN NOV 2 2014


...................................

...THE CHANUTE KS CLIMATE SUMMARY FOR NOVEMBER 1 2014...

CLIMATE NORMAL PERIOD 1981 TO 2010
CLIMATE RECORD PERIOD 1894 TO 2014


WEATHER ITEM   OBSERVED TIME   RECORD YEAR NORMAL DEPARTURE LAST
                VALUE   (LST)  VALUE       VALUE  FROM      YEAR
                                                  NORMAL
..................................................................
TEMPERATURE (F)
 YESTERDAY
  MAXIMUM         MM        MM  85    1937  64     MM       65
  MINIMUM         MM        MM  21    1991  42     MM       43
  AVERAGE         MM                        53     MM       54

PRECIPITATION (IN)
  YESTERDAY        0.00          3.10 1948   0.08  -0.08     0.00
  MONTH TO DATE    0.00                      0.08  -0.08     0.00
  SINCE SEP 1      7.68                      7.41   0.27    10.14
  SINCE JAN 1     28.16                     37.90  -9.74    45.76

DEGREE DAYS
 HEATING
  YESTERDAY       MM                        12     MM       11
  MONTH TO DATE   MM                        12     MM       11
  SINCE SEP 1    209                       299    -90      298
  SINCE JUL 1    210                       300    -90      298

 COOLING
  YESTERDAY       MM                         0     MM        0
  MONTH TO DATE   MM                         0     MM        0
  SINCE SEP 1    224                       225     -1      293
  SINCE JAN 1   1512                      1529    -17     1560
..................................................................


WIND (MPH)
  HIGHEST WIND SPEED     4   HIGHEST WIND DIRECTION     N (360)
  HIGHEST GUST SPEED    MM   HIGHEST GUST DIRECTION    MM
  AVERAGE WIND SPEED     1.7


SKY COVER
  POSSIBLE SUNSHINE   0 PERCENT
  AVERAGE SKY COVER 0.0


WEATHER CONDITIONS
 THE FOLLOWING WEATHER WAS RECORDED YESTERDAY.
  NO SIGNIFICANT WEATHER WAS OBSERVED.


RELATIVE HUMIDITY (PERCENT)
 HIGHEST    MM          1200 AM
 LOWEST     MM          1200 AM
 AVERAGE    MM

..........................................................


THE CHANUTE KS CLIMATE NORMALS FOR TODAY
                         NORMAL    RECORD    YEAR
 MAXIMUM TEMPERATURE (F)   63        83      1914
 MINIMUM TEMPERATURE (F)   42        13      1991


SUNRISE AND SUNSET
NOVEMBER  2 2014......SUNRISE   648 AM CST   SUNSET   522 PM CST
NOVEMBER  3 2014......SUNRISE   649 AM CST   SUNSET   521 PM CST


-  INDICATES NEGATIVE NUMBERS.
R  INDICATES RECORD WAS SET OR TIED.
MM INDICATES DATA IS MISSING.
T  INDICATES TRACE AMOUNT.




$$
