000
CDUS43 KICT 280638
CLICNU


CLIMATE REPORT
NATIONAL WEATHER SERVICE WICHITA KS
137 AM CDT FRI OCT 28 2016


...................................

...THE CHANUTE KS CLIMATE SUMMARY FOR OCTOBER 27 2016...

CLIMATE NORMAL PERIOD 1981 TO 2010
CLIMATE RECORD PERIOD 1894 TO 2016


WEATHER ITEM   OBSERVED TIME   RECORD YEAR NORMAL DEPARTURE LAST
                VALUE   (LST)  VALUE       VALUE  FROM      YEAR
                                                  NORMAL
..................................................................
TEMPERATURE (F)
 YESTERDAY
  MAXIMUM         70    419 PM  87    1927  66      4       61
  MINIMUM         50    527 AM  24    1957  44      6       53
  AVERAGE         60                        55      5       57

PRECIPITATION (IN)
  YESTERDAY        0.00          2.23 1919   0.09  -0.09     0.07
  MONTH TO DATE    3.51                      3.27   0.24     0.80
  SINCE SEP 1     10.42                      6.94   3.48     2.09
  SINCE JAN 1     35.65                     37.43  -1.78    33.40

DEGREE DAYS
 HEATING
  YESTERDAY        5                        11     -6        8
  MONTH TO DATE   84                       195   -111      109
  SINCE SEP 1     95                       241   -146      115
  SINCE JUL 1     95                       242   -147      115

 COOLING
  YESTERDAY        0                         0      0        0
  MONTH TO DATE   67                        31     36       43
  SINCE SEP 1    328                       224    104      293
  SINCE JAN 1   1809                      1528    281     1612
..................................................................


WIND (MPH)
  HIGHEST WIND SPEED     9   HIGHEST WIND DIRECTION     S (160)
  HIGHEST GUST SPEED    12   HIGHEST GUST DIRECTION    NE (60)
  AVERAGE WIND SPEED     4.4


SKY COVER
  POSSIBLE SUNSHINE  MM
  AVERAGE SKY COVER 0.4


WEATHER CONDITIONS
 THE FOLLOWING WEATHER WAS RECORDED YESTERDAY.
  FOG
  FOG W/VISIBILITY <= 1/4 MILE
  HAZE


RELATIVE HUMIDITY (PERCENT)
 HIGHEST   100           400 AM
 LOWEST     70           300 PM
 AVERAGE    85

..........................................................


THE CHANUTE KS CLIMATE NORMALS FOR TODAY
                         NORMAL    RECORD    YEAR
 MAXIMUM TEMPERATURE (F)   65        85      1927
 MINIMUM TEMPERATURE (F)   44        19      1925


SUNRISE AND SUNSET
OCTOBER 28 2016.......SUNRISE   744 AM CDT   SUNSET   627 PM CDT
OCTOBER 29 2016.......SUNRISE   745 AM CDT   SUNSET   626 PM CDT


-  INDICATES NEGATIVE NUMBERS.
R  INDICATES RECORD WAS SET OR TIED.
MM INDICATES DATA IS MISSING.
T  INDICATES TRACE AMOUNT.




$$
