000
CDUS43 KICT 280719
CLICNU

CLIMATE REPORT
NATIONAL WEATHER SERVICE WICHITA KS
217 AM CDT TUE OCT 28 2014


...................................

...THE CHANUTE KS CLIMATE SUMMARY FOR OCTOBER 27 2014...

CLIMATE NORMAL PERIOD 1981 TO 2010
CLIMATE RECORD PERIOD 1894 TO 2014


WEATHER ITEM   OBSERVED TIME   RECORD YEAR NORMAL DEPARTURE LAST
                VALUE   (LST)  VALUE       VALUE  FROM      YEAR
                                                  NORMAL
..................................................................
TEMPERATURE (F)
 YESTERDAY
  MAXIMUM         78    151 PM  87    1927  66     12       64
  MINIMUM         57   1159 PM  24    1957  44     13       29
  AVERAGE         68                        55     13       47

PRECIPITATION (IN)
  YESTERDAY        T             2.23 1919   0.09  -0.09     0.00
  MONTH TO DATE    4.58                      3.27   1.31     2.89
  SINCE SEP 1      7.68                      6.94   0.74     5.91
  SINCE JAN 1     28.16                     37.43  -9.27    41.53

DEGREE DAYS
 HEATING
  YESTERDAY        0                        11    -11       18
  MONTH TO DATE  124                       195    -71      245
  SINCE SEP 1    154                       241    -87      261
  SINCE JUL 1    155                       242    -87      261

 COOLING
  YESTERDAY        3                         0      3        0
  MONTH TO DATE   38                        31      7       37
  SINCE SEP 1    224                       224      0      291
  SINCE JAN 1   1512                      1528    -16     1558
..................................................................


WIND (MPH)
  HIGHEST WIND SPEED    28   HIGHEST WIND DIRECTION     S (190)
  HIGHEST GUST SPEED    34   HIGHEST GUST DIRECTION     S (190)
  AVERAGE WIND SPEED    15.5


SKY COVER
  POSSIBLE SUNSHINE  MM
  AVERAGE SKY COVER 0.2


WEATHER CONDITIONS
 THE FOLLOWING WEATHER WAS RECORDED YESTERDAY.
  NO SIGNIFICANT WEATHER WAS OBSERVED.


RELATIVE HUMIDITY (PERCENT)
 HIGHEST    73           400 AM
 LOWEST     54           100 PM
 AVERAGE    64

..........................................................


THE CHANUTE KS CLIMATE NORMALS FOR TODAY
                         NORMAL    RECORD    YEAR
 MAXIMUM TEMPERATURE (F)   65        85      1927
 MINIMUM TEMPERATURE (F)   44        19      1925


SUNRISE AND SUNSET
OCTOBER 28 2014.......SUNRISE   743 AM CDT   SUNSET   628 PM CDT
OCTOBER 29 2014.......SUNRISE   744 AM CDT   SUNSET   627 PM CDT


-  INDICATES NEGATIVE NUMBERS.
R  INDICATES RECORD WAS SET OR TIED.
MM INDICATES DATA IS MISSING.
T  INDICATES TRACE AMOUNT.




$$
