000
CDUS43 KICT 300641
CLICNU


CLIMATE REPORT
NATIONAL WEATHER SERVICE WICHITA KS
139 AM CDT WED MAR 30 2016


...................................

...THE CHANUTE KS CLIMATE SUMMARY FOR MARCH 29 2016...

CLIMATE NORMAL PERIOD 1981 TO 2010
CLIMATE RECORD PERIOD 1894 TO 2016


WEATHER ITEM   OBSERVED TIME   RECORD YEAR NORMAL DEPARTURE LAST
                VALUE   (LST)  VALUE       VALUE  FROM      YEAR
                                                  NORMAL
..................................................................
TEMPERATURE (F)
 YESTERDAY
  MAXIMUM         72    354 PM  85    1967  63      9       73
  MINIMUM         45    620 AM  15    1944  40      5       40
  AVERAGE         59                        51      8       57

PRECIPITATION (IN)
  YESTERDAY        0.00          1.81 1980   0.11  -0.11     0.00
  MONTH TO DATE    1.31                      2.81  -1.50     0.55
  SINCE MAR 1      1.31                      2.81  -1.50     0.55
  SINCE JAN 1      2.39                      5.97  -3.58     1.86

DEGREE DAYS
 HEATING
  YESTERDAY        6                        14     -8        8
  MONTH TO DATE  377                       532   -155      479
  SINCE MAR 1    377                       532   -155      479
  SINCE JUL 1   3342                      4104   -762     4169

 COOLING
  YESTERDAY        0                         0      0        0
  MONTH TO DATE    0                         0      0        0
  SINCE MAR 1      0                         0      0        0
  SINCE JAN 1      0                         0      0        0
..................................................................


WIND (MPH)
  HIGHEST WIND SPEED    25   HIGHEST WIND DIRECTION    SE (150)
  HIGHEST GUST SPEED    34   HIGHEST GUST DIRECTION    SE (150)
  AVERAGE WIND SPEED    15.4


SKY COVER
  POSSIBLE SUNSHINE  MM
  AVERAGE SKY COVER 0.2


WEATHER CONDITIONS
 THE FOLLOWING WEATHER WAS RECORDED YESTERDAY.
  NO SIGNIFICANT WEATHER WAS OBSERVED.


RELATIVE HUMIDITY (PERCENT)
 HIGHEST    58           500 AM
 LOWEST     19           400 PM
 AVERAGE    39

..........................................................


THE CHANUTE KS CLIMATE NORMALS FOR TODAY
                         NORMAL    RECORD    YEAR
 MAXIMUM TEMPERATURE (F)   63        83      1968
 MINIMUM TEMPERATURE (F)   40        16      1964


SUNRISE AND SUNSET
MARCH 30 2016.........SUNRISE   710 AM CDT   SUNSET   743 PM CDT
MARCH 31 2016.........SUNRISE   708 AM CDT   SUNSET   744 PM CDT


-  INDICATES NEGATIVE NUMBERS.
R  INDICATES RECORD WAS SET OR TIED.
MM INDICATES DATA IS MISSING.
T  INDICATES TRACE AMOUNT.




$$
