000
CDUS43 KICT 260640
CLICNU


CLIMATE REPORT
NATIONAL WEATHER SERVICE WICHITA KS
140 AM CDT TUE MAY 26 2015


...................................

...THE CHANUTE KS CLIMATE SUMMARY FOR MAY 25 2015...

CLIMATE NORMAL PERIOD 1981 TO 2010
CLIMATE RECORD PERIOD 1894 TO 2015


WEATHER ITEM   OBSERVED TIME   RECORD YEAR NORMAL DEPARTURE LAST
                VALUE   (LST)  VALUE       VALUE  FROM      YEAR
                                                  NORMAL
..................................................................
TEMPERATURE (F)
 YESTERDAY
  MAXIMUM         81    218 PM  92    1964  78      3       84
  MINIMUM         60    308 AM  38    1925  59      1       64
  AVERAGE         71                        68      3       74

PRECIPITATION (IN)
  YESTERDAY        0.25          2.88 1982   0.20   0.05     0.71
  MONTH TO DATE    9.55                      4.49   5.06     4.67
  SINCE MAR 1     14.63                     11.93   2.70     7.64
  SINCE JAN 1     15.94                     15.09   0.85     8.61

DEGREE DAYS
 HEATING
  YESTERDAY        0                         1     -1        0
  MONTH TO DATE   78                        70      8       97
  SINCE MAR 1    760                       900   -140     1070
  SINCE JUL 1   4450                      4472    -22     5090

 COOLING
  YESTERDAY        6                         5      1        9
  MONTH TO DATE   68                        70     -2      131
  SINCE MAR 1     90                       101    -11      147
  SINCE JAN 1     90                       101    -11      147
..................................................................


WIND (MPH)
  HIGHEST WIND SPEED    30   HIGHEST WIND DIRECTION     S (160)
  HIGHEST GUST SPEED    37   HIGHEST GUST DIRECTION     S (170)
  AVERAGE WIND SPEED    12.5


SKY COVER
  POSSIBLE SUNSHINE  MM
  AVERAGE SKY COVER 0.6


WEATHER CONDITIONS
 THE FOLLOWING WEATHER WAS RECORDED YESTERDAY.
  THUNDERSTORM
  HEAVY RAIN
  RAIN
  LIGHT RAIN
  FOG


RELATIVE HUMIDITY (PERCENT)
 HIGHEST   100          1200 AM
 LOWEST     62           200 PM
 AVERAGE    81

..........................................................


THE CHANUTE KS CLIMATE NORMALS FOR TODAY
                         NORMAL    RECORD    YEAR
 MAXIMUM TEMPERATURE (F)   78        94      1953
 MINIMUM TEMPERATURE (F)   59        40      1901


SUNRISE AND SUNSET
MAY 26 2015...........SUNRISE   605 AM CDT   SUNSET   833 PM CDT
MAY 27 2015...........SUNRISE   604 AM CDT   SUNSET   834 PM CDT


-  INDICATES NEGATIVE NUMBERS.
R  INDICATES RECORD WAS SET OR TIED.
MM INDICATES DATA IS MISSING.
T  INDICATES TRACE AMOUNT.




$$
