294
CDUS43 KICT 180732
CLICNU


CLIMATE REPORT
NATIONAL WEATHER SERVICE WICHITA KS
131 AM CST SUN FEB 18 2018


...................................

...THE CHANUTE KS CLIMATE SUMMARY FOR FEBRUARY 17 2018...

CLIMATE NORMAL PERIOD 1981 TO 2010
CLIMATE RECORD PERIOD 1894 TO 2018


WEATHER ITEM   OBSERVED TIME   RECORD YEAR NORMAL DEPARTURE LAST
                VALUE   (LST)  VALUE       VALUE  FROM      YEAR
                                                  NORMAL
..................................................................
TEMPERATURE (F)
 YESTERDAY
  MAXIMUM         60    402 PM  78    2011  49     11       73
  MINIMUM         30   1159 PM -11    1903  27      3       40
  AVERAGE         45                        38      7       57

PRECIPITATION (IN)
  YESTERDAY        0.21          1.17 1961   0.07   0.14     0.00
  MONTH TO DATE    0.22                      1.03  -0.81      T
  SINCE DEC 1      1.07                      4.04  -2.97     2.62
  SINCE JAN 1      0.83                      2.29  -1.46     1.84

DEGREE DAYS
 HEATING
  YESTERDAY       20                        27     -7        8
  MONTH TO DATE  538                       498     40      359
  SINCE DEC 1   2378                      2445    -67     2143
  SINCE JUL 1   3079                      3297   -218     2621

 COOLING
  YESTERDAY        0                         0      0        0
  MONTH TO DATE    0                         0      0        3
  SINCE DEC 1      0                         0      0        3
  SINCE JAN 1      0                         0      0        3
..................................................................


WIND (MPH)
  HIGHEST WIND SPEED    22   HIGHEST WIND DIRECTION    NW (330)
  HIGHEST GUST SPEED    29   HIGHEST GUST DIRECTION     N (350)
  AVERAGE WIND SPEED     8.6


SKY COVER
  POSSIBLE SUNSHINE  MM
  AVERAGE SKY COVER 0.4


WEATHER CONDITIONS
 THE FOLLOWING WEATHER WAS RECORDED YESTERDAY.
  LIGHT RAIN
  FOG


RELATIVE HUMIDITY (PERCENT)
 HIGHEST   100           600 AM
 LOWEST     21           400 PM
 AVERAGE    61

..........................................................


THE CHANUTE KS CLIMATE NORMALS FOR TODAY
                         NORMAL    RECORD    YEAR
 MAXIMUM TEMPERATURE (F)   49        77      2016
 MINIMUM TEMPERATURE (F)   28        -5      1993


SUNRISE AND SUNSET
FEBRUARY 18 2018......SUNRISE   708 AM CST   SUNSET   604 PM CST
FEBRUARY 19 2018......SUNRISE   706 AM CST   SUNSET   605 PM CST


-  INDICATES NEGATIVE NUMBERS.
R  INDICATES RECORD WAS SET OR TIED.
MM INDICATES DATA IS MISSING.
T  INDICATES TRACE AMOUNT.




$$
