000
CDUS43 KICT 040644
CLICNU


CLIMATE REPORT
NATIONAL WEATHER SERVICE WICHITA KS
1243 AM CST THU DEC 4 2014


...................................

...THE CHANUTE KS CLIMATE SUMMARY FOR DECEMBER 3 2014...

CLIMATE NORMAL PERIOD 1981 TO 2010
CLIMATE RECORD PERIOD 1894 TO 2014


WEATHER ITEM   OBSERVED TIME   RECORD YEAR NORMAL DEPARTURE LAST
                VALUE   (LST)  VALUE       VALUE  FROM      YEAR
                                                  NORMAL
..................................................................
TEMPERATURE (F)
 YESTERDAY
  MAXIMUM         45    135 PM  72    2012  48     -3       55
  MINIMUM         21    441 AM   5    2006  28     -7       35
  AVERAGE         33                        38     -5       45

PRECIPITATION (IN)
  YESTERDAY        0.00          1.06 1973   0.06  -0.06     0.00
  MONTH TO DATE    0.00                      0.21  -0.21     0.00
  SINCE DEC 1      0.00                      0.21  -0.21     0.00
  SINCE JAN 1     29.51                     40.53 -11.02    47.59

DEGREE DAYS
 HEATING
  YESTERDAY       32                        27      5       20
  MONTH TO DATE  106                        80     26       59
  SINCE DEC 1    106                        80     26       59
  SINCE JUL 1   1048                       932    116      979

 COOLING
  YESTERDAY        0                         0      0        0
  MONTH TO DATE    0                         0      0        0
  SINCE DEC 1      0                         0      0        0
  SINCE JAN 1   1512                      1532    -20     1560
..................................................................


WIND (MPH)
  HIGHEST WIND SPEED    16   HIGHEST WIND DIRECTION     E (70)
  HIGHEST GUST SPEED    20   HIGHEST GUST DIRECTION     E (70)
  AVERAGE WIND SPEED     5.6


SKY COVER
  POSSIBLE SUNSHINE  MM
  AVERAGE SKY COVER 0.2


WEATHER CONDITIONS
 THE FOLLOWING WEATHER WAS RECORDED YESTERDAY.
  NO SIGNIFICANT WEATHER WAS OBSERVED.


RELATIVE HUMIDITY (PERCENT)
 HIGHEST    96           300 AM
 LOWEST     40           100 PM
 AVERAGE    68

..........................................................


THE CHANUTE KS CLIMATE NORMALS FOR TODAY
                         NORMAL    RECORD    YEAR
 MAXIMUM TEMPERATURE (F)   47        73      1916
 MINIMUM TEMPERATURE (F)   28         8      2006


SUNRISE AND SUNSET
DECEMBER  4 2014......SUNRISE   721 AM CST   SUNSET   503 PM CST
DECEMBER  5 2014......SUNRISE   722 AM CST   SUNSET   503 PM CST


-  INDICATES NEGATIVE NUMBERS.
R  INDICATES RECORD WAS SET OR TIED.
MM INDICATES DATA IS MISSING.
T  INDICATES TRACE AMOUNT.




$$

JMBW
