000
CDUS43 KICT 280628
CLICNU


CLIMATE REPORT
NATIONAL WEATHER SERVICE WICHITA KS
126 AM CDT MON MAR 28 2016


...................................

...THE CHANUTE KS CLIMATE SUMMARY FOR MARCH 27 2016...

CLIMATE NORMAL PERIOD 1981 TO 2010
CLIMATE RECORD PERIOD 1894 TO 2016


WEATHER ITEM   OBSERVED TIME   RECORD YEAR NORMAL DEPARTURE LAST
                VALUE   (LST)  VALUE       VALUE  FROM      YEAR
                                                  NORMAL
..................................................................
TEMPERATURE (F)
 YESTERDAY
  MAXIMUM         54    510 PM  86    1910  62     -8       51
  MINIMUM         34   1102 PM  17    1955  39     -5       38
  AVERAGE         44                        51     -7       45

PRECIPITATION (IN)
  YESTERDAY        0.67          0.97 1975   0.11   0.56      T
  MONTH TO DATE    1.31                      2.59  -1.28     0.55
  SINCE MAR 1      1.31                      2.59  -1.28     0.55
  SINCE JAN 1      2.39                      5.75  -3.36     1.86

DEGREE DAYS
 HEATING
  YESTERDAY       21                        15      6       20
  MONTH TO DATE  355                       504   -149      457
  SINCE MAR 1    355                       504   -149      457
  SINCE JUL 1   3320                      4076   -756     4147

 COOLING
  YESTERDAY        0                         0      0        0
  MONTH TO DATE    0                         0      0        0
  SINCE MAR 1      0                         0      0        0
  SINCE JAN 1      0                         0      0        0
..................................................................


WIND (MPH)
  HIGHEST WIND SPEED    24   HIGHEST WIND DIRECTION    NW (300)
  HIGHEST GUST SPEED    30   HIGHEST GUST DIRECTION    NW (300)
  AVERAGE WIND SPEED    10.6


SKY COVER
  POSSIBLE SUNSHINE  MM
  AVERAGE SKY COVER 0.6


WEATHER CONDITIONS
 THE FOLLOWING WEATHER WAS RECORDED YESTERDAY.
  RAIN
  LIGHT RAIN
  LIGHT SNOW
  FOG


RELATIVE HUMIDITY (PERCENT)
 HIGHEST    92           500 AM
 LOWEST     41           500 PM
 AVERAGE    67

..........................................................


THE CHANUTE KS CLIMATE NORMALS FOR TODAY
                         NORMAL    RECORD    YEAR
 MAXIMUM TEMPERATURE (F)   62        86      1963
 MINIMUM TEMPERATURE (F)   40        11      1899


SUNRISE AND SUNSET
MARCH 28 2016.........SUNRISE   713 AM CDT   SUNSET   742 PM CDT
MARCH 29 2016.........SUNRISE   711 AM CDT   SUNSET   743 PM CDT


-  INDICATES NEGATIVE NUMBERS.
R  INDICATES RECORD WAS SET OR TIED.
MM INDICATES DATA IS MISSING.
T  INDICATES TRACE AMOUNT.




$$
