000
CDUS43 KICT 310630
CLICNU


CLIMATE REPORT
NATIONAL WEATHER SERVICE WICHITA KS
130 AM CDT MON OCT 31 2016


...................................

...THE CHANUTE KS CLIMATE SUMMARY FOR OCTOBER 30 2016...

CLIMATE NORMAL PERIOD 1981 TO 2010
CLIMATE RECORD PERIOD 1894 TO 2016


WEATHER ITEM   OBSERVED TIME   RECORD YEAR NORMAL DEPARTURE LAST
                VALUE   (LST)  VALUE       VALUE  FROM      YEAR
                                                  NORMAL
..................................................................
TEMPERATURE (F)
 YESTERDAY
  MAXIMUM         67    258 PM  90    1937  65      2       50
  MINIMUM         57    932 AM  22    1993  43     14       29
  AVERAGE         62                        54      8       40

PRECIPITATION (IN)
  YESTERDAY        0.00          4.95 1961   0.10  -0.10     0.64
  MONTH TO DATE    3.51                      3.57  -0.06     1.44
  SINCE SEP 1     10.42                      7.24   3.18     2.73
  SINCE JAN 1     35.65                     37.73  -2.08    34.04

DEGREE DAYS
 HEATING
  YESTERDAY        3                        12     -9       25
  MONTH TO DATE   87                       229   -142      161
  SINCE SEP 1     98                       275   -177      167
  SINCE JUL 1     98                       276   -178      167

 COOLING
  YESTERDAY        0                         0      0        0
  MONTH TO DATE   80                        31     49       43
  SINCE SEP 1    341                       224    117      293
  SINCE JAN 1   1822                      1528    294     1612
..................................................................


WIND (MPH)
  HIGHEST WIND SPEED    17   HIGHEST WIND DIRECTION     N (360)
  HIGHEST GUST SPEED    23   HIGHEST GUST DIRECTION     N (360)
  AVERAGE WIND SPEED     9.0


SKY COVER
  POSSIBLE SUNSHINE  MM
  AVERAGE SKY COVER 0.8


WEATHER CONDITIONS
 THE FOLLOWING WEATHER WAS RECORDED YESTERDAY.
  FOG


RELATIVE HUMIDITY (PERCENT)
 HIGHEST    93           500 AM
 LOWEST     67           100 PM
 AVERAGE    80

..........................................................


THE CHANUTE KS CLIMATE NORMALS FOR TODAY
                         NORMAL    RECORD    YEAR
 MAXIMUM TEMPERATURE (F)   64        86      1950
 MINIMUM TEMPERATURE (F)   43        17      1993


SUNRISE AND SUNSET
OCTOBER 31 2016.......SUNRISE   747 AM CDT   SUNSET   624 PM CDT
NOVEMBER  1 2016......SUNRISE   748 AM CDT   SUNSET   623 PM CDT


-  INDICATES NEGATIVE NUMBERS.
R  INDICATES RECORD WAS SET OR TIED.
MM INDICATES DATA IS MISSING.
T  INDICATES TRACE AMOUNT.




$$
