000
CDUS43 KICT 240639
CLICNU


CLIMATE REPORT
NATIONAL WEATHER SERVICE WICHITA KS
1239 AM CST SUN JAN 24 2016


...................................

...THE CHANUTE KS CLIMATE SUMMARY FOR JANUARY 23 2016...

CLIMATE NORMAL PERIOD 1981 TO 2010
CLIMATE RECORD PERIOD 1894 TO 2016


WEATHER ITEM   OBSERVED TIME   RECORD YEAR NORMAL DEPARTURE LAST
                VALUE   (LST)  VALUE       VALUE  FROM      YEAR
                                                  NORMAL
..................................................................
TEMPERATURE (F)
 YESTERDAY
  MAXIMUM         33    513 PM  71    1967  43    -10       48
  MINIMUM         22    800 AM  -6    1963  23     -1       16
  AVERAGE         28                        33     -5       32

PRECIPITATION (IN)
  YESTERDAY        0.00          0.76 1949   0.04  -0.04     0.00
  MONTH TO DATE    0.68                      0.90  -0.22     0.20
  SINCE DEC 1      4.23                      2.65   1.58     2.57
  SINCE JAN 1      0.68                      0.90  -0.22     0.20

DEGREE DAYS
 HEATING
  YESTERDAY       37                        32      5       33
  MONTH TO DATE  794                       756     38      785
  SINCE DEC 1   1506                      1697   -191     1620
  SINCE JUL 1   2149                      2549   -400     2562

 COOLING
  YESTERDAY        0                         0      0        0
  MONTH TO DATE    0                         0      0        0
  SINCE DEC 1      0                         0      0        0
  SINCE JAN 1      0                         0      0        0
..................................................................


WIND (MPH)
  HIGHEST WIND SPEED    15   HIGHEST WIND DIRECTION    SE (150)
  HIGHEST GUST SPEED    20   HIGHEST GUST DIRECTION    SE (140)
  AVERAGE WIND SPEED     7.3


SKY COVER
  POSSIBLE SUNSHINE  MM
  AVERAGE SKY COVER 0.7


WEATHER CONDITIONS
 THE FOLLOWING WEATHER WAS RECORDED YESTERDAY.
  FOG
  HAZE


RELATIVE HUMIDITY (PERCENT)
 HIGHEST    96           600 AM
 LOWEST     75           500 PM
 AVERAGE    86

..........................................................


THE CHANUTE KS CLIMATE NORMALS FOR TODAY
                         NORMAL    RECORD    YEAR
 MAXIMUM TEMPERATURE (F)   43        75      1950
 MINIMUM TEMPERATURE (F)   23        -6      1963


SUNRISE AND SUNSET
JANUARY 24 2016.......SUNRISE   732 AM CST   SUNSET   536 PM CST
JANUARY 25 2016.......SUNRISE   731 AM CST   SUNSET   537 PM CST


-  INDICATES NEGATIVE NUMBERS.
R  INDICATES RECORD WAS SET OR TIED.
MM INDICATES DATA IS MISSING.
T  INDICATES TRACE AMOUNT.




$$
