000
CDUS43 KICT 290625
CLICNU

CLIMATE REPORT
NATIONAL WEATHER SERVICE WICHITA KS
124 AM CDT WED OCT 29 2014


...................................

...THE CHANUTE KS CLIMATE SUMMARY FOR OCTOBER 28 2014...

CLIMATE NORMAL PERIOD 1981 TO 2010
CLIMATE RECORD PERIOD 1894 TO 2014


WEATHER ITEM   OBSERVED TIME   RECORD YEAR NORMAL DEPARTURE LAST
                VALUE   (LST)  VALUE       VALUE  FROM      YEAR
                                                  NORMAL
..................................................................
TEMPERATURE (F)
 YESTERDAY
  MAXIMUM         66    112 PM  85    1927  65      1       63
  MINIMUM         41    652 AM  19    1925  44     -3       37
  AVERAGE         54                        54      0       50

PRECIPITATION (IN)
  YESTERDAY        0.00          1.60 1929   0.10  -0.10     0.02
  MONTH TO DATE    4.58                      3.37   1.21     2.91
  SINCE SEP 1      7.68                      7.04   0.64     5.93
  SINCE JAN 1     28.16                     37.53  -9.37    41.55

DEGREE DAYS
 HEATING
  YESTERDAY       11                        11      0       15
  MONTH TO DATE  135                       206    -71      260
  SINCE SEP 1    165                       252    -87      276
  SINCE JUL 1    166                       253    -87      276

 COOLING
  YESTERDAY        0                         0      0        0
  MONTH TO DATE   38                        31      7       37
  SINCE SEP 1    224                       224      0      291
  SINCE JAN 1   1512                      1528    -16     1558
..................................................................


WIND (MPH)
  HIGHEST WIND SPEED    20   HIGHEST WIND DIRECTION     N (350)
  HIGHEST GUST SPEED    25   HIGHEST GUST DIRECTION     N (360)
  AVERAGE WIND SPEED     4.6


SKY COVER
  POSSIBLE SUNSHINE  MM
  AVERAGE SKY COVER 0.2


WEATHER CONDITIONS
 THE FOLLOWING WEATHER WAS RECORDED YESTERDAY.
  HAZE


RELATIVE HUMIDITY (PERCENT)
 HIGHEST    93           700 AM
 LOWEST     34           200 PM
 AVERAGE    64

..........................................................


THE CHANUTE KS CLIMATE NORMALS FOR TODAY
                         NORMAL    RECORD    YEAR
 MAXIMUM TEMPERATURE (F)   65        90      1937
 MINIMUM TEMPERATURE (F)   43        20      1910


SUNRISE AND SUNSET
OCTOBER 29 2014.......SUNRISE   744 AM CDT   SUNSET   627 PM CDT
OCTOBER 30 2014.......SUNRISE   745 AM CDT   SUNSET   626 PM CDT


-  INDICATES NEGATIVE NUMBERS.
R  INDICATES RECORD WAS SET OR TIED.
MM INDICATES DATA IS MISSING.
T  INDICATES TRACE AMOUNT.




$$
