000
CDUS43 KICT 160632
CLICNU


CLIMATE REPORT
NATIONAL WEATHER SERVICE WICHITA KS
132 AM CDT SAT APR 16 2016


...................................

...THE CHANUTE KS CLIMATE SUMMARY FOR APRIL 15 2016...

CLIMATE NORMAL PERIOD 1981 TO 2010
CLIMATE RECORD PERIOD 1894 TO 2016


WEATHER ITEM   OBSERVED TIME   RECORD YEAR NORMAL DEPARTURE LAST
                VALUE   (LST)  VALUE       VALUE  FROM      YEAR
                                                  NORMAL
..................................................................
TEMPERATURE (F)
 YESTERDAY
  MAXIMUM         74    448 PM  91    1936  68      6       63
  MINIMUM         48    555 AM  23    2014  46      2       50
  AVERAGE         61                        57      4       57

PRECIPITATION (IN)
  YESTERDAY        0.00          1.99 1973   0.15  -0.15      T
  MONTH TO DATE    1.18                      1.98  -0.80     3.35
  SINCE MAR 1      2.59                      5.02  -2.43     3.90
  SINCE JAN 1      3.67                      8.18  -4.51     5.21

DEGREE DAYS
 HEATING
  YESTERDAY        4                         9     -5        8
  MONTH TO DATE  132                       167    -35      102
  SINCE MAR 1    520                       726   -206      597
  SINCE JUL 1   3485                      4298   -813     4287

 COOLING
  YESTERDAY        0                         1     -1        0
  MONTH TO DATE    9                        11     -2       20
  SINCE MAR 1      9                        15     -6       20
  SINCE JAN 1      9                        15     -6       20
..................................................................


WIND (MPH)
  HIGHEST WIND SPEED    20   HIGHEST WIND DIRECTION    SE (130)
  HIGHEST GUST SPEED    32   HIGHEST GUST DIRECTION    SE (120)
  AVERAGE WIND SPEED    11.5


SKY COVER
  POSSIBLE SUNSHINE  MM
  AVERAGE SKY COVER 0.2


WEATHER CONDITIONS
 THE FOLLOWING WEATHER WAS RECORDED YESTERDAY.
  NO SIGNIFICANT WEATHER WAS OBSERVED.


RELATIVE HUMIDITY (PERCENT)
 HIGHEST    86           200 AM
 LOWEST     49           100 PM
 AVERAGE    68

..........................................................


THE CHANUTE KS CLIMATE NORMALS FOR TODAY
                         NORMAL    RECORD    YEAR
 MAXIMUM TEMPERATURE (F)   68        88      2006
 MINIMUM TEMPERATURE (F)   46        24      1953


SUNRISE AND SUNSET
APRIL 16 2016.........SUNRISE   645 AM CDT   SUNSET   759 PM CDT
APRIL 17 2016.........SUNRISE   643 AM CDT   SUNSET   800 PM CDT


-  INDICATES NEGATIVE NUMBERS.
R  INDICATES RECORD WAS SET OR TIED.
MM INDICATES DATA IS MISSING.
T  INDICATES TRACE AMOUNT.




$$
